000
CXUS51 KCLE 011412
CLMCLE
CLIMATE REPORT
NATIONAL WEATHER SERVICE CLEVELAND, OH
1012 AM EDT MON MAY 01 2023
...................................
...THE CLEVELAND OH CLIMATE SUMMARY FOR THE MONTH OF APRIL 2023...
CLIMATE NORMAL PERIOD 1991 TO 2020
CLIMATE RECORD PERIOD 1871 TO 2023
WEATHER OBSERVED NORMAL DEPART LAST YEAR`S
VALUE DATE(S) VALUE FROM VALUE
NORMAL
..............................................................
TEMPERATURE (F)
RECORD
HIGH 88 04/28/1986
04/30/1942
04/24/1925
LOW 10 04/01/1964
HIGHEST 83 04/20
LOWEST 30 04/09
AVG. MAXIMUM 62.9 60.1 2.8 56.0
AVG. MINIMUM 41.4 40.8 0.6 40.1
MEAN 52.1 50.4 1.7 48.1
DAYS MAX >= 90 0 0.0 0.0 0
DAYS MAX <= 32 0 0.2 -0.2 0
DAYS MIN <= 32 7 6.3 0.7 7
DAYS MIN <= 0 0 0.0 0.0 0
PRECIPITATION (INCHES)
RECORD
MAXIMUM 6.89 2011
MINIMUM 0.65 1915
TOTALS 2.45 3.75 -1.30 3.47
DAYS >= .01 9 14.8 -5.8 16
DAYS >= .10 6 8.2 -2.2 12
DAYS >= .50 1 2.3 -1.3 2
DAYS >= 1.00 0 0.8 -0.8 0
GREATEST
24 HR. TOTAL 1.01 04/21 TO 04/22 0.81
SNOWFALL (INCHES)
RECORDS
TOTAL 19.0 2005
TOTALS T 2.7 -2.7 2.7
SINCE 7/1 22.7 63.8 -41.1 53.0
DAYS >= 1.0 0 0.8 -0.8 2
GREATEST
24 HR TOTAL T 04/24 TO 04/24
04/18 TO 04/18
04/17 TO 04/17
DEGREE DAYS
HEATING TOTAL 399 447 -48 515
SINCE 7/1 4727 5305 -578 5143
COOLING TOTAL 19 10 9 14
SINCE 1/1 19 12 7 14
..............................................................
WIND (MPH)
AVERAGE WIND SPEED 9.4
HIGHEST WIND SPEED/DIRECTION 43/270 DATE 04/01
HIGHEST GUST SPEED/DIRECTION 56/270 DATE 04/01
SKY COVER
AVERAGE SKY COVER 0.62
AVERAGE RH (PERCENT) 55
WEATHER CONDITIONS. NUMBER OF DAYS WITH
THUNDERSTORM 3 MIXED PRECIP 0
HEAVY RAIN 5 RAIN 6
LIGHT RAIN 13 FREEZING RAIN 0
LT FREEZING RAIN 0 HAIL 0
HEAVY SNOW 0 SNOW 0
LIGHT SNOW 4 SLEET 0
FOG 11 FOG W/VIS <= 1/4 MILE 0
HAZE 6
- INDICATES NEGATIVE NUMBERS.
R INDICATES RECORD WAS SET OR TIED.
MM INDICATES DATA IS MISSING.
T INDICATES TRACE AMOUNT.
$$