000
CXUS51 KCLE 021729
CLMCLE
CLIMATE REPORT
NATIONAL WEATHER SERVICE CLEVELAND, OH
1229 PM EST TUE JAN 02 2024
...................................
...THE CLEVELAND OH CLIMATE SUMMARY FOR THE MONTH OF DECEMBER 2023...
CLIMATE NORMAL PERIOD 1991 TO 2020
CLIMATE RECORD PERIOD 1871 TO 2024
WEATHER OBSERVED NORMAL DEPART LAST YEAR`S
VALUE DATE(S) VALUE FROM VALUE
NORMAL
..............................................................
TEMPERATURE (F)
RECORD
HIGH 77 12/03/1982
LOW -15 12/22/1989
HIGHEST 63 12/25
LOWEST 25 12/13
12/20
AVG. MAXIMUM 47.4 40.4 7.0 40.6
AVG. MINIMUM 36.6 28.2 8.4 28.5
MEAN 42.0 34.3 7.7 34.6
DAYS MAX >= 90 0 0.0 0.0 0
DAYS MAX <= 32 0 7.9 -7.9 7
DAYS MIN <= 32 9 22.1 -13.1 20
DAYS MIN <= 0 0 0.1 -0.1 2
PRECIPITATION (INCHES)
RECORD
MAXIMUM 8.59 1990
MINIMUM 0.71 1958
TOTALS 3.33 2.99 0.34 1.19
DAYS >= .01 18 15.6 2.4 13
DAYS >= .10 9 7.9 1.1 3
DAYS >= .50 2 1.5 0.5 0
DAYS >= 1.00 0 0.3 -0.3 0
GREATEST
24 HR. TOTAL 0.72 12/27 TO 12/27 0.46
SNOWFALL (INCHES)
RECORDS
TOTAL 35.1 2004
TOTALS 2.2 12.2 -10.0 4.7
SINCE 7/1 6.8 16.8 -10.0 6.5
DAYS >= 1.0 1 3.6 -2.6 1
GREATEST
24 HR TOTAL 1.6 12/18 TO 12/18
DEGREE DAYS
HEATING TOTAL 704 952 -248 936
SINCE 7/1 1662 1984 -322 1935
COOLING TOTAL 0 0 0 0
SINCE 1/1 748 947 -199 996
..............................................................
WIND (MPH)
AVERAGE WIND SPEED 8.4
HIGHEST WIND SPEED/DIRECTION 29/230 DATE 12/03
HIGHEST GUST SPEED/DIRECTION 40/290 DATE 12/18
SKY COVER
AVERAGE SKY COVER 0.83
AVERAGE RH (PERCENT) 73
WEATHER CONDITIONS. NUMBER OF DAYS WITH
THUNDERSTORM 0 MIXED PRECIP 1
HEAVY RAIN 1 RAIN 3
LIGHT RAIN 18 FREEZING RAIN 0
LT FREEZING RAIN 0 HAIL 0
HEAVY SNOW 1 SNOW 1
LIGHT SNOW 6 SLEET 1
FOG 18 FOG W/VIS <= 1/4 MILE 4
HAZE 0
- INDICATES NEGATIVE NUMBERS.
R INDICATES RECORD WAS SET OR TIED.
MM INDICATES DATA IS MISSING.
T INDICATES TRACE AMOUNT.
$$