000
CXUS54 KHGX 012248
CLMCLL
CLIMATE REPORT
NATIONAL WEATHER SERVICE HOUSTON/GALVESTON TX
548 PM CDT TUE AUG 01 2023
...................................
...THE COLLEGE STATION CLIMATE SUMMARY FOR THE MONTH OF JULY 2023...
CLIMATE NORMAL PERIOD: 1991 TO 2020
CLIMATE RECORD PERIOD: 1888 TO 2023
WEATHER OBSERVED NORMAL DEPART LAST YEAR`S
VALUE DATE(S) VALUE FROM VALUE DATE(S)
NORMAL
................................................................
TEMPERATURE (F)
RECORD
HIGH 111 07/10/2022
LOW 58 07/16/1967
HIGHEST 106 07/31 MM MM 111 07/10
LOWEST 75 07/07 MM MM 76 07/01
07/15
07/16
AVG. MAXIMUM 101.0 95.4 5.6 103.4
AVG. MINIMUM 79.4 74.9 4.5 78.5
MEAN 90.2 85.1 5.1 90.9
DAYS MAX >= 90 31 28.7 2.3 31
DAYS MAX <= 32 0 0.0 0.0 0
DAYS MIN <= 32 0 0.0 0.0 0
DAYS MIN <= 0 0 0.0 0.0 0
PRECIPITATION (INCHES)
RECORD
MAXIMUM 9.30 1902
TOTALS 0.65 1.98 -1.33 0.01
DAILY AVG. 0.02 0.06 -0.04 0.00
DAYS >= .01 2 5.3 -3.3 1
DAYS >= .10 1 3.3 -2.3 0
DAYS >= .50 1 1.4 -0.4 0
DAYS >= 1.00 0 0.5 -0.5 0
GREATEST
24 HR. TOTAL 0.64 07/06 TO 07/06 0.01 07/22 TO 07/22
SNOWFALL (INCHES)
RECORDS
TOTAL MM MM
TOTALS 0.0
SINCE 7/1 0.0
LIQUID 7/1 0.00
DAYS >= TRACE 0
GREATEST
24 HR TOTAL 0.0
DEGREE DAYS
HEATING TOTAL 0 0 0 0
SINCE 7/1 0 0 0 MM
COOLING TOTAL 788 625 163 811
SINCE 1/1 2161 1762 399 MM
................................................................
WIND (MPH)
AVERAGE WIND SPEED 8.0
HIGHEST WIND SPEED/DIRECTION 28/170 DATE 07/06
HIGHEST GUST SPEED/DIRECTION 36/180 DATE 07/06
SKY COVER
AVERAGE SKY COVER 0.16
AVERAGE RH (PERCENT) 59
WEATHER CONDITIONS. NUMBER OF DAYS WITH
THUNDERSTORM 3 MIXED PRECIP 0
HEAVY RAIN 1 RAIN 1
LIGHT RAIN 3 FREEZING RAIN 0
LT FREEZING RAIN 0 HAIL 0
HEAVY SNOW 0 SNOW 0
LIGHT SNOW 0 SLEET 0
FOG 1 FOG W/VIS <= 1/4 MILE 0
HAZE 1
- INDICATES NEGATIVE NUMBERS.
R INDICATES RECORD WAS SET OR TIED.
MM INDICATES DATA IS MISSING.
T INDICATES TRACE AMOUNT.
$$