000
CXUS56 KLOX 011155
CF6CMA
PRELIMINARY LOCAL CLIMATOLOGICAL DATA (WS FORM: F-6)
STATION: CAMARILLO AIRPORT CA
MONTH: JUNE
YEAR: 2023
LATITUDE: 34 12 N
LONGITUDE: 119 6 W
TEMPERATURE IN F: :PCPN: SNOW: WIND :SUNSHINE: SKY :PK WND
================================================================================
1 2 3 4 5 6A 6B 7 8 9 10 11 12 13 14 15 16 17 18
12Z AVG MX 2MIN
DY MAX MIN AVG DEP HDD CDD WTR SNW DPTH SPD SPD DIR MIN PSBL S-S WX SPD DR
================================================================================
1 67 59 63 -1 2 0 0.00 M M 6.1 12 260 M M 10 8 16 270
2 73 56 65 1 0 0 0.00 M M 6.4 16 260 M M 5 8 22 260
3 70 51 61 -3 4 0 0.00 M M 5.4 15 220 M M 3 18 20 210
4 70 59 65 1 0 0 0.00 M M 5.1 15 220 M M 9 18 20 210
5 67 58 63 -1 2 0 0.00 M M 5.5 14 190 M M 10 18 19 200
6 69 57 63 -1 2 0 0.06 M M 4.6 15 200 M M 9 21 230
7 70 57 64 0 1 0 0.00 M M 5.3 14 220 M M 7 22 200
8 72 55 64 -1 1 0 0.00 M M 6.8 15 240 M M 4 30 240
9 68 60 64 -1 1 0 0.00 M M 4.5 12 210 M M M 16 240
10 67 61 64 -1 1 0 T M M 4.7 14 210 M M 10 18 18 210
11 68 60 64 -1 1 0 0.03 M M 5.6 12 240 M M 10 1 16 220
12 69 55 62 -3 3 0 0.00 M M 4.9 15 260 M M 8 20 270
13 71 55 63 -2 2 0 0.00 M M 4.9 15 220 M M 7 20 230
14 68 55 62 -4 3 0 0.00 M M 5.3 14 200 M M 9 1 21 220
15 68 61 65 -1 0 0 0.02 M M 3.7 10 200 M M 10 18 14 230
16 73 60 67 1 0 2 0.00 M M 4.4 15 270 M M 7 19 260
17 74 58 66 0 0 1 0.00 M M 5.4 13 270 M M 3 18 19 240
18 68 61 65 -1 0 0 T M M 4.6 12 240 M M 10 1 16 210
19 72 57 65 -1 0 0 T M M 4.7 14 200 M M 6 18 20 200
20 74 52 63 -3 2 0 0.00 M M 5.2 16 230 M M 0 8 31 240
21 75 53 64 -3 1 0 0.00 M M 4.8 14 240 M M 0 20 240
22 70 58 64 -3 1 0 0.00 M M 7.1 18 280 M M 5 34 260
23 72 54 63 -4 2 0 0.00 M M 6.9 18 270 M M 2 34 260
24 73 51 62 -5 3 0 0.00 M M 5.7 16 260 M M 0 22 240
25 72 56 64 -3 1 0 0.00 M M 5.9 14 260 M M 4 21 250
26 74 56 65 -2 0 0 0.00 M M 6.1 15 260 M M 3 18 21 240
27 73 56 65 -3 0 0 0.00 M M 5.4 14 270 M M 1 18 22 310
28 72 57 65 -3 0 0 0.00 M M 5.2 14 240 M M 4 8 19 240
29 73 54 64 -4 1 0 0.00 M M 4.7 14 260 M M 3 8 20 230
30 72 57 65 -3 0 0 0.00 M M 5.2 13 210 M M 5 18 23 180
================================================================================
SM 2124 1699 34 3 0.11 M 160.1 M 164
================================================================================
AV 70.8 56.6 5.3 FASTST M M 6 MAX(MPH)
MISC ----> # 18 280 # 34 260
================================================================================
NOTES:
# LAST OF SEVERAL OCCURRENCES
COLUMN 17 PEAK WIND IN M.P.H.
PRELIMINARY LOCAL CLIMATOLOGICAL DATA (WS FORM: F-6) , PAGE 2
STATION: CAMARILLO AIRPORT CA
MONTH: JUNE
YEAR: 2023
LATITUDE: 34 12 N
LONGITUDE: 119 6 W
[TEMPERATURE DATA] [PRECIPITATION DATA] SYMBOLS USED IN COLUMN 16
AVERAGE MONTHLY: 63.7 TOTAL FOR MONTH: 0.11 1 = FOG OR MIST
DPTR FM NORMAL: -2.2 DPTR FM NORMAL: -0.02 2 = FOG REDUCING VISIBILITY
HIGHEST: 75 ON 21 GRTST 24HR 0.06 ON 6- 6 TO 1/4 MILE OR LESS
LOWEST: 51 ON 24, 3 3 = THUNDER
SNOW, ICE PELLETS, HAIL 4 = ICE PELLETS
TOTAL MONTH: M 5 = HAIL
GRTST 24HR M ON M 6 = FREEZING RAIN OR DRIZZLE
GRTST DEPTH: M ON M 7 = DUSTSTORM OR SANDSTORM:
VSBY 1/2 MILE OR LESS
8 = SMOKE OR HAZE
[NO. OF DAYS WITH] [WEATHER - DAYS WITH] 9 = BLOWING SNOW
X = TORNADO
MAX 32 OR BELOW: 0 0.01 INCH OR MORE: 3
MAX 90 OR ABOVE: 0 0.10 INCH OR MORE: 0
MIN 32 OR BELOW: 0 0.50 INCH OR MORE: 0
MIN 0 OR BELOW: 0 1.00 INCH OR MORE: 0
[HDD (BASE 65) ]
TOTAL THIS MO. 34 CLEAR (SCALE 0-3) 8
DPTR FM NORMAL 9 PTCLDY (SCALE 4-7) 12
TOTAL FM JUL 1 2018 CLOUDY (SCALE 8-10) 10
DPTR FM NORMAL 467
[CDD (BASE 65) ]
TOTAL THIS MO. 3
DPTR FM NORMAL -47 [PRESSURE DATA]
TOTAL FM JAN 1 8 HIGHEST SLP 30.09 ON 25
DPTR FM NORMAL -102 LOWEST SLP 29.85 ON 4
[REMARKS]
#FINAL-06-23#