000
CXUS53 KILX 012300
CF6CMI
PRELIMINARY LOCAL CLIMATOLOGICAL DATA (WS FORM: F-6)
STATION: CHAMPAIGN IL AIRPORT
MONTH: MAY
YEAR: 2020
LATITUDE: 40 1 N
LONGITUDE: 88 17 W
TEMPERATURE IN F: :PCPN: SNOW: WIND :SUNSHINE: SKY :PK WND
================================================================================
1 2 3 4 5 6A 6B 7 8 9 10 11 12 13 14 15 16 17 18
12Z AVG MX 2MIN
DY MAX MIN AVG DEP HDD CDD WTR SNW DPTH SPD SPD DIR MIN PSBL S-S WX SPD DR
================================================================================
1 68 39 54 -4 11 0 T M M 7.9 14 140 M M 2 18 170
2 82 56 69 11 0 4 0.06 M M 11.0 18 160 M M 4 3 24 160
3 68 49 59 1 6 0 0.02 M M 7.5 22 340 M M 7 13 28 340
4 60 45 53 -6 12 0 0.12 M M 12.8 23 90 M M 3 30 90
5 49 41 45 -14 20 0 0.12 M M 12.7 20 70 M M 10 1 26 70
6 61 36 49 -11 16 0 0.00 M M 11.0 21 330 M M 4 28 330
7 68 43 56 -4 9 0 0.01 M M 12.5 25 280 M M 3 35 270
8 54 33 44 -16 21 0 0.04 M M 14.8 28 20 M M 4 37 20
9 58 29 44 -17 21 0 0.00 M M 8.9 17 260 M M 0 8 23 270
10 57 40 49 -12 16 0 0.01 M M 18.0 35 290 M M 8 45 280
11 52 37 45 -16 20 0 0.00 M M 9.7 20 310 M M 10 24 290
12 63 33 48 -14 17 0 0.00 M M 6.9 16 240 M M 1 25 230
13 59 40 50 -12 15 0 0.00 M M 13.8 23 130 M M 9 18 33 140
14 76 53 65 3 0 0 0.32 M M 16.1 32 200 M M 5 13 42 200
15 73 56 65 2 0 0 0.02 M M 7.5 20 300 M M 6 12 25 290
16 82 56 69 6 0 4 0.99 M M 9.4 33 180 M M 6 123 40 180
17 71 57 64 0 1 0 1.30 M M 12.7 30 160 M M 9 13 42 220
18 65 55 60 -4 5 0 0.01 M M 8.1 14 300 M M 10 1 19 290
19 71 54 63 -1 2 0 0.03 M M 14.3 23 70 M M 10 128 32 70
20 62 55 59 -5 6 0 0.00 M M 13.1 21 80 M M 10 1 28 70
21 63 51 57 -8 8 0 0.00 M M 7.8 15 70 M M 8 1 19 100
22 75 51 63 -2 2 0 0.00 M M 6.3 9 70 M M 7 12 14 130
23 84 59 72 6 0 7 0.05 M M 11.5 22 200 M M 3 3 29 200
24 87 63 75 9 0 10 0.54 M M 10.9 28 170 M M 3 13 40 170
25 86 65 76 10 0 11 0.63 M M 9.5 44 180 M M 3 13 68 180
26 87 65 76 10 0 11 0.11 M M 10.0 28 180 M M 2 18 34 180
27 83 64 74 7 0 9 T M M 10.8 25 180 M M 5 30 170
28 84 63 74 7 0 9 0.08 M M 10.0 25 300 M M 5 1 33 190
29 79 55 67 -1 0 2 0.00 M M 10.8 22 300 M M 5 1 29 300
30 76 49 63 -5 2 0 0.00 M M 8.8 17 320 M M 1 26 320
31 75 52 64 -4 1 0 0.00 M M 7.1 14 60 M M 0 19 70
================================================================================
SM 2178 1544 211 67 4.46 M 332.2 M 163
================================================================================
AV 70.3 49.8 10.7 FASTST M M 5 MAX(MPH)
MISC ----> # 44 180 # 68 180
================================================================================
NOTES:
# LAST OF SEVERAL OCCURRENCES
COLUMN 17 PEAK WIND IN M.P.H.
PRELIMINARY LOCAL CLIMATOLOGICAL DATA (WS FORM: F-6) , PAGE 2
STATION: CHAMPAIGN IL AIRPORT
MONTH: MAY
YEAR: 2020
LATITUDE: 40 1 N
LONGITUDE: 88 17 W
[TEMPERATURE DATA] [PRECIPITATION DATA] SYMBOLS USED IN COLUMN 16
AVERAGE MONTHLY: 60.0 TOTAL FOR MONTH: 4.46 1 = FOG OR MIST
DPTR FM NORMAL: -3.1 DPTR FM NORMAL: -0.09 2 = FOG REDUCING VISIBILITY
HIGHEST: 87 ON 26,24 GRTST 24HR 1.30 ON 17-17 TO 1/4 MILE OR LESS
LOWEST: 29 ON 9 3 = THUNDER
SNOW, ICE PELLETS, HAIL 4 = ICE PELLETS
TOTAL MONTH: M 5 = HAIL
GRTST 24HR M ON M 6 = FREEZING RAIN OR DRIZZLE
GRTST DEPTH: M ON M 7 = DUSTSTORM OR SANDSTORM:
VSBY 1/2 MILE OR LESS
8 = SMOKE OR HAZE
[NO. OF DAYS WITH] [WEATHER - DAYS WITH] 9 = BLOWING SNOW
X = TORNADO
MAX 32 OR BELOW: 0 0.01 INCH OR MORE: 18
MAX 90 OR ABOVE: 0 0.10 INCH OR MORE: 8
MIN 32 OR BELOW: 1 0.50 INCH OR MORE: 4
MIN 0 OR BELOW: 0 1.00 INCH OR MORE: 1
[HDD (BASE 65) ]
TOTAL THIS MO. 211 CLEAR (SCALE 0-3) 9
DPTR FM NORMAL 69 PTCLDY (SCALE 4-7) 14
TOTAL FM JUL 1 5616 CLOUDY (SCALE 8-10) 8
DPTR FM NORMAL -190
[CDD (BASE 65) ]
TOTAL THIS MO. 67
DPTR FM NORMAL -14 [PRESSURE DATA]
TOTAL FM JAN 1 73 HIGHEST SLP 30.34 ON 31
DPTR FM NORMAL -19 LOWEST SLP 29.65 ON 17
[REMARKS]
#FINAL-05-20#