000
CXUS53 KARX 011326
CF6CMY
PRELIMINARY LOCAL CLIMATOLOGICAL DATA (WS FORM: F-6)
STATION: SPARTA - FORT MCCOY WI
MONTH: JANUARY
YEAR: 2023
LATITUDE: 43 58 N
LONGITUDE: 90 44 W
TEMPERATURE IN F: :PCPN: SNOW: WIND :SUNSHINE: SKY :PK WND
================================================================================
1 2 3 4 5 6A 6B 7 8 9 10 11 12 13 14 15 16 17 18
12Z AVG MX 2MIN
DY MAX MIN AVG DEP HDD CDD WTR SNW DPTH SPD SPD DIR MIN PSBL S-S WX SPD DR
================================================================================
1 M M M M M M 0.00 0.0 M M M M M M M M M
2 M M M M M M M M M M M M M M M M M
3 M M M M M M M M M M M M M M M M M
4 M M M M M M M M M M M M M M M M M
5 M 26 M M M M M M M 2.9 8 320 M M 9 M M
6 25 1 13 M 52 0 0.00 0.0 M 0.9 9 330 M M 7 M M
7 24 -1 12 M 53 0 0.00 0.0 M 0.0 M M M M 3 1 M M
8 22 2 12 M 53 0 0.00 0.0 M 0.7 6 220 M M 6 1 M M
9 38 2 20 M 45 0 0.00 0.0 M 0.4 5 110 M M 1 M M
10 31 26 29 M 36 0 0.00 0.0 M 0.2 5 240 M M 10 1 M M
11 39 26 33 M 32 0 0.00 0.0 M 0.2 5 340 M M 8 18 M M
12 34 27 31 M 34 0 0.00 0.0 M 5.8 13 320 M M 10 1 17 310
13 27 22 25 M 40 0 0.00 0.0 M 2.0 8 320 M M 10 M M
14 32 21 27 M 38 0 0.00 0.0 M 3.3 10 150 M M 5 M M
15 41 29 35 M 30 0 0.00 0.0 M 4.7 13 160 M M 2 17 160
16 40 35 38 M 27 0 0.48 0.0 M 0.8 5 120 M M 10 1 M M
17 36 33 35 M 30 0 0.03 0.0 M 4.2 12 280 M M 10 1 17 300
18 34 30 32 M 33 0 0.00 0.0 M 3.6 14 70 M M 10 22 90
19 33 29 31 M 34 0 M M M 3.2 10 310 M M 10 1 16 310
20 30 25 28 M 37 0 T M M 7.1 15 320 M M 10 17 310
21 26 17 22 M 43 0 0.00 0.0 M 2.4 9 260 M M 10 1 M M
22 24 19 22 M 43 0 0.00 0.0 M 0.5 6 330 M M 10 1 M M
23 30 16 23 M 42 0 T T M 6.6 15 250 M M 9 22 250
24 31 26 29 M 36 0 0.00 0.0 M 2.4 9 260 M M 9 M M
25 34 25 30 M 35 0 0.00 0.0 M 0.3 6 320 M M 10 18 M M
26 29 8 19 M 46 0 0.00 0.0 M 5.8 10 240 M M 7 1 16 310
27 32 7 20 M 45 0 T T M 8.3 20 280 M M 7 18 27 280
28 14 3 9 M 56 0 T M M 1.8 7 350 M M 5 1 M M
29 10 -3 4 M 61 0 T M M 3.0 9 290 M M 5 18 M M
30 7 -16 -4 M 69 0 0.00 0.0 M 4.7 13 270 M M 2 21 320
31 13 -24 -5 M 70 0 0.00 0.0 M 2.8 14 250 M M 0 M M
================================================================================
SM 736 411 1120 0 0.51 T 78.6 M 195
================================================================================
AV 28.3 15.2 2.9 FASTST M M 7 MAX(MPH)
MISC ----> 20 280 27 280
================================================================================
NOTES:
# LAST OF SEVERAL OCCURRENCES
COLUMN 17 PEAK WIND IN M.P.H.
PRELIMINARY LOCAL CLIMATOLOGICAL DATA (WS FORM: F-6) , PAGE 2
STATION: SPARTA - FORT MCCOY WI
MONTH: JANUARY
YEAR: 2023
LATITUDE: 43 58 N
LONGITUDE: 90 44 W
[TEMPERATURE DATA] [PRECIPITATION DATA] SYMBOLS USED IN COLUMN 16
AVERAGE MONTHLY: 21.8 TOTAL FOR MONTH: 0.51 1 = FOG OR MIST
DPTR FM NORMAL: 0.0 DPTR FM NORMAL: M 2 = FOG REDUCING VISIBILITY
HIGHEST: 41 ON 15 GRTST 24HR 0.96 ON 2- 3 TO 1/4 MILE OR LESS
LOWEST: -24 ON 31 3 = THUNDER
SNOW, ICE PELLETS, HAIL 4 = ICE PELLETS
TOTAL MONTH: T 5 = HAIL
GRTST 24HR T ON 23-23 6 = FREEZING RAIN OR DRIZZLE
GRTST DEPTH: M ON M 7 = DUSTSTORM OR SANDSTORM:
VSBY 1/2 MILE OR LESS
8 = SMOKE OR HAZE
[NO. OF DAYS WITH] [WEATHER - DAYS WITH] 9 = BLOWING SNOW
X = TORNADO
MAX 32 OR BELOW: 17 0.01 INCH OR MORE: 2
MAX 90 OR ABOVE: 0 0.10 INCH OR MORE: 1
MIN 32 OR BELOW: 25 0.50 INCH OR MORE: 0
MIN 0 OR BELOW: 4 1.00 INCH OR MORE: 0
[HDD (BASE 65) ]
TOTAL THIS MO. 1120 CLEAR (SCALE 0-3) 5
DPTR FM NORMAL M PTCLDY (SCALE 4-7) 7
TOTAL FM JUL 1 2273 CLOUDY (SCALE 8-10) 19
DPTR FM NORMAL M
[CDD (BASE 65) ]
TOTAL THIS MO. 0
DPTR FM NORMAL M [PRESSURE DATA]
TOTAL FM JAN 1 0 HIGHEST SLP M ON M
DPTR FM NORMAL M LOWEST SLP M ON M
[REMARKS]
#FINAL-01-23#