000
CXUS53 KARX 022220
CF6CMY
PRELIMINARY LOCAL CLIMATOLOGICAL DATA (WS FORM: F-6)
STATION: SPARTA - FORT MCCOY WI
MONTH: OCTOBER
YEAR: 2021
LATITUDE: 43 58 N
LONGITUDE: 90 44 W
TEMPERATURE IN F: :PCPN: SNOW: WIND :SUNSHINE: SKY :PK WND
================================================================================
1 2 3 4 5 6A 6B 7 8 9 10 11 12 13 14 15 16 17 18
12Z AVG MX 2MIN
DY MAX MIN AVG DEP HDD CDD WTR SNW DPTH SPD SPD DIR MIN PSBL S-S WX SPD DR
================================================================================
1 83 51 67 M 0 2 0.01 0.0 0 3.2 10 200 M M 1 1 M M
2 79 58 69 M 0 4 T 0.0 0 3.6 10 200 M M 5 1 M M
3 67 55 61 M 4 0 0.01 0.0 0 4.1 8 300 M M 9 1 M M
4 70 54 62 M 3 0 0.00 0.0 0 2.6 7 340 M M 9 1 M M
5 70 48 59 M 6 0 0.00 0.0 0 2.0 7 70 M M 8 1 M M
6 77 52 65 M 0 0 0.00 0.0 0 3.9 9 120 M M 5 1 M M
7 69 56 63 M 2 0 0.06 0.0 0 2.8 8 70 M M 9 1 M M
8 70 58 64 M 1 0 0.02 0.0 0 2.6 7 200 M M 10 M M
9 79 55 67 M 0 2 T 0.0 0 6.8 10 100 M M 3 M M
10 79 61 70 M 0 5 0.00 0.0 0 9.6 18 180 M M 1 18 23 200
11 62 53 58 M 7 0 0.18 0.0 0 1.9 8 270 M M 8 1 M M
12 65 55 60 M 5 0 0.00 0.0 0 3.6 7 310 M M 10 1 M M
13 66 52 59 M 6 0 0.12 0.0 0 7.4 15 150 M M 6 1 24 250
14 65 36 51 M 14 0 0.00 0.0 0 7.0 16 230 M M 1 21 230
15 61 32 47 M 18 0 0.00 0.0 0 2.8 12 290 M M 3 22 280
16 61 29 45 M 20 0 0.00 0.0 0 1.3 10 290 M M 1 25 290
17 66 25 46 M 19 0 0.00 0.0 0 0.0 M M M M 0 18 M M
18 74 29 52 M 13 0 0.00 0.0 0 1.0 10 190 M M 0 8 M M
19 74 33 54 M 11 0 0.01 0.0 0 0.7 12 210 M M 1 18 210
20 72 41 57 M 8 0 0.01 0.0 0 3.2 10 100 M M 5 18 M M
21 57 26 42 M 23 0 0.03 0.0 0 5.3 12 340 M M 6 1 17 360
22 50 22 36 M 29 0 0.00 0.0 0 0.2 5 270 M M 5 M M
23 52 22 37 M 28 0 0.00 0.0 0 0.0 M M M M 1 M M
24 51 22 37 M 28 0 0.00 0.0 0 0.0 M M M M 2 M M
25 55 24 40 M 25 0 0.00 0.0 0 0.2 4 20 M M 1 M M
26 57 20 39 M 26 0 0.00 0.0 0 0.0 M M M M 0 8 M M
27 60 37 49 M 16 0 0.00 0.0 0 0.3 6 130 M M 6 8 23 130
28 50 44 47 M 18 0 0.19 0.0 0 0.0 M M M M 8 1 M M
29 55 34 45 M 20 0 0.05 0.0 0 0.0 M M M M 8 1 M M
30 61 28 45 M 20 0 0.00 0.0 0 0.0 M M M M 2 1 M M
31 50 27 39 M 26 0 0.00 0.0 0 1.3 10 320 M M 5 24 290
================================================================================
SM 2007 1239 396 13 0.69 0.0 77.4 M 139
================================================================================
AV 64.7 40.0 2.5 FASTST M M 4 MAX(MPH)
MISC ----> 18 180 25 290
================================================================================
NOTES:
# LAST OF SEVERAL OCCURRENCES
COLUMN 17 PEAK WIND IN M.P.H.
PRELIMINARY LOCAL CLIMATOLOGICAL DATA (WS FORM: F-6) , PAGE 2
STATION: SPARTA - FORT MCCOY WI
MONTH: OCTOBER
YEAR: 2021
LATITUDE: 43 58 N
LONGITUDE: 90 44 W
[TEMPERATURE DATA] [PRECIPITATION DATA] SYMBOLS USED IN COLUMN 16
AVERAGE MONTHLY: 52.4 TOTAL FOR MONTH: 0.69 1 = FOG OR MIST
DPTR FM NORMAL: 0.0 DPTR FM NORMAL: M 2 = FOG REDUCING VISIBILITY
HIGHEST: 83 ON 1 GRTST 24HR 0.19 ON 28-28 TO 1/4 MILE OR LESS
LOWEST: 20 ON 26 3 = THUNDER
SNOW, ICE PELLETS, HAIL 4 = ICE PELLETS
TOTAL MONTH: 0.0 INCH 5 = HAIL
GRTST 24HR 0.0 6 = FREEZING RAIN OR DRIZZLE
GRTST DEPTH: 0 7 = DUSTSTORM OR SANDSTORM:
VSBY 1/2 MILE OR LESS
8 = SMOKE OR HAZE
[NO. OF DAYS WITH] [WEATHER - DAYS WITH] 9 = BLOWING SNOW
X = TORNADO
MAX 32 OR BELOW: 0 0.01 INCH OR MORE: 11
MAX 90 OR ABOVE: 0 0.10 INCH OR MORE: 3
MIN 32 OR BELOW: 12 0.50 INCH OR MORE: 0
MIN 0 OR BELOW: 0 1.00 INCH OR MORE: 0
[HDD (BASE 65) ]
TOTAL THIS MO. 396 CLEAR (SCALE 0-3) 13
DPTR FM NORMAL M PTCLDY (SCALE 4-7) 13
TOTAL FM JUL 1 611 CLOUDY (SCALE 8-10) 5
DPTR FM NORMAL M
[CDD (BASE 65) ]
TOTAL THIS MO. 13
DPTR FM NORMAL M [PRESSURE DATA]
TOTAL FM JAN 1 347 HIGHEST SLP M ON M
DPTR FM NORMAL M LOWEST SLP M ON M
[REMARKS]
#FINAL-10-21#