000
CXUS53 KTOP 011519
CLMCNK
CLIMATE REPORT
NATIONAL WEATHER SERVICE TOPEKA KS
1019 AM CDT MON MAY 01 2023
...................................
...THE CONCORDIA KS CLIMATE SUMMARY FOR THE MONTH OF APRIL 2023...
CLIMATE NORMAL PERIOD 1991 TO 2020
CLIMATE RECORD PERIOD 1885 TO 2023
WEATHER OBSERVED NORMAL DEPART LAST YEAR`S
VALUE DATE(S) VALUE FROM VALUE
NORMAL
..............................................................
TEMPERATURE (F)
RECORD
HIGH 100 04/20/1902
LOW 12 04/07/2018
HIGHEST 88 04/13 69 19 92
LOWEST 23 04/06 36 -13 24
AVG. MAXIMUM 70.8 64.9 5.9 68.5
AVG. MINIMUM 40.9 41.2 -0.3 40.8
MEAN 55.9 53.1 2.8 54.7
DAYS MAX >= 90 0 0.3 -0.3 1
DAYS MAX <= 32 0 0.2 -0.2 0
DAYS MIN <= 32 6 4.9 1.1 6
DAYS MIN <= 0 0 0.0 0.0 0
PRECIPITATION (INCHES)
RECORD
MAXIMUM 5.98 1984
MINIMUM 0.37 1989
TOTALS 1.08 2.53 -1.45 0.88
DAILY AVG. 0.04 0.08 -0.04 0.03
DAYS >= .01 4 8.7 -4.7 2
DAYS >= .10 3 5.1 -2.1 2
DAYS >= .50 1 1.7 -0.7 1
DAYS >= 1.00 0 0.5 -0.5 0
GREATEST
24 HR. TOTAL 0.66 04/20 TO 04/20 0.74
SNOWFALL (INCHES)
RECORDS
TOTAL 7.8 1997
TOTALS MM 0.4 MM MM
SINCE 7/1 MM 19.3 MM MM
SNOWDEPTH AVG. MM MM
DAYS >= 1.0 MM 0.2 MM MM
GREATEST
SNOW DEPTH MM MM
24 HR TOTAL MM MM
DEGREE DAYS
HEATING TOTAL 293 371 -78 331
SINCE 7/1 4830 5170 -340 MM
COOLING TOTAL 25 12 13 30
SINCE 1/1 25 14 11 MM
..............................................................
WIND (MPH)
AVERAGE WIND SPEED 13.7
HIGHEST WIND SPEED/DIRECTION 37/180 DATE 04/18
37/190 04/19
HIGHEST GUST SPEED/DIRECTION 52/170 DATE 04/18
SKY COVER
POSSIBLE SUNSHINE (PERCENT) MM
AVERAGE SKY COVER 0.18
NUMBER OF DAYS FAIR 24
NUMBER OF DAYS PC 4
NUMBER OF DAYS CLOUDY 2
AVERAGE RH (PERCENT) 48
WEATHER CONDITIONS. NUMBER OF DAYS WITH
THUNDERSTORM 2 MIXED PRECIP 0
HEAVY RAIN 1 RAIN 2
LIGHT RAIN 5 FREEZING RAIN 0
LT FREEZING RAIN 0 HAIL 0
HEAVY SNOW 0 SNOW 0
LIGHT SNOW 0 SLEET 0
FOG 5 FOG W/VIS <= 1/4 MILE 1
HAZE 7
- INDICATES NEGATIVE NUMBERS.
R INDICATES RECORD WAS SET OR TIED.
MM INDICATES DATA IS MISSING.
T INDICATES TRACE AMOUNT.
$$