000
CXUS53 KTOP 011615
CLMCNK
CLIMATE REPORT
NATIONAL WEATHER SERVICE TOPEKA KS
1015 AM CST FRI DEC 01 2023
...................................
...THE CONCORDIA KS CLIMATE SUMMARY FOR THE MONTH OF NOVEMBER 2023...
CLIMATE NORMAL PERIOD 1991 TO 2020
CLIMATE RECORD PERIOD 1885 TO 2023
WEATHER OBSERVED NORMAL DEPART LAST YEAR`S
VALUE DATE(S) VALUE FROM VALUE
NORMAL
..............................................................
TEMPERATURE (F)
RECORD
HIGH 85 11/08/2006
LOW -15 11/27/1887
HIGHEST 75 11/07 59 16 81
LOWEST 18 11/26 25 -7 12
AVG. MAXIMUM 59.8 53.0 6.8 53.3
AVG. MINIMUM 34.7 31.3 3.4 30.2
MEAN 47.3 42.1 5.2 41.8
DAYS MAX >= 90 0 0.0 0.0 0
DAYS MAX <= 32 2 1.7 0.3 1
DAYS MIN <= 32 14 16.0 -2.0 20
DAYS MIN <= 0 0 0.0 0.0 0
PRECIPITATION (INCHES)
RECORD
MAXIMUM 4.88 1971
MINIMUM 0.00 1989
TOTALS 1.33 1.16 0.17 0.80
DAILY AVG. 0.04 0.04 0.00 0.03
DAYS >= .01 5 5.1 -0.1 2
DAYS >= .10 3 2.6 0.4 1
DAYS >= .50 1 0.5 0.5 1
DAYS >= 1.00 0 0.3 -0.3 0
GREATEST
24 HR. TOTAL 1.00 11/19 TO 11/20 0.75
SNOWFALL (INCHES)
RECORDS
TOTAL 10.5 2018
TOTALS MM 1.9 MM MM
SINCE 7/1 MM 2.2 MM MM
SNOWDEPTH AVG. MM MM
DAYS >= 1.0 MM 0.6 MM MM
GREATEST
SNOW DEPTH MM MM
24 HR TOTAL MM MM
DEGREE DAYS
HEATING TOTAL 525 686 -161 702
SINCE 7/1 793 1071 -278 MM
COOLING TOTAL 0 1 -1 11
SINCE 1/1 1856 1373 483 MM
..............................................................
WIND (MPH)
AVERAGE WIND SPEED 9.8
HIGHEST WIND SPEED/DIRECTION 31/140 DATE 11/19
HIGHEST GUST SPEED/DIRECTION 44/150 DATE 11/19
SKY COVER
POSSIBLE SUNSHINE (PERCENT) MM
AVERAGE SKY COVER 0.21
NUMBER OF DAYS FAIR 23
NUMBER OF DAYS PC 4
NUMBER OF DAYS CLOUDY 3
AVERAGE RH (PERCENT) 60
WEATHER CONDITIONS. NUMBER OF DAYS WITH
THUNDERSTORM 0 MIXED PRECIP 0
HEAVY RAIN 1 RAIN 2
LIGHT RAIN 3 FREEZING RAIN 0
LT FREEZING RAIN 0 HAIL 0
HEAVY SNOW 1 SNOW 1
LIGHT SNOW 2 SLEET 0
FOG 9 FOG W/VIS <= 1/4 MILE 5
HAZE 4
- INDICATES NEGATIVE NUMBERS.
R INDICATES RECORD WAS SET OR TIED.
MM INDICATES DATA IS MISSING.
T INDICATES TRACE AMOUNT.
$$