000
CXUS54 KMAF 011920
CF6CNM
PRELIMINARY LOCAL CLIMATOLOGICAL DATA (WS FORM: F-6)
STATION: CARLSBAD
MONTH: SEPTEMBER
YEAR: 2022
LATITUDE: 32 20 N
LONGITUDE: 104 15 W
TEMPERATURE IN F: :PCPN: SNOW: WIND :SUNSHINE: SKY :PK WND
================================================================================
1 2 3 4 5 6A 6B 7 8 9 10 11 12 13 14 15 16 17 18
12Z AVG MX 2MIN
DY MAX MIN AVG DEP HDD CDD WTR SNW DPTH SPD SPD DIR MIN PSBL S-S WX SPD DR
================================================================================
1 72 67 70 -8 0 5 0.28 M M 4.3 13 120 M M 7 1 16 120
2 84 67 76 -2 0 11 0.00 M M 4.0 10 180 M M 3 12 13 170
3 85 68 77 -1 0 12 T M M 5.8 20 150 M M 3 13 27 110
4 88 66 77 0 0 12 0.00 M M 6.5 14 120 M M 0 18 120
5 90 63 77 0 0 12 0.00 M M 6.8 18 160 M M 0 22 150
6 92 61 77 0 0 12 0.00 M M 5.5 13 150 M M 0 20 180
7 91 64 78 1 0 13 0.00 M M 7.5 16 330 M M 0 19 100
8 88 61 75 -1 0 10 0.00 M M 5.8 10 200 M M 0 15 150
9 93 60 77 1 0 12 0.00 M M 6.0 13 160 M M 0 17 160
10 92 64 78 2 0 13 0.00 M M 6.1 15 90 M M 0 21 100
11 76 63 70 -5 0 5 0.00 M M 7.9 25 340 M M 6 3 32 340
12 88 62 75 0 0 10 0.00 M M 7.5 16 160 M M 0 21 160
13 90 62 76 1 0 11 0.03 M M 6.6 26 210 M M 1 3 32 190
14 88 62 75 1 0 10 0.00 M M 8.6 20 150 M M 0 25 150
15 91 61 76 2 0 11 0.07 M M 7.6 15 160 M M 1 3 20 140
16 96 66 81 7 0 16 0.00 M M 7.1 16 160 M M 0 1 22 160
17 94 64 79 5 0 14 0.00 M M 9.5 21 140 M M 0 27 120
18 93 65 79 6 0 14 0.00 M M 9.6 18 130 M M 1 23 140
19 89 66 78 5 0 13 0.00 M M 6.5 16 180 M M 1 21 170
20 93 65 79 6 0 14 0.00 M M 6.4 13 140 M M 0 17 130
21 93 65 79 7 0 14 0.00 M M 6.7 13 110 M M 0 17 110
22 89 60 75 3 0 10 0.00 M M 7.0 18 120 M M 0 22 160
23 91 59 75 3 0 10 0.00 M M 7.3 14 160 M M 0 18 160
24 96 58 77 6 0 12 0.00 M M 5.8 17 350 M M 0 22 330
25 91 68 80 9 0 15 0.01 M M 10.5 30 130 M M 2 38 38 130
26 84 63 74 3 0 9 0.00 M M 6.4 12 160 M M 1 16 180
27 86 57 72 2 0 7 0.00 M M 6.8 16 170 M M 0 20 160
28 85 55 70 0 0 5 0.00 M M 8.1 21 140 M M 0 25 140
29 85 53 69 -1 0 4 0.00 M M 7.1 21 160 M M 0 30 140
30 85 55 70 1 0 5 0.00 M M 5.9 14 120 M M 0 19 150
================================================================================
SM 2658 1870 0 321 0.39 M 207.2 M 26
================================================================================
AV 88.6 62.3 6.9 FASTST M M 1 MAX(MPH)
MISC ----> 30 130 38 130
================================================================================
NOTES:
# LAST OF SEVERAL OCCURRENCES
COLUMN 17 PEAK WIND IN M.P.H.
PRELIMINARY LOCAL CLIMATOLOGICAL DATA (WS FORM: F-6) , PAGE 2
STATION: CARLSBAD
MONTH: SEPTEMBER
YEAR: 2022
LATITUDE: 32 20 N
LONGITUDE: 104 15 W
[TEMPERATURE DATA] [PRECIPITATION DATA] SYMBOLS USED IN COLUMN 16
AVERAGE MONTHLY: 75.5 TOTAL FOR MONTH: 0.39 1 = FOG OR MIST
DPTR FM NORMAL: 1.6 DPTR FM NORMAL: -2.19 2 = FOG REDUCING VISIBILITY
HIGHEST: 96 ON 24,16 GRTST 24HR 0.83 ON 31- 1 TO 1/4 MILE OR LESS
LOWEST: 53 ON 29 3 = THUNDER
SNOW, ICE PELLETS, HAIL 4 = ICE PELLETS
TOTAL MONTH: M 5 = HAIL
GRTST 24HR M ON M 6 = FREEZING RAIN OR DRIZZLE
GRTST DEPTH: M ON M 7 = DUSTSTORM OR SANDSTORM:
VSBY 1/2 MILE OR LESS
8 = SMOKE OR HAZE
[NO. OF DAYS WITH] [WEATHER - DAYS WITH] 9 = BLOWING SNOW
X = TORNADO
MAX 32 OR BELOW: 0 0.01 INCH OR MORE: 4
MAX 90 OR ABOVE: 15 0.10 INCH OR MORE: 1
MIN 32 OR BELOW: 0 0.50 INCH OR MORE: 0
MIN 0 OR BELOW: 0 1.00 INCH OR MORE: 0
[HDD (BASE 65) ]
TOTAL THIS MO. 0 CLEAR (SCALE 0-3) 28
DPTR FM NORMAL -10 PTCLDY (SCALE 4-7) 2
TOTAL FM JUL 1 0 CLOUDY (SCALE 8-10) 0
DPTR FM NORMAL -5
[CDD (BASE 65) ]
TOTAL THIS MO. 321
DPTR FM NORMAL 44 [PRESSURE DATA]
TOTAL FM JAN 1 2473 HIGHEST SLP 30.24 ON 11
DPTR FM NORMAL 345 LOWEST SLP 29.60 ON 9
[REMARKS]
#FINAL-09-22#