000
CXUS56 KSGX 011145
CF6CNO
PRELIMINARY LOCAL CLIMATOLOGICAL DATA (WS FORM: F-6)
STATION: CHINO AIRPORT CA
MONTH: FEBRUARY
YEAR: 2022
LATITUDE: 33 58 N
LONGITUDE: 117 38 W
TEMPERATURE IN F: :PCPN: SNOW: WIND :SUNSHINE: SKY :PK WND
================================================================================
1 2 3 4 5 6A 6B 7 8 9 10 11 12 13 14 15 16 17 18
12Z AVG MX 2MIN
DY MAX MIN AVG DEP HDD CDD WTR SNW DPTH SPD SPD DIR MIN PSBL S-S WX SPD DR
================================================================================
1 64 44 54 -2 11 0 0.00 M M 3.3 9 300 M M 4 18 11 80
2 63 36 50 -6 15 0 0.00 M M 8.5 24 80 M M 0 178 36 70
3 70 33 52 -4 13 0 0.00 M M 4.7 16 20 M M 1 8 29 60
4 70 50 60 4 5 0 0.00 M M 12.7 24 90 M M 1 35 30
5 74 35 55 -1 10 0 0.00 M M 3.6 16 120 M M 1 8 21 130
6 81 35 58 2 7 0 0.00 M M 7.6 21 100 M M 0 32 40
7 80 42 61 5 4 0 0.00 M M 6.2 21 120 M M 0 8 28 120
8 83 38 61 5 4 0 0.00 M M 2.8 20 80 M M 1 8 26 80
9 87 46 67 11 0 2 0.00 M M 6.1 20 70 M M 0 8 29 70
10 86 51 69 13 0 4 0.00 M M 12.7 36 90 M M 0 8 48 90
11 86 47 67 11 0 2 0.00 M M 2.7 10 260 M M 0 8 15 280
12 89 46 68 12 0 3 0.00 M M 4.7 14 90 M M 1 18 90
13 87 41 64 8 1 0 0.00 M M 1.9 13 230 M M 0 15 230
14 82 39 61 5 4 0 0.00 M M 4.7 16 240 M M 2 18 19 260
15 62 40 51 -5 14 0 T M M 6.8 24 220 M M 6 18 29 220
16 65 35 50 -6 15 0 0.00 M M 3.4 16 240 M M 1 20 240
17 73 42 58 2 7 0 0.00 M M 8.4 31 80 M M 0 78 44 30
18 78 35 57 1 8 0 0.00 M M 2.2 13 250 M M 0 8 16 240
19 82 36 59 3 6 0 0.00 M M 3.8 15 240 M M 1 8 19 240
20 71 39 55 -2 10 0 0.00 M M 5.9 21 250 M M 2 8 24 250
21 64 47 56 -1 9 0 0.00 M M 8.8 21 240 M M 8 8 25 230
22 62 45 54 -3 11 0 0.01 M M 8.3 24 250 M M 8 78 34 250
23 57 38 48 -9 17 0 T M M 7.6 21 270 M M 5 26 250
24 62 33 48 -9 17 0 0.00 M M 3.6 15 270 M M 0 8 18 260
25 68 32 50 -7 15 0 0.00 M M 3.7 14 260 M M 0 8 17 240
26 72 32 52 -5 13 0 0.00 M M 3.7 13 100 M M 1 8 22 90
27 79 34 57 0 8 0 0.00 M M 3.1 10 90 M M 1 13 80
28 86 41 64 6 1 0 0.00 M M 5.5 18 360 M M 1 78 32 10
================================================================================
SM 2083 1112 225 11 0.01 M 157.0 M 45
================================================================================
AV 74.4 39.7 5.6 FASTST M M 2 MAX(MPH)
MISC ----> 36 90 48 90
================================================================================
NOTES:
# LAST OF SEVERAL OCCURRENCES
COLUMN 17 PEAK WIND IN M.P.H.
PRELIMINARY LOCAL CLIMATOLOGICAL DATA (WS FORM: F-6) , PAGE 2
STATION: CHINO AIRPORT CA
MONTH: FEBRUARY
YEAR: 2022
LATITUDE: 33 58 N
LONGITUDE: 117 38 W
[TEMPERATURE DATA] [PRECIPITATION DATA] SYMBOLS USED IN COLUMN 16
AVERAGE MONTHLY: 57.1 TOTAL FOR MONTH: 0.01 1 = FOG OR MIST
DPTR FM NORMAL: 0.7 DPTR FM NORMAL: -2.67 2 = FOG REDUCING VISIBILITY
HIGHEST: 89 ON 12 GRTST 24HR 0.01 ON 22-22 TO 1/4 MILE OR LESS
LOWEST: 32 ON 26,25 3 = THUNDER
SNOW, ICE PELLETS, HAIL 4 = ICE PELLETS
TOTAL MONTH: M 5 = HAIL
GRTST 24HR M ON M 6 = FREEZING RAIN OR DRIZZLE
GRTST DEPTH: M ON M 7 = DUSTSTORM OR SANDSTORM:
VSBY 1/2 MILE OR LESS
8 = SMOKE OR HAZE
[NO. OF DAYS WITH] [WEATHER - DAYS WITH] 9 = BLOWING SNOW
X = TORNADO
MAX 32 OR BELOW: 0 0.01 INCH OR MORE: 1
MAX 90 OR ABOVE: 0 0.10 INCH OR MORE: 0
MIN 32 OR BELOW: 2 0.50 INCH OR MORE: 0
MIN 0 OR BELOW: 0 1.00 INCH OR MORE: 0
[HDD (BASE 65) ]
TOTAL THIS MO. 225 CLEAR (SCALE 0-3) 23
DPTR FM NORMAL -22 PTCLDY (SCALE 4-7) 5
TOTAL FM JUL 1 937 CLOUDY (SCALE 8-10) 0
DPTR FM NORMAL -112
[CDD (BASE 65) ]
TOTAL THIS MO. 11
DPTR FM NORMAL 6 [PRESSURE DATA]
TOTAL FM JAN 1 11 HIGHEST SLP 30.38 ON 4
DPTR FM NORMAL 7 LOWEST SLP 29.75 ON 15
[REMARKS]
#FINAL-02-22#