000
CXUS53 KICT 011510
CF6CNU
PRELIMINARY LOCAL CLIMATOLOGICAL DATA (WS FORM: F-6)
STATION: CHANUTE KS
MONTH: NOVEMBER
YEAR: 2020
LATITUDE: 37 40 N
LONGITUDE: 95 29 W
TEMPERATURE IN F: :PCPN: SNOW: WIND :SUNSHINE: SKY :PK WND
================================================================================
1 2 3 4 5 6A 6B 7 8 9 10 11 12 13 14 15 16 17 18
12Z AVG MX 2MIN
DY MAX MIN AVG DEP HDD CDD WTR SNW DPTH SPD SPD DIR MIN PSBL S-S WX SPD DR
================================================================================
1 59 32 46 -7 19 0 0.00 M M 6.0 16 360 M M 0 24 350
2 70 30 50 -3 15 0 0.00 M M 8.9 20 210 M M 0 30 210
3 78 45 62 10 3 0 0.00 M M 10.3 21 200 M M 0 26 200
4 75 53 64 12 1 0 0.00 M M 13.4 22 190 M M 0 31 190
5 74 46 60 9 5 0 0.00 M M 7.2 15 190 M M 0 19 180
6 75 52 64 13 1 0 0.00 M M 9.5 18 160 M M 2 12 25 190
7 74 51 63 13 2 0 0.00 M M 11.9 22 160 M M 0 28 160
8 78 58 68 18 0 3 T M M 15.2 29 170 M M 4 41 160
9 77 66 72 22 0 7 0.00 M M 16.1 28 180 M M 9 36 180
10 70 30 50 1 15 0 0.20 M M 12.8 24 280 M M 6 1 37 200
11 57 26 42 -7 23 0 0.00 M M 4.1 9 110 M M 0 12 150
12 65 34 50 2 15 0 T M M 11.0 23 350 M M 2 32 360
13 53 24 39 -9 26 0 0.00 M M 6.4 13 130 M M 1 19 10
14 73 51 62 15 3 0 0.34 M M 18.2 37 300 M M 8 13 49 300
15 59 36 48 1 17 0 0.00 M M 12.2 32 300 M M 0 45 300
16 70 37 54 8 11 0 0.00 M M 9.4 23 250 M M 0 31 250
17 66 32 49 3 16 0 0.00 M M 5.9 15 130 M M 0 20 160
18 69 48 59 14 6 0 0.00 M M 18.7 31 190 M M 0 43 190
19 75 57 66 21 0 1 0.00 M M 20.6 33 200 M M 0 48 180
20 65 53 59 15 6 0 0.00 M M 8.5 17 40 M M 7 24 40
21 53 44 49 5 16 0 0.24 M M 10.9 20 70 M M 10 1 28 60
22 56 31 44 1 21 0 0.00 M M 6.7 14 30 M M 6 1 19 40
23 52 26 39 -4 26 0 T M M 8.9 21 160 M M 9 12 30 170
24 54 45 50 8 15 0 1.44 M M 13.6 28 260 M M 9 13 36 270
25 51 30 41 -1 24 0 T M M 9.2 22 320 M M 7 1 29 310
26 62 30 46 5 19 0 0.00 M M 6.5 15 110 M M 2 12 20 130
27 56 28 42 1 23 0 0.00 M M 8.7 16 360 M M 0 22 360
28 56 22 39 -1 26 0 0.00 M M 4.0 12 180 M M 0 16 190
29 53 32 43 3 22 0 T M M 12.3 28 350 M M 4 38 350
30 46 22 34 -5 31 0 0.00 M M 9.1 18 340 M M 0 27 340
================================================================================
SM 1921 1171 407 11 2.22 M 316.2 M 86
================================================================================
AV 64.0 39.0 10.5 FASTST M M 3 MAX(MPH)
MISC ----> 37 300 49 300
================================================================================
NOTES:
# LAST OF SEVERAL OCCURRENCES
COLUMN 17 PEAK WIND IN M.P.H.
PRELIMINARY LOCAL CLIMATOLOGICAL DATA (WS FORM: F-6) , PAGE 2
STATION: CHANUTE KS
MONTH: NOVEMBER
YEAR: 2020
LATITUDE: 37 40 N
LONGITUDE: 95 29 W
[TEMPERATURE DATA] [PRECIPITATION DATA] SYMBOLS USED IN COLUMN 16
AVERAGE MONTHLY: 51.5 TOTAL FOR MONTH: 2.22 1 = FOG OR MIST
DPTR FM NORMAL: 5.2 DPTR FM NORMAL: -0.28 2 = FOG REDUCING VISIBILITY
HIGHEST: 78 ON 8, 3 GRTST 24HR 1.44 ON 24-24 TO 1/4 MILE OR LESS
LOWEST: 22 ON 30,28 3 = THUNDER
SNOW, ICE PELLETS, HAIL 4 = ICE PELLETS
TOTAL MONTH: M 5 = HAIL
GRTST 24HR M ON M 6 = FREEZING RAIN OR DRIZZLE
GRTST DEPTH: M ON M 7 = DUSTSTORM OR SANDSTORM:
VSBY 1/2 MILE OR LESS
8 = SMOKE OR HAZE
[NO. OF DAYS WITH] [WEATHER - DAYS WITH] 9 = BLOWING SNOW
X = TORNADO
MAX 32 OR BELOW: 0 0.01 INCH OR MORE: 4
MAX 90 OR ABOVE: 0 0.10 INCH OR MORE: 4
MIN 32 OR BELOW: 14 0.50 INCH OR MORE: 1
MIN 0 OR BELOW: 0 1.00 INCH OR MORE: 1
[HDD (BASE 65) ]
TOTAL THIS MO. 407 CLEAR (SCALE 0-3) 19
DPTR FM NORMAL -157 PTCLDY (SCALE 4-7) 7
TOTAL FM JUL 1 759 CLOUDY (SCALE 8-10) 4
DPTR FM NORMAL -90
[CDD (BASE 65) ]
TOTAL THIS MO. 11
DPTR FM NORMAL 8 [PRESSURE DATA]
TOTAL FM JAN 1 1778 HIGHEST SLP 30.59 ON 1
DPTR FM NORMAL 246 LOWEST SLP 29.44 ON 14
[REMARKS]
#FINAL-11-20#