009
CXUS53 KGJT 011433
CLACNY
CLIMATE REPORT
NATIONAL WEATHER SERVICE GRAND JUNCTION CO
642 AM MST WED JAN 1 2020
...................................
...THE CANYONLANDS AIRPORT UT CLIMATE SUMMARY FOR THE YEAR OF 2019...
CLIMATE NORMAL PERIOD 1981 TO 2010
CLIMATE RECORD PERIOD 9999 TO 9999
WEATHER OBSERVED NORMAL DEPART LAST YEAR`S
VALUE DATE(S) VALUE FROM VALUE DATE(S)
NORMAL
................................................................
TEMPERATURE (F)
RECORD
HIGH MM MM
LOW MM MM
HIGHEST 104 07/22 MM MM 105 06/27
LOWEST -3 12/29 MM MM -2 12/04
AVG. MAXIMUM 66.5 67.1 -0.6 69.2
AVG. MINIMUM 39.3 39.4 -0.1 41.7
MEAN 52.9 53.2 -0.3 55.4
DAYS MAX >= 90 85 73.3 11.7 101
DAYS MAX <= 32 24 19.0 5.0 8
DAYS MIN <= 32 145 136.6 8.4 140
DAYS MIN <= 0 3 3.4 -0.4 1
PRECIPITATION (INCHES)
RECORD
MAXIMUM MM MM
MINIMUM MM MM
TOTALS 8.11 8.80 -0.69 6.18
DAILY AVG. T 0.02 -0.02 T
DAYS >= .01 57 MM MM 45
DAYS >= .10 20 MM MM 21
DAYS >= .50 4 MM MM 2
DAYS >= 1.00 0 MM MM 0
GREATEST
24 HR. TOTAL 0.70 MM
SNOWFALL (INCHES)
RECORDS
TOTAL MM MM
24 HR TOTAL MM
SNOW DEPTH MM MM
TOTALS MM MM MM MM
LIQUID EQUIV MM MM MM MM
SINCE 7/1 MM MM MM MM
LIQUID 7/1 MM MM MM MM
SNOWDEPTH AVG. MM MM MM MM
DAYS >= TRACE MM MM MM MM
DAYS >= 1.0 MM MM MM MM
GREATEST
SNOW DEPTH MM MM MM
24 HR TOTAL MM MM
STORM TOTAL MM MM
DEGREE_DAYS
HEATING TOTAL 5758 5578 180 5165
SINCE 7/1 2381 2397 -16 2449
COOLING TOTAL 1462 1288 174 1792
SINCE 1/1 1462 1289 173 1792
FREEZE DATES
RECORD
EARLIEST MM
LATEST MM
EARLIEST MM
LATEST MM
.................................................................
WIND (MPH)
AVERAGE WIND SPEED 6.1
RESULTANT WIND SPEED/DIRECTION 2/245
HIGHEST WIND SPEED/DIRECTION 45/280 DATE 09/10
HIGHEST GUST SPEED/DIRECTION 66/250 DATE 08/06
SKY COVER
POSSIBLE SUNSHINE (PERCENT) MM
AVERAGE SKY COVER 0.20
NUMBER OF DAYS FAIR 281
NUMBER OF DAYS PC 59
NUMBER OF DAYS CLOUDY 24
AVERAGE RH (PERCENT) 46
WEATHER CONDITIONS. NUMBER OF DAYS WITH
THUNDERSTORM 27 MIXED PRECIP 0
HEAVY RAIN 6 RAIN 16
LIGHT RAIN 78 FREEZING RAIN 0
LT FREEZING RAIN 0 HAIL 0
HEAVY SNOW 1 SNOW 6
LIGHT SNOW 28 SLEET 0
FOG 59 FOG W/VIS <= 1/4 MILE 14
HAZE 16
- INDICATES NEGATIVE NUMBERS.
R INDICATES RECORD WAS SET OR TIED.
MM INDICATES DATA IS MISSING.
T INDICATES TRACE AMOUNT.
$$