000
CXUS55 KRIW 011110
CF6COD
PRELIMINARY LOCAL CLIMATOLOGICAL DATA (WS FORM: F-6)
STATION: CODY WY
MONTH: DECEMBER
YEAR: 2021
LATITUDE: 44 31 N
LONGITUDE: 109 1 W
TEMPERATURE IN F: :PCPN: SNOW: WIND :SUNSHINE: SKY :PK WND
================================================================================
1 2 3 4 5 6A 6B 7 8 9 10 11 12 13 14 15 16 17 18
12Z AVG MX 2MIN
DY MAX MIN AVG DEP HDD CDD WTR SNW DPTH SPD SPD DIR MIN PSBL S-S WX SPD DR
================================================================================
1 62 52 57 29 8 0 0.00 M M 19.9 29 250 M M 0 47 250
2 63 39 51 23 14 0 0.00 M M 13.4 31 270 M M 0 43 270
3 50 28 39 11 26 0 0.00 M M 5.7 12 40 M M 1 1 M M
4 60 24 42 15 23 0 0.00 M M 13.4 29 240 M M 4 12 50 240
5 52 3 28 1 37 0 T M M 13.5 28 360 M M 9 1 43 250
6 40 1 21 -6 44 0 T M M 7.1 24 250 M M 2 39 250
7 45 15 30 3 35 0 T M M 11.5 25 260 M M 2 45 260
8 50 38 44 18 21 0 0.00 M M 17.8 39 230 M M 1 48 230
9 40 23 32 6 33 0 T M M 6.5 23 270 M M 4 33 270
10 31 12 22 -4 43 0 T M M 11.9 24 260 M M 2 53 260
11 39 27 33 7 32 0 0.00 M M 21.0 31 260 M M 1 51 260
12 46 29 38 12 27 0 0.00 M M 8.0 15 240 M M 0 35 310
13 50 27 39 13 26 0 0.00 M M 8.2 16 190 M M 1 25 240
14 55 22 39 14 26 0 0.00 M M 9.4 24 240 M M 0 35 220
15 36 18 27 2 38 0 T M M 11.2 20 360 M M 6 1 31 250
16 35 16 26 1 39 0 0.00 M M 9.8 21 230 M M 2 37 210
17 29 1 15 -10 50 0 T M M 9.3 20 30 M M 3 1 30 10
18 39 -1 19 -6 46 0 0.00 M M 8.2 24 200 M M 2 41 280
19 49 13 31 6 34 0 T M M 12.9 23 180 M M 2 37 190
20 45 8 27 2 38 0 T M M 10.6 20 260 M M 3 33 260
21 50 39 45 20 20 0 0.00 M M 18.2 28 250 M M 3 45 250
22 50 34 42 17 23 0 0.00 M M 14.3 28 250 M M 0 51 260
23 46 29 38 13 27 0 T M M 9.4 22 230 M M 2 33 220
24 38 16 27 2 38 0 T M M 7.9 15 50 M M 5 1 38 270
25 35 17 26 1 39 0 0.00 M M 7.2 14 160 M M 3 M M
26 35 6 21 -5 44 0 T M M 8.5 20 280 M M 3 1 46 240
27 22 2 12 -14 53 0 T M M 6.0 14 50 M M 9 1 M M
28 22 2 12 -14 53 0 T M M 8.0 15 270 M M 2 30 250
29 18 1 10 -16 55 0 T M M 6.5 12 30 M M 7 1 25 260
30 34 7 21 -5 44 0 T M M 11.7 24 280 M M 3 40 280
31 8 -6 1 -25 64 0 T M M 11.9 17 30 M M 9 1 22 30
================================================================================
SM 1274 542 1100 0 T M 338.9 M 91
================================================================================
AV 41.1 17.5 10.9 FASTST M M 3 MAX(MPH)
MISC ----> 39 230 53 260
================================================================================
NOTES:
# LAST OF SEVERAL OCCURRENCES
COLUMN 17 PEAK WIND IN M.P.H.
PRELIMINARY LOCAL CLIMATOLOGICAL DATA (WS FORM: F-6) , PAGE 2
STATION: CODY WY
MONTH: DECEMBER
YEAR: 2021
LATITUDE: 44 31 N
LONGITUDE: 109 1 W
[TEMPERATURE DATA] [PRECIPITATION DATA] SYMBOLS USED IN COLUMN 16
AVERAGE MONTHLY: 29.3 TOTAL FOR MONTH: T 1 = FOG OR MIST
DPTR FM NORMAL: 3.4 DPTR FM NORMAL: M 2 = FOG REDUCING VISIBILITY
HIGHEST: 63 ON 2 GRTST 24HR T ON 5- 5 TO 1/4 MILE OR LESS
LOWEST: -6 ON 31 3 = THUNDER
SNOW, ICE PELLETS, HAIL 4 = ICE PELLETS
TOTAL MONTH: M 5 = HAIL
GRTST 24HR M ON M 6 = FREEZING RAIN OR DRIZZLE
GRTST DEPTH: M ON M 7 = DUSTSTORM OR SANDSTORM:
VSBY 1/2 MILE OR LESS
8 = SMOKE OR HAZE
[NO. OF DAYS WITH] [WEATHER - DAYS WITH] 9 = BLOWING SNOW
X = TORNADO
MAX 32 OR BELOW: 6 0.01 INCH OR MORE: 0
MAX 90 OR ABOVE: 0 0.10 INCH OR MORE: 0
MIN 32 OR BELOW: 26 0.50 INCH OR MORE: 0
MIN 0 OR BELOW: 2 1.00 INCH OR MORE: 0
[HDD (BASE 65) ]
TOTAL THIS MO. 1100 CLEAR (SCALE 0-3) 21
DPTR FM NORMAL -111 PTCLDY (SCALE 4-7) 7
TOTAL FM JUL 1 2513 CLOUDY (SCALE 8-10) 3
DPTR FM NORMAL -62
[CDD (BASE 65) ]
TOTAL THIS MO. 0
DPTR FM NORMAL 0 [PRESSURE DATA]
TOTAL FM JAN 1 634 HIGHEST SLP M ON M
DPTR FM NORMAL 634 LOWEST SLP M ON M
[REMARKS]
#FINAL-12-21#