000
CXUS55 KPUB 011827 RRA
CLSCOS
COSCLSCOS 000
TTAA00 PUB 011819
CLIMATE REPORT
NATIONAL WEATHER SERVICE
1218 PM MDT WED SEP 01 2021
...................................
...THE COLORADO SPRINGS CO CLIMATE SUMMARY FOR THE SEASON, FROM
6/1/2021 TO 8/31/2021...
CLIMATE NORMAL PERIOD 1991 TO 2020
CLIMATE RECORD PERIOD 1872 TO 2021
WEATHER OBSERVED NORMAL DEPART LAST YEAR`S
VALUE DATE(S) VALUE FROM VALUE DATE(S)
NORMAL
................................................................
TEMPERATURE (F)
RECORD
HIGH 101 06/21/2016
06/26/2012
06/26/2012
LOW 27 06/01/1903
HIGHEST 100 06/16 96 07/10
08/11
08/14
LOWEST 40 06/01 39 06/09
AVG. MAXIMUM 86.3 83.9 2.4 88.1
AVG. MINIMUM 57.8 55.9 1.9 57.0
MEAN 72.0 69.9 2.1 72.6
DAYS MAX >= 90 36 21.6 14.4
DAYS MAX <= 32 0 0.0 0.0
DAYS MIN <= 32 0 0.0 0.0
DAYS MIN <= 0 0 0.0 0.0
PRECIPITATION (INCHES)
RECORD
MAXIMUM 16.85 1965
MINIMUM 2.47 1939
TOTALS 5.61 8.35 -2.74 5.05
DAILY AVG. 0.06 0.09 -0.03
DAYS >= .01 27 34.3 -7.3
DAYS >= .10 14 17.2 -3.2
DAYS >= .50 4 4.5 -0.5
DAYS >= 1.00 0 1.6 -1.6
GREATEST
24 HR. TOTAL 1.24 06/25 TO 06/26
SNOWFALL (INCHES)
RECORDS
TOTAL 2.0 1917
TOTALS T 0.0 0.0 T
SINCE 7/1 T 0.0 0.0 MM
SNOWDEPTH AVG. 0
DAYS >= 1.0 0 0.0 0.0
GREATEST
SNOW DEPTH 0 0
24 HR TOTAL 0.0 T
DEGREE DAYS
HEATING TOTAL 36 74 -38 34
SINCE 7/1 0 16 -16 MM
COOLING TOTAL 708 525 183 760
SINCE 1/1 711 543 168 MM
................................................................
WIND (MPH)
AVERAGE WIND SPEED 8.7
HIGHEST WIND SPEED/DIRECTION 38/340 DATE 07/10
HIGHEST GUST SPEED/DIRECTION 57/330 DATE 06/17
SKY COVER
POSSIBLE SUNSHINE (PERCENT) MM
AVERAGE SKY COVER 0.46
NUMBER OF DAYS FAIR 28
NUMBER OF DAYS PC 52
NUMBER OF DAYS CLOUDY 11
AVERAGE RH (PERCENT) 50
WEATHER CONDITIONS. NUMBER OF DAYS WITH
THUNDERSTORM 30 MIXED PRECIP 0
HEAVY RAIN 11 RAIN 18
LIGHT RAIN 42 FREEZING RAIN 0
LT FREEZING RAIN 0 HAIL 1
HEAVY SNOW 0 SNOW 0
LIGHT SNOW 0 SLEET 0
FOG 15 FOG W/VIS <= 1/4 MILE 1
HAZE 10
- INDICATES NEGATIVE NUMBERS.
R INDICATES RECORD WAS SET OR TIED.
MM INDICATES DATA IS MISSING.
T INDICATES TRACE AMOUNT.
$$