000
CXUS54 KCRP 011210
CF6COT
PRELIMINARY LOCAL CLIMATOLOGICAL DATA (WS FORM: F-6)
STATION: COTULLA
MONTH: AUGUST
YEAR: 2021
LATITUDE: 28 27 N
LONGITUDE: 99 13 W
TEMPERATURE IN F: :PCPN: SNOW: WIND :SUNSHINE: SKY :PK WND
================================================================================
1 2 3 4 5 6A 6B 7 8 9 10 11 12 13 14 15 16 17 18
12Z AVG MX 2MIN
DY MAX MIN AVG DEP HDD CDD WTR SNW DPTH SPD SPD DIR MIN PSBL S-S WX SPD DR
================================================================================
1 M M M M M M M 0.0 0 M M M M M M M M
2 96 79 88 0 0 23 T 0.0 0 5.4 23 340 M M 1 29 350
3 96 79 88 0 0 23 T 0.0 0 4.1 12 60 M M 2 16 10
4 98 76 87 -1 0 22 0.03 0.0 0 5.3 16 230 M M 5 13 27 220
5 91 73 82 -6 0 17 0.28 0.0 0 7.0 20 330 M M 5 13 24 330
6 93 75 84 -4 0 19 0.26 0.0 0 6.3 21 140 M M 5 13 26 140
7 98 77 88 0 0 23 0.00 0.0 0 10.7 20 130 M M 0 1 25 130
8 100 77 89 1 0 24 0.00 0.0 0 12.2 22 140 M M 0 28 120
9 101 78 90 2 0 25 0.00 0.0 0 13.1 23 140 M M 1 30 140
10 101 79 90 2 0 25 0.00 0.0 0 12.8 24 140 M M 1 33 140
11 101 76 89 1 0 24 0.00 0.0 0 10.8 22 140 M M 1 31 140
12 102 76 89 1 0 24 0.00 0.0 0 10.3 23 140 M M 1 31 140
13 101 77 89 1 0 24 0.00 0.0 0 9.6 24 130 M M 2 31 140
14 101 76 89 1 0 24 0.00 0.0 0 7.1 18 120 M M 1 22 120
15 100 76 88 0 0 23 0.00 0.0 0 6.3 20 70 M M 1 25 70
16 100 77 89 1 0 24 0.00 0.0 0 7.3 17 130 M M 1 22 150
17 101 79 90 2 0 25 0.00 0.0 0 10.1 21 130 M M 1 26 130
18 104 81 93 5 0 28 0.00 0.0 0 11.3 21 150 M M 2 27 140
19 105 82 94 6 0 29 0.00 0.0 0 12.6 25 140 M M 2 32 140
20 103 78 91 3 0 26 0.00 0.0 0 11.9 23 130 M M 1 28 120
21 102 78 90 2 0 25 0.00 0.0 0 10.0 25 130 M M 2 31 130
22 102 77 90 3 0 25 0.00 0.0 0 9.4 17 130 M M 1 22 190
23 103 75 89 2 0 24 M 0.0 0 6.8 16 130 M M 1 20 130
24 102 77 90 3 0 25 0.00 0.0 0 9.2 20 130 M M 0 24 130
25 102 77 90 3 0 25 0.00 0.0 0 8.2 20 80 M M 1 28 90
26 102 76 89 2 0 24 0.00 0.0 0 6.1 17 140 M M 0 21 140
27 102 77 90 4 0 25 0.04 0.0 0 7.8 24 80 M M 1 31 110
28 98 77 88 2 0 23 0.00 0.0 0 7.9 20 110 M M 4 26 110
29 102 77 90 4 0 25 0.00 0.0 0 7.8 14 120 M M 2 20 120
30 103 77 90 4 0 25 0.00 0.0 0 5.5 14 110 M M 1 19 120
31 105 77 91 5 0 26 0.00 0.0 0 8.0 20 140 M M 0 24 140
================================================================================
SM 3015 2316 0 724 0.61 0.0 260.9 M 46
================================================================================
AV100.5 77.2 8.7 FASTST M M 2 MAX(MPH)
MISC ----> # 25 140 33 140
================================================================================
NOTES:
# LAST OF SEVERAL OCCURRENCES
COLUMN 17 PEAK WIND IN M.P.H.
PRELIMINARY LOCAL CLIMATOLOGICAL DATA (WS FORM: F-6) , PAGE 2
STATION: COTULLA
MONTH: AUGUST
YEAR: 2021
LATITUDE: 28 27 N
LONGITUDE: 99 13 W
[TEMPERATURE DATA] [PRECIPITATION DATA] SYMBOLS USED IN COLUMN 16
AVERAGE MONTHLY: 88.9 TOTAL FOR MONTH: 0.61 1 = FOG OR MIST
DPTR FM NORMAL: 1.2 DPTR FM NORMAL: -1.06 2 = FOG REDUCING VISIBILITY
HIGHEST: 105 ON 31,19 GRTST 24HR 0.54 ON 5- 6 TO 1/4 MILE OR LESS
LOWEST: 73 ON 5 3 = THUNDER
SNOW, ICE PELLETS, HAIL 4 = ICE PELLETS
TOTAL MONTH: 0.0 INCH 5 = HAIL
GRTST 24HR 0.0 6 = FREEZING RAIN OR DRIZZLE
GRTST DEPTH: 0 7 = DUSTSTORM OR SANDSTORM:
VSBY 1/2 MILE OR LESS
8 = SMOKE OR HAZE
[NO. OF DAYS WITH] [WEATHER - DAYS WITH] 9 = BLOWING SNOW
X = TORNADO
MAX 32 OR BELOW: 0 0.01 INCH OR MORE: 4
MAX 90 OR ABOVE: 30 0.10 INCH OR MORE: 2
MIN 32 OR BELOW: 0 0.50 INCH OR MORE: 0
MIN 0 OR BELOW: 0 1.00 INCH OR MORE: 0
[HDD (BASE 65) ]
TOTAL THIS MO. 0 CLEAR (SCALE 0-3) 26
DPTR FM NORMAL 0 PTCLDY (SCALE 4-7) 4
TOTAL FM JUL 1 0 CLOUDY (SCALE 8-10) 1
DPTR FM NORMAL 0
[CDD (BASE 65) ]
TOTAL THIS MO. 724
DPTR FM NORMAL 22 [PRESSURE DATA]
TOTAL FM JAN 1 3078 HIGHEST SLP 30.11 ON 14
DPTR FM NORMAL 90 LOWEST SLP 29.64 ON 31
[REMARKS]
#FINAL-08-21#