000
CXUS52 KJAX 040106
CF6CRG
PRELIMINARY LOCAL CLIMATOLOGICAL DATA (WS FORM: F-6)
STATION: CRAIG EXEC ARPT
MONTH: JANUARY
YEAR: 2022
LATITUDE: 30 19 N
LONGITUDE: 81 31 W
TEMPERATURE IN F: :PCPN: SNOW: WIND :SUNSHINE: SKY :PK WND
================================================================================
1 2 3 4 5 6A 6B 7 8 9 10 11 12 13 14 15 16 17 18
12Z AVG MX 2MIN
DY MAX MIN AVG DEP HDD CDD WTR SNW DPTH SPD SPD DIR MIN PSBL S-S WX SPD DR
================================================================================
1 83 66 75 20 0 10 0.00 0.0 0 7.2 17 230 M M 3 1 25 230
2 85 69 77 22 0 12 0.00 0.0 0 13.5 24 230 M M 1 33 200
3 74 47 61 6 4 0 0.03 0.0 0 15.1 30 300 M M 3 1 46 290
4 69 44 57 2 8 0 T 0.0 0 9.0 20 40 M M 5 1 30 60
5 71 55 63 8 2 0 0.00 0.0 0 5.5 17 310 M M 10 21 300
6 69 46 58 3 7 0 0.00 0.0 0 4.6 15 230 M M 1 12 20 240
7 65 46 56 1 9 0 0.00 0.0 0 7.4 17 340 M M 3 22 360
8 73 43 58 3 7 0 0.00 0.0 0 5.8 16 50 M M 2 24 60
9 81 54 68 13 0 3 0.00 0.0 0 6.4 21 150 M M 1 30 160
10 69 51 60 5 5 0 0.12 0.0 0 9.0 23 30 M M 7 13 35 30
11 61 42 52 -3 13 0 0.00 0.0 0 10.9 20 40 M M 3 31 40
12 67 49 58 3 7 0 0.00 0.0 0 8.4 17 30 M M 2 25 30
13 68 50 59 5 6 0 0.00 0.0 0 5.5 15 320 M M 3 1 21 310
14 65 44 55 0 10 0 0.00 0.0 0 7.4 17 330 M M 0 23 320
15 69 40 55 0 10 0 0.00 0.0 0 3.2 12 90 M M 1 16 110
16 67 48 58 3 7 0 0.58 0.0 0 17.2 31 250 M M 8 1 45 250
17 59 43 51 -4 14 0 0.00 0.0 0 12.7 24 280 M M 3 35 290
18 60 36 48 -7 17 0 0.00 0.0 0 4.6 16 330 M M 0 23 340
19 67 37 52 -3 13 0 0.00 0.0 0 2.6 12 100 M M 0 17 80
20 76 45 61 6 4 0 0.00 0.0 0 4.8 20 220 M M 2 1 29 200
21 63 46 55 0 10 0 0.02 0.0 0 11.1 20 30 M M 8 1 30 20
22 46 39 43 -12 22 0 0.01 0.0 0 11.3 18 20 M M 10 1 25 350
23 56 35 46 -9 19 0 0.00 0.0 0 6.5 14 310 M M 5 22 280
24 62 31 47 -8 18 0 0.00 0.0 0 3.0 12 250 M M 0 14 260
25 62 46 54 -1 11 0 0.02 0.0 0 3.0 9 70 M M 6 14 110
26 62 51 57 2 8 0 0.01 0.0 0 8.8 17 40 M M 10 1 26 40
27 56 51 54 -1 11 0 0.01 0.0 0 14.1 23 30 M M 10 1 36 30
28 57 48 53 -2 12 0 0.02 0.0 0 8.6 32 320 M M 6 1 46 340
29 48 35 42 -14 23 0 0.00 0.0 0 13.8 29 320 M M 1 44 300
30 59 27 43 -13 22 0 0.00 0.0 0 6.7 17 230 M M 0 21 230
31 70 39 55 -1 10 0 0.00 0.0 0 6.2 16 230 M M 0 22 230
================================================================================
SM 2039 1403 309 25 0.82 0.0 253.9 M 114
================================================================================
AV 65.8 45.3 8.2 FASTST M M 4 MAX(MPH)
MISC ----> 32 320 # 46 290
================================================================================
NOTES:
# LAST OF SEVERAL OCCURRENCES
COLUMN 17 PEAK WIND IN M.P.H.
PRELIMINARY LOCAL CLIMATOLOGICAL DATA (WS FORM: F-6) , PAGE 2
STATION: CRAIG EXEC ARPT
MONTH: JANUARY
YEAR: 2022
LATITUDE: 30 19 N
LONGITUDE: 81 31 W
[TEMPERATURE DATA] [PRECIPITATION DATA] SYMBOLS USED IN COLUMN 16
AVERAGE MONTHLY: 55.5 TOTAL FOR MONTH: 0.82 1 = FOG OR MIST
DPTR FM NORMAL: 0.6 DPTR FM NORMAL: -2.17 2 = FOG REDUCING VISIBILITY
HIGHEST: 85 ON 2 GRTST 24HR 0.58 ON 16-16 TO 1/4 MILE OR LESS
LOWEST: 27 ON 30 3 = THUNDER
SNOW, ICE PELLETS, HAIL 4 = ICE PELLETS
TOTAL MONTH: 0.0 INCH 5 = HAIL
GRTST 24HR 0.0 6 = FREEZING RAIN OR DRIZZLE
GRTST DEPTH: 0 7 = DUSTSTORM OR SANDSTORM:
VSBY 1/2 MILE OR LESS
8 = SMOKE OR HAZE
[NO. OF DAYS WITH] [WEATHER - DAYS WITH] 9 = BLOWING SNOW
X = TORNADO
MAX 32 OR BELOW: 0 0.01 INCH OR MORE: 9
MAX 90 OR ABOVE: 0 0.10 INCH OR MORE: 2
MIN 32 OR BELOW: 2 0.50 INCH OR MORE: 1
MIN 0 OR BELOW: 0 1.00 INCH OR MORE: 0
[HDD (BASE 65) ]
TOTAL THIS MO. 309 CLEAR (SCALE 0-3) 20
DPTR FM NORMAL -22 PTCLDY (SCALE 4-7) 6
TOTAL FM JUL 1 546 CLOUDY (SCALE 8-10) 5
DPTR FM NORMAL -178
[CDD (BASE 65) ]
TOTAL THIS MO. 25
DPTR FM NORMAL 9 [PRESSURE DATA]
TOTAL FM JAN 1 25 HIGHEST SLP 30.45 ON 8
DPTR FM NORMAL 9 LOWEST SLP 29.61 ON 16
[REMARKS]
#FINAL-01-22#