000
CXUS54 KCRP 011210
CF6CRP
PRELIMINARY LOCAL CLIMATOLOGICAL DATA (WS FORM: F-6)
STATION: CORPUS CHRISTI
MONTH: JULY
YEAR: 2023
LATITUDE: 27 46 N
LONGITUDE: 97 30 W
TEMPERATURE IN F: :PCPN: SNOW: WIND :SUNSHINE: SKY :PK WND
================================================================================
1 2 3 4 5 6A 6B 7 8 9 10 11 12 13 14 15 16 17 18
12Z AVG MX 2MIN
DY MAX MIN AVG DEP HDD CDD WTR SNW DPTH SPD SPD DIR MIN PSBL S-S WX SPD DR
================================================================================
1 98 80 89 5 0 24 0.00 0.0 0 11.9 22 140 M M 4 30 130
2 98 76 87 3 0 22 0.00 0.0 0 8.1 18 100 M M 7 28 90
3 99 78 89 5 0 24 0.00 0.0 0 8.6 21 100 M M 7 8 27 120
4 98 79 89 5 0 24 0.00 0.0 0 12.8 24 140 M M 6 30 130
5 95 79 87 3 0 22 0.12 0.0 0 11.5 22 140 M M 5 1 33 150
6 85 76 81 -3 0 16 0.25 0.0 0 11.4 26 160 M M 8 1 34 160
7 94 78 86 2 0 21 T 0.0 0 12.2 23 110 M M 8 30 110
8 97 79 88 4 0 23 0.00 0.0 0 11.8 22 150 M M 4 31 120
9 98 80 89 5 0 24 0.00 0.0 0 12.9 23 140 M M 3 31 170
10 98 80 89 5 0 24 0.00 0.0 0 12.4 22 140 M M 4 28 140
11 100 80 90 6 0 25 0.00 0.0 0 15.2 24 150 M M 2 31 140
12 99 82 91 7 0 26 0.00 0.0 0 16.6 29 160 M M 3 39 160
13 99 81 90 6 0 25 0.00 0.0 0 17.1 28 150 M M 3 39 150
14 98 81 90 6 0 25 0.00 0.0 0 17.1 26 150 M M 4 36 150
15 99 79 89 5 0 24 0.00 0.0 0 15.1 24 140 M M 3 32 160
16 103 78 91 7 0 26 0.00 0.0 0 12.0 24 150 M M 3 30 160
17 100 75 88 3 0 23 0.00 0.0 0 11.3 22 120 M M 2 1 31 170
18 101 76 89 4 0 24 0.00 0.0 0 13.0 23 160 M M 1 32 140
19 100 79 90 5 0 25 0.00 0.0 0 14.2 25 140 M M 2 36 130
20 99 78 89 4 0 24 0.00 0.0 0 12.4 23 140 M M 2 34 120
21 99 74 87 2 0 22 0.00 0.0 0 9.0 20 140 M M 2 1 28 130
22 100 75 88 3 0 23 0.00 0.0 0 8.2 18 110 M M 3 12 26 120
23 101 76 89 4 0 24 0.00 0.0 0 8.1 18 140 M M 3 29 120
24 98 78 88 3 0 23 T 0.0 0 8.7 21 150 M M 5 28 120
25 98 76 87 2 0 22 0.02 0.0 0 9.4 22 120 M M 4 29 150
26 102 78 90 5 0 25 0.00 0.0 0 12.5 24 140 M M 2 34 140
27 100 75 88 3 0 23 0.00 0.0 0 11.0 24 110 M M 2 1 39 130
28 98 74 86 1 0 21 0.00 0.0 0 9.7 22 150 M M 4 31 120
29 98 73 86 1 0 21 0.00 0.0 0 9.4 22 140 M M 4 28 140
30 100 75 88 3 0 23 0.00 0.0 0 8.9 18 120 M M 7 26 150
31 100 78 89 3 0 24 0.00 0.0 0 8.5 20 130 M M 7 26 110
================================================================================
SM 3052 2406 0 722 0.39 0.0 361.0 M 124
================================================================================
AV 98.5 77.6 11.6 FASTST M M 4 MAX(MPH)
MISC ----> 29 160 # 39 160
================================================================================
NOTES:
# LAST OF SEVERAL OCCURRENCES
COLUMN 17 PEAK WIND IN M.P.H.
PRELIMINARY LOCAL CLIMATOLOGICAL DATA (WS FORM: F-6) , PAGE 2
STATION: CORPUS CHRISTI
MONTH: JULY
YEAR: 2023
LATITUDE: 27 46 N
LONGITUDE: 97 30 W
[TEMPERATURE DATA] [PRECIPITATION DATA] SYMBOLS USED IN COLUMN 16
AVERAGE MONTHLY: 88.0 TOTAL FOR MONTH: 0.39 1 = FOG OR MIST
DPTR FM NORMAL: 3.4 DPTR FM NORMAL: -2.15 2 = FOG REDUCING VISIBILITY
HIGHEST: 103 ON 16 GRTST 24HR 0.25 ON 6- 6 TO 1/4 MILE OR LESS
LOWEST: 73 ON 29 3 = THUNDER
SNOW, ICE PELLETS, HAIL 4 = ICE PELLETS
TOTAL MONTH: 0.0 INCH 5 = HAIL
GRTST 24HR 0.0 6 = FREEZING RAIN OR DRIZZLE
GRTST DEPTH: 0 7 = DUSTSTORM OR SANDSTORM:
VSBY 1/2 MILE OR LESS
8 = SMOKE OR HAZE
[NO. OF DAYS WITH] [WEATHER - DAYS WITH] 9 = BLOWING SNOW
X = TORNADO
MAX 32 OR BELOW: 0 0.01 INCH OR MORE: 3
MAX 90 OR ABOVE: 30 0.10 INCH OR MORE: 2
MIN 32 OR BELOW: 0 0.50 INCH OR MORE: 0
MIN 0 OR BELOW: 0 1.00 INCH OR MORE: 0
[HDD (BASE 65) ]
TOTAL THIS MO. 0 CLEAR (SCALE 0-3) 12
DPTR FM NORMAL 0 PTCLDY (SCALE 4-7) 19
TOTAL FM JUL 1 0 CLOUDY (SCALE 8-10) 0
DPTR FM NORMAL 0
[CDD (BASE 65) ]
TOTAL THIS MO. 722
DPTR FM NORMAL 114 [PRESSURE DATA]
TOTAL FM JAN 1 2598 HIGHEST SLP 30.12 ON 29
DPTR FM NORMAL 509 LOWEST SLP 29.81 ON 13
[REMARKS]
#FINAL-07-23#