000
CXUS54 KCRP 011210
CF6CRP
PRELIMINARY LOCAL CLIMATOLOGICAL DATA (WS FORM: F-6)
STATION: CORPUS CHRISTI
MONTH: AUGUST
YEAR: 2023
LATITUDE: 27 46 N
LONGITUDE: 97 30 W
TEMPERATURE IN F: :PCPN: SNOW: WIND :SUNSHINE: SKY :PK WND
================================================================================
1 2 3 4 5 6A 6B 7 8 9 10 11 12 13 14 15 16 17 18
12Z AVG MX 2MIN
DY MAX MIN AVG DEP HDD CDD WTR SNW DPTH SPD SPD DIR MIN PSBL S-S WX SPD DR
================================================================================
1 100 76 88 2 0 23 0.00 0.0 0 9.2 20 110 M M 4 18 31 120
2 99 76 88 2 0 23 0.00 0.0 0 9.2 21 120 M M 4 1 29 110
3 101 78 90 4 0 25 0.00 0.0 0 12.1 25 140 M M 3 35 110
4 101 77 89 3 0 24 0.00 0.0 0 14.8 26 130 M M 2 40 140
5 101 79 90 4 0 25 0.00 0.0 0 14.6 24 150 M M 3 32 150
6 100 79 90 4 0 25 0.00 0.0 0 14.1 28 140 M M 3 35 150
7 101 80 91 5 0 26 0.00 0.0 0 15.5 28 150 M M 2 36 160
8 101 80 91 5 0 26 0.00 0.0 0 14.8 29 150 M M 2 36 160
9 101 82 92 6 0 27 0.00 0.0 0 18.8 32 160 M M 2 42 160
10 100 81 91 5 0 26 0.00 0.0 0 17.4 28 160 M M 3 36 160
11 99 81 90 4 0 25 0.00 0.0 0 15.0 28 150 M M 2 36 130
12 100 84 92 6 0 27 0.00 0.0 0 15.9 26 140 M M 4 37 150
13 100 81 91 5 0 26 0.00 0.0 0 14.7 25 120 M M 3 33 120
14 102 78 90 4 0 25 0.00 0.0 0 9.6 20 140 M M 2 30 140
15 103 78 91 5 0 26 0.00 0.0 0 7.8 21 160 M M 4 26 160
16 103 78 91 5 0 26 0.00 0.0 0 6.3 21 130 M M 4 3 29 130
17 103 76 90 4 0 25 0.00 0.0 0 11.9 21 140 M M 2 28 110
18 101 77 89 3 0 24 0.00 0.0 0 12.4 23 130 M M 3 37 190
19 100 78 89 3 0 24 0.00 0.0 0 11.2 24 130 M M 5 32 130
20 100 75 88 2 0 23 0.00 0.0 0 7.9 16 160 M M 7 1 27 60
21 100 77 89 4 0 24 T 0.0 0 10.7 24 90 M M 8 31 110
22 87 77 82 -3 0 17 4.74 0.0 0 18.7 43 90 M M 10 123 62 70
23 94 80 87 2 0 22 0.30 0.0 0 9.1 23 160 M M 6 1 30 160
24 98 77 88 3 0 23 0.00 0.0 0 4.0 12 90 M M 4 1 16 90
25 98 76 87 2 0 22 0.00 0.0 0 7.5 17 90 M M 3 23 110
26 97 78 88 3 0 23 0.00 0.0 0 6.5 17 120 M M 5 1 21 110
27 102 76 89 4 0 24 0.00 0.0 0 6.0 15 150 M M 2 1 18 140
28 100 75 88 3 0 23 0.00 0.0 0 4.2 14 100 M M 5 20 80
29 101 79 90 5 0 25 0.00 0.0 0 5.8 23 90 M M 6 29 90
30 99 75 87 3 0 22 0.00 0.0 0 8.7 17 70 M M 2 25 10
31 99 72 86 2 0 21 0.00 0.0 0 6.9 20 130 M M 2 24 150
================================================================================
SM 3091 2416 0 747 5.04 0.0 341.3 M 117
================================================================================
AV 99.7 77.9 11.0 FASTST M M 4 MAX(MPH)
MISC ----> 43 90 62 70
================================================================================
NOTES:
# LAST OF SEVERAL OCCURRENCES
COLUMN 17 PEAK WIND IN M.P.H.
PRELIMINARY LOCAL CLIMATOLOGICAL DATA (WS FORM: F-6) , PAGE 2
STATION: CORPUS CHRISTI
MONTH: AUGUST
YEAR: 2023
LATITUDE: 27 46 N
LONGITUDE: 97 30 W
[TEMPERATURE DATA] [PRECIPITATION DATA] SYMBOLS USED IN COLUMN 16
AVERAGE MONTHLY: 88.8 TOTAL FOR MONTH: 5.04 1 = FOG OR MIST
DPTR FM NORMAL: 3.4 DPTR FM NORMAL: 2.29 2 = FOG REDUCING VISIBILITY
HIGHEST: 103 ON 17,16 GRTST 24HR 4.74 ON 22-22 TO 1/4 MILE OR LESS
LOWEST: 72 ON 31 3 = THUNDER
SNOW, ICE PELLETS, HAIL 4 = ICE PELLETS
TOTAL MONTH: 0.0 INCH 5 = HAIL
GRTST 24HR 0.0 6 = FREEZING RAIN OR DRIZZLE
GRTST DEPTH: 0 7 = DUSTSTORM OR SANDSTORM:
VSBY 1/2 MILE OR LESS
8 = SMOKE OR HAZE
[NO. OF DAYS WITH] [WEATHER - DAYS WITH] 9 = BLOWING SNOW
X = TORNADO
MAX 32 OR BELOW: 0 0.01 INCH OR MORE: 2
MAX 90 OR ABOVE: 30 0.10 INCH OR MORE: 2
MIN 32 OR BELOW: 0 0.50 INCH OR MORE: 1
MIN 0 OR BELOW: 0 1.00 INCH OR MORE: 1
[HDD (BASE 65) ]
TOTAL THIS MO. 0 CLEAR (SCALE 0-3) 16
DPTR FM NORMAL 0 PTCLDY (SCALE 4-7) 14
TOTAL FM JUL 1 0 CLOUDY (SCALE 8-10) 1
DPTR FM NORMAL 0
[CDD (BASE 65) ]
TOTAL THIS MO. 747
DPTR FM NORMAL 115 [PRESSURE DATA]
TOTAL FM JAN 1 3345 HIGHEST SLP 30.08 ON 15
DPTR FM NORMAL 624 LOWEST SLP 29.74 ON 28
[REMARKS]
#FINAL-08-23#