000
CXUS56 KSGX 011045
CF6CRQ
PRELIMINARY LOCAL CLIMATOLOGICAL DATA (WS FORM: F-6)
STATION: CARLSBAD PALOMAR AIRPORT CA
MONTH: SEPTEMBER
YEAR: 2023
LATITUDE: 33 7 N
LONGITUDE: 117 17 W
TEMPERATURE IN F: :PCPN: SNOW: WIND :SUNSHINE: SKY :PK WND
================================================================================
1 2 3 4 5 6A 6B 7 8 9 10 11 12 13 14 15 16 17 18
12Z AVG MX 2MIN
DY MAX MIN AVG DEP HDD CDD WTR SNW DPTH SPD SPD DIR MIN PSBL S-S WX SPD DR
================================================================================
1 79 69 74 3 0 9 T M M 5.5 13 240 M M 6 17 230
2 80 71 76 5 0 11 0.04 M M 3.6 10 250 M M 8 1 14 270
3 77 69 73 2 0 8 0.00 M M 5.5 14 270 M M 8 20 260
4 75 65 70 -1 0 5 0.00 M M 4.2 14 250 M M 5 19 250
5 73 67 70 0 0 5 0.00 M M 3.9 10 250 M M 9 14 220
6 76 69 73 3 0 8 0.00 M M 2.8 10 270 M M 5 15 280
7 77 67 72 2 0 7 0.00 M M 3.3 10 260 M M 4 15 250
8 82 66 74 4 0 9 0.00 M M 2.9 10 260 M M 3 1 15 270
9 83 69 76 6 0 11 0.00 M M 4.2 10 280 M M 0 15 260
10 84 72 78 8 0 13 T M M 2.7 12 250 M M 0 14 60
11 84 71 78 8 0 13 T M M 2.4 18 260 M M 0 24 260
12 77 68 73 3 0 8 0.00 M M 5.3 13 240 M M 5 16 240
13 75 66 71 1 0 6 0.00 M M 4.4 13 250 M M 5 8 17 270
14 74 66 70 0 0 5 0.00 M M 4.5 12 240 M M 6 16 240
15 71 67 69 -1 0 4 T M M 3.9 12 250 M M 10 16 270
16 70 67 69 -1 0 4 0.01 M M 3.8 13 230 M M 10 18 16 260
17 71 65 68 -2 0 3 0.02 M M 2.9 12 240 M M 10 14 260
18 74 65 70 0 0 5 0.00 M M 3.7 13 240 M M 5 17 240
19 74 63 69 0 0 4 0.00 M M 4.1 15 240 M M 6 18 250
20 74 67 71 2 0 6 T M M 5.4 13 250 M M 7 20 230
21 72 64 68 -1 0 3 T M M 3.6 10 250 M M 7 15 250
22 71 62 67 -2 0 2 0.01 M M 1.9 10 260 M M 1 13 260
23 73 63 68 -1 0 3 0.00 M M 3.1 12 250 M M 2 17 270
24 73 64 69 0 0 4 0.00 M M 2.8 12 260 M M 5 8 14 310
25 73 65 69 0 0 4 0.00 M M 3.5 12 270 M M 6 16 250
26 75 60 68 -1 0 3 0.00 M M 2.8 10 260 M M 3 12 15 270
27 77 58 68 0 0 3 0.00 M M 3.9 12 240 M M 3 1 15 260
28 71 63 67 -1 0 2 0.00 M M 3.6 12 220 M M 9 18 14 240
29 71 66 69 1 0 4 0.00 M M 5.8 13 240 M M 10 17 230
30 70 64 67 -1 0 2 0.04 M M 6.4 14 260 M M 9 19 260
================================================================================
SM 2256 1978 0 174 0.12 M 116.4 M 167
================================================================================
AV 75.2 65.9 3.9 FASTST M M 6 MAX(MPH)
MISC ----> 18 260 24 260
================================================================================
NOTES:
# LAST OF SEVERAL OCCURRENCES
COLUMN 17 PEAK WIND IN M.P.H.
PRELIMINARY LOCAL CLIMATOLOGICAL DATA (WS FORM: F-6) , PAGE 2
STATION: CARLSBAD PALOMAR AIRPORT CA
MONTH: SEPTEMBER
YEAR: 2023
LATITUDE: 33 7 N
LONGITUDE: 117 17 W
[TEMPERATURE DATA] [PRECIPITATION DATA] SYMBOLS USED IN COLUMN 16
AVERAGE MONTHLY: 70.6 TOTAL FOR MONTH: 0.12 1 = FOG OR MIST
DPTR FM NORMAL: 1.0 DPTR FM NORMAL: 0.01 2 = FOG REDUCING VISIBILITY
HIGHEST: 84 ON 11,10 GRTST 24HR 0.04 ON 1- 2 TO 1/4 MILE OR LESS
LOWEST: 58 ON 27 3 = THUNDER
SNOW, ICE PELLETS, HAIL 4 = ICE PELLETS
TOTAL MONTH: M 5 = HAIL
GRTST 24HR M ON M 6 = FREEZING RAIN OR DRIZZLE
GRTST DEPTH: M ON M 7 = DUSTSTORM OR SANDSTORM:
VSBY 1/2 MILE OR LESS
8 = SMOKE OR HAZE
[NO. OF DAYS WITH] [WEATHER - DAYS WITH] 9 = BLOWING SNOW
X = TORNADO
MAX 32 OR BELOW: 0 0.01 INCH OR MORE: 5
MAX 90 OR ABOVE: 0 0.10 INCH OR MORE: 0
MIN 32 OR BELOW: 0 0.50 INCH OR MORE: 0
MIN 0 OR BELOW: 0 1.00 INCH OR MORE: 0
[HDD (BASE 65) ]
TOTAL THIS MO. 0 CLEAR (SCALE 0-3) 7
DPTR FM NORMAL -3 PTCLDY (SCALE 4-7) 15
TOTAL FM JUL 1 0 CLOUDY (SCALE 8-10) 8
DPTR FM NORMAL -2
[CDD (BASE 65) ]
TOTAL THIS MO. 174
DPTR FM NORMAL 32 [PRESSURE DATA]
TOTAL FM JAN 1 593 HIGHEST SLP 30.07 ON 25
DPTR FM NORMAL 82 LOWEST SLP 29.79 ON 1
[REMARKS]
#FINAL-09-23#