000
CXUS51 KRLX 011138
CF6CRW
PRELIMINARY LOCAL CLIMATOLOGICAL DATA (WS FORM: F-6)
STATION: CHARLESTON WV
MONTH: MAY
YEAR: 2022
LATITUDE: 38 22 N
LONGITUDE: 81 36 W
TEMPERATURE IN F: :PCPN: SNOW: WIND :SUNSHINE: SKY :PK WND
================================================================================
1 2 3 4 5 6A 6B 7 8 9 10 11 12 13 14 15 16 17 18
12Z AVG MX 2MIN
DY MAX MIN AVG DEP HDD CDD WTR SNW DPTH SPD SPD DIR MIN PSBL S-S WX SPD DR
================================================================================
1 76 54 65 3 0 0 0.03 0.0 0 7.4 23 230 M M 8 1 34 230
2 78 50 64 2 1 0 0.00 0.0 0 3.6 14 310 M M 1 20 300
3 87 51 69 7 0 4 0.29 0.0 0 6.8 24 310 M M 5 3 36 310
4 69 57 63 1 2 0 0.38 0.0 0 4.7 16 290 M M 9 13 23 330
5 75 56 66 4 0 1 0.00 0.0 0 2.0 7 340 M M 8 10 350
6 65 58 62 -1 3 0 1.81 0.0 0 3.4 14 330 M M 10 13 23 330
7 60 50 55 -8 10 0 0.74 0.0 0 7.6 14 30 M M 10 1 20 20
8 69 43 56 -7 9 0 0.00 0.0 0 4.1 12 60 M M 3 1 16 60
9 78 44 61 -2 4 0 0.00 0.0 0 2.4 9 60 M M 2 14 110
10 84 45 65 2 0 0 0.00 0.0 0 1.3 8 80 M M 1 11 320
11 84 45 65 1 0 0 0.00 0.0 0 2.7 14 20 M M 1 1 19 20
12 86 48 67 3 0 2 0.00 0.0 0 3.8 14 130 M M 2 20 130
13 83 56 70 6 0 5 T 0.0 0 5.6 18 80 M M 4 25 70
14 84 57 71 7 0 6 0.00 0.0 0 3.7 13 150 M M 4 13 16 240
15 84 59 72 8 0 7 0.00 0.0 0 3.3 12 300 M M 3 1 16 290
16 73 56 65 0 0 0 0.23 0.0 0 5.0 21 310 M M 5 13 31 300
17 81 54 68 3 0 3 0.00 0.0 0 6.0 22 300 M M 3 31 270
18 77 50 64 -1 1 0 0.19 0.0 0 2.9 10 220 M M 7 1 15 220
19 83 64 74 9 0 9 T 0.0 0 5.1 13 240 M M 8 18 250
20 91 63 77 12 0 12 T 0.0 0 7.4 22 230 M M 6 3 29 210
21 90 63 77 11 0 12 0.00 0.0 0 5.5 17 200 M M 4 25 210
22 82 63 73 7 0 8 0.03 0.0 0 5.7 17 300 M M 6 24 300
23 64 56 60 -6 5 0 0.49 0.0 0 4.5 13 40 M M 10 1 20 50
24 69 55 62 -4 3 0 0.00 0.0 0 2.1 8 100 M M 9 1 14 70
25 82 57 70 3 0 5 0.00 0.0 0 6.9 21 110 M M 5 1 27 130
26 76 64 70 3 0 5 0.41 0.0 0 5.6 16 240 M M 8 1 22 260
27 71 59 65 -2 0 0 0.72 0.0 0 6.3 21 230 M M 9 13 32 280
28 75 59 67 0 0 2 0.03 0.0 0 4.5 10 250 M M 8 1 15 260
29 84 56 70 2 0 5 0.00 0.0 0 1.9 8 180 M M 5 12 15 230
30 90 58 74 6 0 9 0.00 0.0 0 2.0 10 180 M M 2 1 14 190
31 90 64 77 9 0 12 0.00 0.0 0 1.1 8 250 M M 1 13 290
================================================================================
SM 2440 1714 38 107 5.35 0.0 134.9 M 167
================================================================================
AV 78.7 55.3 4.4 FASTST M M 5 MAX(MPH)
MISC ----> 24 310 36 310
================================================================================
NOTES:
# LAST OF SEVERAL OCCURRENCES
COLUMN 17 PEAK WIND IN M.P.H.
PRELIMINARY LOCAL CLIMATOLOGICAL DATA (WS FORM: F-6) , PAGE 2
STATION: CHARLESTON WV
MONTH: MAY
YEAR: 2022
LATITUDE: 38 22 N
LONGITUDE: 81 36 W
[TEMPERATURE DATA] [PRECIPITATION DATA] SYMBOLS USED IN COLUMN 16
AVERAGE MONTHLY: 67.0 TOTAL FOR MONTH: 5.35 1 = FOG OR MIST
DPTR FM NORMAL: 2.3 DPTR FM NORMAL: 0.42 2 = FOG REDUCING VISIBILITY
HIGHEST: 91 ON 20 GRTST 24HR 2.21 ON 6- 7 TO 1/4 MILE OR LESS
LOWEST: 43 ON 8 3 = THUNDER
SNOW, ICE PELLETS, HAIL 4 = ICE PELLETS
TOTAL MONTH: 0.0 INCH 5 = HAIL
GRTST 24HR 0.0 6 = FREEZING RAIN OR DRIZZLE
GRTST DEPTH: 0 7 = DUSTSTORM OR SANDSTORM:
VSBY 1/2 MILE OR LESS
8 = SMOKE OR HAZE
[NO. OF DAYS WITH] [WEATHER - DAYS WITH] 9 = BLOWING SNOW
X = TORNADO
MAX 32 OR BELOW: 0 0.01 INCH OR MORE: 12
MAX 90 OR ABOVE: 4 0.10 INCH OR MORE: 9
MIN 32 OR BELOW: 0 0.50 INCH OR MORE: 3
MIN 0 OR BELOW: 0 1.00 INCH OR MORE: 1
[HDD (BASE 65) ]
TOTAL THIS MO. 38 CLEAR (SCALE 0-3) 9
DPTR FM NORMAL -66 PTCLDY (SCALE 4-7) 16
TOTAL FM JUL 1 4024 CLOUDY (SCALE 8-10) 6
DPTR FM NORMAL -320
[CDD (BASE 65) ]
TOTAL THIS MO. 107
DPTR FM NORMAL 13 [PRESSURE DATA]
TOTAL FM JAN 1 133 HIGHEST SLP 30.30 ON 10
DPTR FM NORMAL 4 LOWEST SLP 29.48 ON 7
[REMARKS]
#FINAL-05-22#