000
CXUS51 KRLX 020143
CLMCRW
CLIMATE REPORT
NATIONAL WEATHER SERVICE CHARLESTON WV
943 PM EDT SAT JUL 01 2023
...................................
...THE CHARLESTON WV CLIMATE SUMMARY FOR THE MONTH OF JUNE 2023...
CLIMATE NORMAL PERIOD: 1991 TO 2020
CLIMATE RECORD PERIOD: 1901 TO 2023
WEATHER OBSERVED NORMAL DEPART LAST YEAR`S
VALUE DATE(S) VALUE FROM VALUE
NORMAL
..............................................................
TEMPERATURE (F)
RECORD
HIGH 105 06/20/1931
LOW 33 06/11/1972
HIGHEST 90 06/03 95
LOWEST 46 06/08 46
06/09
AVG. MAXIMUM 79.8 83.1 -3.3 84.2
AVG. MINIMUM 57.1 61.5 -4.4 60.0
MEAN 68.4 72.3 -3.9 72.1
DAYS MAX >= 90 1 4.0 -3.0 8
DAYS MAX >= 80 14 23
DAYS MAX >= 100 0 0
DAYS MIN <= 32 0 0.0 0.0 0
PRECIPITATION (INCHES)
RECORD
MAXIMUM 10.56 1998
MINIMUM 0.70 1966
TOTALS 2.04 4.72 -2.68 5.21
DAILY AVG. 0.07 0.16 -0.09 0.17
DAYS >= .01 11 12.5 -1.5 13
DAYS >= .10 5 8.5 -3.5 10
DAYS >= .50 1 3.3 -2.3 5
DAYS >= 1.00 0 1.0 -1.0 1
GREATEST
24 HR. TOTAL 0.59 06/23 TO 06/24 1.27
DEGREE DAYS
HEATING TOTAL 13 10 3 4
SINCE 7/1 3981 4351 -370 MM
COOLING TOTAL 121 229 -108 225
SINCE 1/1 181 358 -177 MM
..............................................................
WIND (MPH)
AVERAGE WIND SPEED 4.3
HIGHEST WIND SPEED/DIRECTION 26/110 DATE 06/03
HIGHEST GUST SPEED/DIRECTION 34/110 DATE 06/03
SKY COVER
AVERAGE SKY COVER 0.58
NUMBER OF DAYS FAIR 6
NUMBER OF DAYS PC 14
NUMBER OF DAYS CLOUDY 10
AVERAGE RH (PERCENT) 71
WEATHER CONDITIONS. NUMBER OF DAYS WITH
THUNDERSTORM 5 MIXED PRECIP 0
HEAVY RAIN 1 RAIN 2
LIGHT RAIN 15 FREEZING RAIN 0
LT FREEZING RAIN 0 HAIL 0
HEAVY SNOW 0 SNOW 0
LIGHT SNOW 0 SLEET 0
FOG 28 FOG W/VIS <= 1/4 MILE 6
HAZE 8
- INDICATES NEGATIVE NUMBERS.
R INDICATES RECORD WAS SET OR TIED.
MM INDICATES DATA IS MISSING.
T INDICATES TRACE AMOUNT.
$$