000
CXUS55 KOHX 011210
CF6CSV
PRELIMINARY LOCAL CLIMATOLOGICAL DATA (WS FORM: F-6)
STATION: CROSSVILLE
MONTH: DECEMBER
YEAR: 2023
LATITUDE: 35 57 N
LONGITUDE: 85 5 W
TEMPERATURE IN F: :PCPN: SNOW: WIND :SUNSHINE: SKY :PK WND
================================================================================
1 2 3 4 5 6A 6B 7 8 9 10 11 12 13 14 15 16 17 18
12Z AVG MX 2MIN
DY MAX MIN AVG DEP HDD CDD WTR SNW DPTH SPD SPD DIR MIN PSBL S-S WX SPD DR
================================================================================
1 57 42 50 8 15 0 0.36 M M 7.3 15 190 M M 10 1 31 190
2 61 56 59 17 6 0 0.26 M M 2.4 9 200 M M 10 12 15 190
3 58 36 47 6 18 0 0.12 M M 6.9 22 260 M M 5 1 30 260
4 55 35 45 4 20 0 T M M 6.9 24 270 M M 5 33 260
5 50 39 45 4 20 0 0.00 M M 7.9 22 310 M M 9 30 330
6 43 25 34 -7 31 0 T M M 6.4 18 310 M M 6 1 29 320
7 56 26 41 1 24 0 0.00 M M 3.8 12 260 M M 0 17 240
8 56 33 45 5 20 0 0.05 M M 6.1 13 180 M M 2 1 22 160
9 59 50 55 15 10 0 1.22 M M 7.8 26 270 M M 10 13 40 270
10 54 31 43 3 22 0 0.38 M M 9.3 20 340 M M 10 1 27 300
11 42 24 33 -7 32 0 M M M 3.9 12 260 M M 3 16 270
12 51 20 36 -4 29 0 0.00 M M 2.0 12 260 M M 0 18 290
13 55 27 41 2 24 0 0.00 M M 3.6 13 40 M M 0 19 60
14 56 28 42 3 23 0 T M M 3.1 10 80 M M 0 14 90
15 58 29 44 5 21 0 0.00 M M 2.3 8 120 M M 0 13 180
16 54 29 42 3 23 0 0.00 M M 5.1 18 150 M M 5 18 29 160
17 49 37 43 5 22 0 0.38 M M 7.1 15 330 M M 10 1 23 300
18 43 26 35 -3 30 0 0.00 M M 13.2 29 280 M M 7 42 280
19 37 19 28 -10 37 0 0.00 M M 4.3 14 360 M M 1 22 350
20 52 24 38 0 27 0 0.00 M M 2.3 8 180 M M 0 12 200
21 57 26 42 4 23 0 0.00 M M 1.1 9 260 M M 0 13 260
22 57 28 43 5 22 0 0.00 M M 3.2 10 140 M M 0 16 140
23 57 44 51 13 14 0 T M M 4.4 12 220 M M 8 19 190
24 61 40 51 14 14 0 0.00 M M 5.0 16 140 M M 2 31 140
25 56 52 54 17 11 0 0.91 M M 8.4 17 120 M M 9 12 31 110
26 53 44 49 12 16 0 0.00 M M 3.8 13 280 M M 10 12 17 270
27 54 39 47 10 18 0 0.00 M M 3.4 12 260 M M 6 12 18 240
28 41 29 35 -2 30 0 0.00 M M 7.0 15 280 M M 7 21 280
29 36 32 34 -2 31 0 0.00 M M 7.9 15 260 M M 10 1 20 270
30 34 31 33 -3 32 0 T M M 7.5 15 260 M M 10 1 20 260
31 53 30 42 6 23 0 0.00 M M 7.0 22 270 M M 2 29 270
================================================================================
SM 1605 1031 688 0 3.68 M 170.4 M 157
================================================================================
AV 51.8 33.3 5.5 FASTST M M 5 MAX(MPH)
MISC ----> 29 280 42 280
================================================================================
NOTES:
# LAST OF SEVERAL OCCURRENCES
COLUMN 17 PEAK WIND IN M.P.H.
PRELIMINARY LOCAL CLIMATOLOGICAL DATA (WS FORM: F-6) , PAGE 2
STATION: CROSSVILLE
MONTH: DECEMBER
YEAR: 2023
LATITUDE: 35 57 N
LONGITUDE: 85 5 W
[TEMPERATURE DATA] [PRECIPITATION DATA] SYMBOLS USED IN COLUMN 16
AVERAGE MONTHLY: 42.5 TOTAL FOR MONTH: 3.68 1 = FOG OR MIST
DPTR FM NORMAL: 3.7 DPTR FM NORMAL: -1.66 2 = FOG REDUCING VISIBILITY
HIGHEST: 61 ON 24, 2 GRTST 24HR 1.47 ON 9-10 TO 1/4 MILE OR LESS
LOWEST: 19 ON 19 3 = THUNDER
SNOW, ICE PELLETS, HAIL 4 = ICE PELLETS
TOTAL MONTH: M 5 = HAIL
GRTST 24HR M ON M 6 = FREEZING RAIN OR DRIZZLE
GRTST DEPTH: M ON M 7 = DUSTSTORM OR SANDSTORM:
VSBY 1/2 MILE OR LESS
8 = SMOKE OR HAZE
[NO. OF DAYS WITH] [WEATHER - DAYS WITH] 9 = BLOWING SNOW
X = TORNADO
MAX 32 OR BELOW: 0 0.01 INCH OR MORE: 8
MAX 90 OR ABOVE: 0 0.10 INCH OR MORE: 7
MIN 32 OR BELOW: 18 0.50 INCH OR MORE: 2
MIN 0 OR BELOW: 0 1.00 INCH OR MORE: 1
[HDD (BASE 65) ]
TOTAL THIS MO. 688 CLEAR (SCALE 0-3) 13
DPTR FM NORMAL -124 PTCLDY (SCALE 4-7) 8
TOTAL FM JUL 1 1461 CLOUDY (SCALE 8-10) 10
DPTR FM NORMAL -259
[CDD (BASE 65) ]
TOTAL THIS MO. 0
DPTR FM NORMAL 0 [PRESSURE DATA]
TOTAL FM JAN 1 759 HIGHEST SLP 30.71 ON 14
DPTR FM NORMAL -132 LOWEST SLP 29.78 ON 3
[REMARKS]
#FINAL-12-23#