908
CXUS52 KTAE 131458
CF6CTY
PRELIMINARY LOCAL CLIMATOLOGICAL DATA (WS FORM: F-6)
STATION: CROSS CITY
MONTH: FEBRUARY
YEAR: 2021
LATITUDE: 29 37 N
LONGITUDE: 83 6 W
TEMPERATURE IN F: :PCPN: SNOW: WIND :SUNSHINE: SKY :PK WND
================================================================================
1 2 3 4 5 6A 6B 7 8 9 10 11 12 13 14 15 16 17 18
12Z AVG MX 2MIN
DY MAX MIN AVG DEP HDD CDD WTR SNW DPTH SPD SPD DIR MIN PSBL S-S WX SPD DR
================================================================================
1 64 45 55 0 10 0 0.00 0.0 0 12.1 17 290 M M 9 1 25 330
2 M M M M M M M M M M M M M M M M M
3 60 25 43 -12 22 0 0.00 0.0 0 4.8 12 250 M M 0 M M
4 66 25 46 -9 19 0 0.00 0.0 0 2.7 10 200 M M 0 M M
5 65 49 57 1 8 0 0.48 0.0 0 6.1 14 20 M M 10 1 23 20
6 59 49 54 -2 11 0 3.21 0.0 0 5.0 8 80 M M 10 13 M M
7 66 43 55 -1 10 0 0.63 0.0 0 6.9 9 10 M M 9 13 20 320
8 76 42 59 3 6 0 0.00 0.0 0 3.8 7 110 M M 6 M M
9 68 59 64 8 1 0 0.01 0.0 M 2.1 8 160 M M 9 12 M M
10 79 58 69 13 0 4 0.01 0.0 M 2.3 9 230 M M 7 12 M M
11 82 58 70 14 0 5 0.00 0.0 0 2.6 12 240 M M 5 12 18 200
12 80 61 71 15 0 6 0.03 0.0 0 3.9 14 210 M M 8 12 17 210
13 74 62 68 11 0 3 0.18 0.0 0 6.2 16 220 M M 8 1 23 220
14 70 59 65 8 0 0 1.54 0.0 0 4.7 8 250 M M 9 13 16 210
15 76 58 67 10 0 2 0.64 0.0 0 7.9 17 180 M M 9 13 30 180
16 61 44 53 -4 12 0 0.00 0.0 M 9.2 16 280 M M 4 24 270
17 65 43 54 -3 11 0 0.00 0.0 0 6.2 9 70 M M 8 M M
18 84 60 72 15 0 7 0.03 0.0 M 12.9 22 180 M M 8 1 32 180
19 74 45 60 2 5 0 0.59 0.0 M 8.4 13 210 M M 9 1 23 220
20 63 38 51 -7 14 0 0.00 0.0 M 5.7 13 30 M M 0 17 30
21 73 34 54 -4 11 0 0.00 0.0 0 6.4 14 80 M M 1 21 130
22 70 56 63 5 2 0 0.07 0.0 M 6.6 17 190 M M 9 1 25 170
23 74 48 61 3 4 0 0.00 0.0 M 3.4 13 350 M M 3 128 17 310
24 77 36 57 -1 8 0 0.00 0.0 M 2.3 9 230 M M 0 M M
25 80 45 63 4 2 0 0.00 0.0 0 2.9 9 240 M M 4 12 M M
26 79 50 65 6 0 0 0.00 0.0 0 2.4 10 230 M M 3 128 16 160
27 84 54 69 10 0 4 0.00 0.0 0 4.0 15 220 M M 2 21 220
28 83 59 71 12 0 6 0.00 0.0 0 5.7 15 180 M M 1 18 22 210
================================================================================
SM 1952 1305 156 37 7.42 0.0 147.2 M 151
================================================================================
AV 72.3 48.3 5.5 FASTST M M 6 MAX(MPH)
MISC ----> 22 180 32 180
================================================================================
NOTES:
# LAST OF SEVERAL OCCURRENCES
COLUMN 17 PEAK WIND IN M.P.H.
PRELIMINARY LOCAL CLIMATOLOGICAL DATA (WS FORM: F-6) , PAGE 2
STATION: CROSS CITY
MONTH: FEBRUARY
YEAR: 2021
LATITUDE: 29 37 N
LONGITUDE: 83 6 W
[TEMPERATURE DATA] [PRECIPITATION DATA] SYMBOLS USED IN COLUMN 16
AVERAGE MONTHLY: 60.3 TOTAL FOR MONTH: 7.42 1 = FOG OR MIST
DPTR FM NORMAL: 3.4 DPTR FM NORMAL: 4.15 2 = FOG REDUCING VISIBILITY
HIGHEST: 84 ON 27,18 GRTST 24HR 3.21 ON 6- 6 TO 1/4 MILE OR LESS
LOWEST: 25 ON 4, 3 3 = THUNDER
SNOW, ICE PELLETS, HAIL 4 = ICE PELLETS
TOTAL MONTH: 0.0 INCH 5 = HAIL
GRTST 24HR 0.0 6 = FREEZING RAIN OR DRIZZLE
GRTST DEPTH: 0 7 = DUSTSTORM OR SANDSTORM:
VSBY 1/2 MILE OR LESS
8 = SMOKE OR HAZE
[NO. OF DAYS WITH] [WEATHER - DAYS WITH] 9 = BLOWING SNOW
X = TORNADO
MAX 32 OR BELOW: 0 0.01 INCH OR MORE: 12
MAX 90 OR ABOVE: 0 0.10 INCH OR MORE: 7
MIN 32 OR BELOW: 2 0.50 INCH OR MORE: 5
MIN 0 OR BELOW: 0 1.00 INCH OR MORE: 2
[HDD (BASE 65) ]
TOTAL THIS MO. 156 CLEAR (SCALE 0-3) 8
DPTR FM NORMAL -86 PTCLDY (SCALE 4-7) 10
TOTAL FM JUL 1 927 CLOUDY (SCALE 8-10) 9
DPTR FM NORMAL -192
[CDD (BASE 65) ]
TOTAL THIS MO. 37
DPTR FM NORMAL 21 [PRESSURE DATA]
TOTAL FM JAN 1 66 HIGHEST SLP M ON M
DPTR FM NORMAL 33 LOWEST SLP M ON M
[REMARKS]
#FINAL-02-21#