000
CXUS52 KTAE 010800
CF6CTY
PRELIMINARY LOCAL CLIMATOLOGICAL DATA (WS FORM: F-6)
STATION: CROSS CITY
MONTH: MARCH
YEAR: 2021
LATITUDE: 29 37 N
LONGITUDE: 83 6 W
TEMPERATURE IN F: :PCPN: SNOW: WIND :SUNSHINE: SKY :PK WND
================================================================================
1 2 3 4 5 6A 6B 7 8 9 10 11 12 13 14 15 16 17 18
12Z AVG MX 2MIN
DY MAX MIN AVG DEP HDD CDD WTR SNW DPTH SPD SPD DIR MIN PSBL S-S WX SPD DR
================================================================================
1 77 62 70 11 0 5 0.30 0.0 0 6.2 18 360 M M 8 25 360
2 62 57 60 0 5 0 0.86 M M 6.3 9 100 M M 10 1 18 350
3 M M M M M M 0.58 M M 8.4 13 350 M M 9 8 21 330
4 M M M M M M 0.00 0.0 M 4.6 13 270 M M 0 20 270
5 M M M M M M 0.00 0.0 M 4.2 12 20 M M 0 16 40
6 99 99 99 39 0 34 0.07 0.0 M 7.7 15 30 M M 8 23 40
7 M M M M M M 0.00 0.0 M 8.4 16 30 M M 1 24 30
8 M M M M M M 0.00 0.0 M 5.4 13 70 M M 0 18 70
9 M M M M M M 0.00 0.0 M 4.6 10 40 M M 0 17 100
10 M M M M M M 0.00 0.0 M 4.4 12 110 M M 0 21 110
11 M M M M M M 0.00 0.0 M 3.3 9 270 M M 0 M M
12 M M M M M M 0.00 0.0 M 3.4 14 280 M M 0 17 20
13 M M M M M M 0.00 0.0 M 3.4 12 200 M M 0 16 200
14 M M M M M M 0.00 0.0 M 4.3 13 270 M M 1 18 M M
15 82 60 71 9 0 6 0.00 0.0 M 3.4 14 220 M M 2 128 M M
16 83 57 70 8 0 5 0.00 0.0 M 7.3 18 190 M M 4 1 25 200
17 83 58 71 9 0 6 0.00 0.0 M 7.6 17 200 M M 2 1 23 220
18 76 57 67 4 0 2 0.94 0.0 M 10.6 18 180 M M 6 123 31 190
19 69 50 60 -3 5 0 0.00 0.0 M 8.0 14 290 M M 3 20 310
20 61 52 57 -6 8 0 0.00 0.0 M 10.0 15 40 M M 9 23 40
21 58 49 54 -9 11 0 0.03 0.0 0 10.2 18 30 M M 10 1 22 10
22 73 53 63 0 2 0 0.00 0.0 0 7.5 14 20 M M 7 18 50
23 80 52 66 2 0 1 0.00 0.0 M 3.3 8 220 M M 6 M M
24 81 53 67 3 0 2 0.00 M M 3.0 12 190 M M 1 1 18 150
25 86 54 70 6 0 5 0.00 M M 8.4 23 190 M M 0 1 28 190
26 84 64 74 10 0 9 0.00 M M 7.4 16 190 M M 7 12 22 220
27 87 63 75 11 0 10 0.00 0.0 M 4.8 14 250 M M 5 12 20 220
28 81 62 72 8 0 7 0.00 0.0 M 6.9 20 190 M M 5 1 27 190
29 77 62 70 6 0 5 0.00 0.0 M 6.8 13 30 M M 3 18 360
30 83 61 72 8 0 7 0.46 0.0 M 5.5 8 10 M M 6 13 M M
31 85 65 75 10 0 10 0.08 0.0 0 7.3 15 250 M M 3 1 22 360
================================================================================
SM 1567 1190 31 114 3.32 0.0 192.6 M 116
================================================================================
AV 78.4 59.5 6.2 FASTST M M 4 MAX(MPH)
MISC ----> 23 190 31 190
================================================================================
NOTES:
# LAST OF SEVERAL OCCURRENCES
COLUMN 17 PEAK WIND IN M.P.H.
PRELIMINARY LOCAL CLIMATOLOGICAL DATA (WS FORM: F-6) , PAGE 2
STATION: CROSS CITY
MONTH: MARCH
YEAR: 2021
LATITUDE: 29 37 N
LONGITUDE: 83 6 W
[TEMPERATURE DATA] [PRECIPITATION DATA] SYMBOLS USED IN COLUMN 16
AVERAGE MONTHLY: 68.9 TOTAL FOR MONTH: 3.32 1 = FOG OR MIST
DPTR FM NORMAL: 6.7 DPTR FM NORMAL: -0.89 2 = FOG REDUCING VISIBILITY
HIGHEST: 99 ON 6 GRTST 24HR 0.94 ON 18-18 TO 1/4 MILE OR LESS
LOWEST: 49 ON 21 3 = THUNDER
SNOW, ICE PELLETS, HAIL 4 = ICE PELLETS
TOTAL MONTH: 0.0 INCH 5 = HAIL
GRTST 24HR 0.0 6 = FREEZING RAIN OR DRIZZLE
GRTST DEPTH: 0 7 = DUSTSTORM OR SANDSTORM:
VSBY 1/2 MILE OR LESS
8 = SMOKE OR HAZE
[NO. OF DAYS WITH] [WEATHER - DAYS WITH] 9 = BLOWING SNOW
X = TORNADO
MAX 32 OR BELOW: 0 0.01 INCH OR MORE: 8
MAX 90 OR ABOVE: 1 0.10 INCH OR MORE: 5
MIN 32 OR BELOW: 0 0.50 INCH OR MORE: 3
MIN 0 OR BELOW: 0 1.00 INCH OR MORE: 0
[HDD (BASE 65) ]
TOTAL THIS MO. 31 CLEAR (SCALE 0-3) 17
DPTR FM NORMAL -104 PTCLDY (SCALE 4-7) 10
TOTAL FM JUL 1 958 CLOUDY (SCALE 8-10) 4
DPTR FM NORMAL -298
[CDD (BASE 65) ]
TOTAL THIS MO. 114
DPTR FM NORMAL 67 [PRESSURE DATA]
TOTAL FM JAN 1 180 HIGHEST SLP M ON M
DPTR FM NORMAL 106 LOWEST SLP M ON M
[REMARKS]
#FINAL-03-21#