000
CXUS51 KILN 010540
CF6CVG
PRELIMINARY LOCAL CLIMATOLOGICAL DATA (WS FORM: F-6)
STATION: CINCINNATI OH
MONTH: DECEMBER
YEAR: 2022
LATITUDE: 39 2 N
LONGITUDE: 84 40 W
TEMPERATURE IN F: :PCPN: SNOW: WIND :SUNSHINE: SKY :PK WND
================================================================================
1 2 3 4 5 6A 6B 7 8 9 10 11 12 13 14 15 16 17 18
12Z AVG MX 2MIN
DY MAX MIN AVG DEP HDD CDD WTR SNW DPTH SPD SPD DIR MIN PSBL S-S WX SPD DR
================================================================================
1 38 20 29 -10 36 0 0.00 0.0 0 5.9 18 280 M M 3 22 280
2 59 28 44 5 21 0 0.03 0.0 0 14.2 26 190 M M 8 37 190
3 55 27 41 2 24 0 0.08 0.0 0 12.8 35 310 M M 6 1 41 310
4 41 20 31 -7 34 0 0.00 0.0 0 5.2 12 180 M M 4 14 180
5 48 25 37 -1 28 0 T 0.0 0 7.9 15 160 M M 7 1 19 170
6 54 44 49 11 16 0 0.84 0.0 0 4.9 18 330 M M 10 123 20 330
7 53 46 50 12 15 0 0.01 0.0 0 5.1 12 320 M M 10 12 14 300
8 47 44 46 9 19 0 0.06 0.0 0 8.1 14 80 M M 10 1 17 70
9 51 41 46 9 19 0 T 0.0 0 7.6 15 100 M M 10 128 18 100
10 47 40 44 7 21 0 0.00 0.0 0 4.1 12 130 M M 10 18 13 130
11 46 40 43 6 22 0 T 0.0 0 6.9 13 320 M M 10 1 18 320
12 47 35 41 5 24 0 0.00 0.0 0 8.3 15 70 M M 9 20 70
13 45 30 38 2 27 0 0.00 0.0 0 10.3 17 80 M M 7 18 20 100
14 52 39 46 10 19 0 0.84 0.0 0 11.3 22 130 M M 10 1 26 130
15 55 39 47 11 18 0 0.17 0.0 0 10.2 25 270 M M 10 1 32 260
16 43 32 38 3 27 0 T 0.0 0 11.1 23 210 M M 9 33 210
17 33 27 30 -5 35 0 T T 0 10.5 23 260 M M 10 1 32 270
18 33 21 27 -8 38 0 T T 0 9.7 21 280 M M 6 1 32 280
19 33 16 25 -10 40 0 0.00 0.0 0 4.0 10 300 M M 5 15 280
20 45 27 36 1 29 0 0.00 0.0 0 5.0 9 100 M M 4 12 30
21 42 22 32 -2 33 0 0.00 0.0 0 5.4 12 80 M M 6 18 13 70
22 45 10 28 -6 37 0 0.24 3.6 0 11.1 31 310 M M 10 129 40 310
23 10 -8 1 -33 64 0 0.04 1.6 3 19.3 36 280 M M 8 1289 45 280
24 14 -1 7 -27 58 0 T 0.0 2 14.6 23 230 M M 7 189 30 260
25 17 5 11 -23 54 0 0.00 0.0 2 9.8 17 230 M M 1 25 250
26 25 12 19 -15 46 0 0.04 0.4 2 7.4 14 170 M M 10 1 17 180
27 32 24 28 -5 37 0 0.00 0.0 2 5.3 13 190 M M 10 18 18 190
28 49 21 35 2 30 0 0.00 0.0 2 11.3 23 180 M M 3 1 27 180
29 60 41 51 18 14 0 0.00 0.0 T 12.3 24 200 M M 8 38 200
30 65 50 58 25 7 0 0.02 0.0 0 10.5 17 200 M M 9 25 190
31 56 38 47 14 18 0 0.32 0.0 0 6.7 15 270 M M 9 1 17 280
================================================================================
SM 1340 855 910 0 2.69 5.6 276.8 M 239
================================================================================
AV 43.2 27.6 8.9 FASTST M M 8 MAX(MPH)
MISC ----> 36 280 45 280
================================================================================
NOTES:
# LAST OF SEVERAL OCCURRENCES
COLUMN 17 PEAK WIND IN M.P.H.
PRELIMINARY LOCAL CLIMATOLOGICAL DATA (WS FORM: F-6) , PAGE 2
STATION: CINCINNATI OH
MONTH: DECEMBER
YEAR: 2022
LATITUDE: 39 2 N
LONGITUDE: 84 40 W
[TEMPERATURE DATA] [PRECIPITATION DATA] SYMBOLS USED IN COLUMN 16
AVERAGE MONTHLY: 35.4 TOTAL FOR MONTH: 2.69 1 = FOG OR MIST
DPTR FM NORMAL: -0.2 DPTR FM NORMAL: -1.04 2 = FOG REDUCING VISIBILITY
HIGHEST: 65 ON 30 GRTST 24HR 1.01 ON 14-15 TO 1/4 MILE OR LESS
LOWEST: -8 ON 23 3 = THUNDER
SNOW, ICE PELLETS, HAIL 4 = ICE PELLETS
TOTAL MONTH: 5.6 INCHES 5 = HAIL
GRTST 24HR 3.6 ON 22-22 6 = FREEZING RAIN OR DRIZZLE
GRTST DEPTH: 3 ON 23 7 = DUSTSTORM OR SANDSTORM:
VSBY 1/2 MILE OR LESS
8 = SMOKE OR HAZE
[NO. OF DAYS WITH] [WEATHER - DAYS WITH] 9 = BLOWING SNOW
X = TORNADO
MAX 32 OR BELOW: 5 0.01 INCH OR MORE: 12
MAX 90 OR ABOVE: 0 0.10 INCH OR MORE: 5
MIN 32 OR BELOW: 19 0.50 INCH OR MORE: 2
MIN 0 OR BELOW: 2 1.00 INCH OR MORE: 0
[HDD (BASE 65) ]
TOTAL THIS MO. 910 CLEAR (SCALE 0-3) 2
DPTR FM NORMAL -1 PTCLDY (SCALE 4-7) 11
TOTAL FM JUL 1 1834 CLOUDY (SCALE 8-10) 18
DPTR FM NORMAL -46
[CDD (BASE 65) ]
TOTAL THIS MO. 0
DPTR FM NORMAL 0 [PRESSURE DATA]
TOTAL FM JAN 1 1324 HIGHEST SLP 30.58 ON 1
DPTR FM NORMAL 163 LOWEST SLP 29.51 ON 15
[REMARKS]
#FINAL-12-22#