000
CXUS54 KHGX 041455
CF6CXO
PRELIMINARY LOCAL CLIMATOLOGICAL DATA (WS FORM: F-6)
STATION: CONROE
MONTH: MARCH
YEAR: 2021
LATITUDE: 30 21 N
LONGITUDE: 95 25 W
TEMPERATURE IN F: :PCPN: SNOW: WIND :SUNSHINE: SKY :PK WND
================================================================================
1 2 3 4 5 6A 6B 7 8 9 10 11 12 13 14 15 16 17 18
12Z AVG MX 2MIN
DY MAX MIN AVG DEP HDD CDD WTR SNW DPTH SPD SPD DIR MIN PSBL S-S WX SPD DR
================================================================================
1 71 49 60 3 5 0 0.65 0.0 0 9.1 18 30 M M 10 13 30 40
2 64 39 52 -5 13 0 0.01 0.0 0 6.9 17 60 M M 4 1 26 80
3 69 33 51 -6 14 0 0.00 0.0 0 1.0 9 120 M M 0 11 80
4 73 35 54 -3 11 0 0.00 0.0 0 5.4 15 150 M M 0 19 190
5 76 47 62 4 3 0 T 0.0 0 4.5 14 30 M M 6 1 21 30
6 68 42 55 -3 10 0 0.00 0.0 0 6.3 15 70 M M 3 22 70
7 70 33 52 -6 13 0 0.00 0.0 0 4.2 15 180 M M 0 20 100
8 73 34 54 -4 11 0 0.00 0.0 0 6.1 18 150 M M 0 23 160
9 75 50 63 4 2 0 T 0.0 0 10.5 24 160 M M 6 1 30 150
10 80 58 69 10 0 4 T 0.0 0 13.1 26 160 M M 9 1 32 170
11 81 68 75 16 0 10 0.00 0.0 0 12.4 22 160 M M 9 28 160
12 81 65 73 14 0 8 T 0.0 0 10.4 23 160 M M 7 1 28 140
13 83 61 72 12 0 7 0.00 0.0 0 10.7 23 170 M M 7 12 30 140
14 74 57 66 6 0 1 0.52 0.0 0 7.6 22 160 M M 10 1 27 160
15 77 55 66 6 0 1 T 0.0 0 2.5 12 180 M M 9 12 15 190
16 81 66 74 14 0 9 T 0.0 0 7.7 16 150 M M 9 1 23 130
17 78 53 66 5 0 1 0.05 0.0 0 12.5 28 310 M M 7 1 38 330
18 66 42 54 -7 11 0 0.00 0.0 0 12.2 24 320 M M 0 30 310
19 66 41 54 -7 11 0 0.00 0.0 0 8.2 17 330 M M 1 24 320
20 69 36 53 -8 12 0 0.00 0.0 0 3.7 13 90 M M 0 1 19 60
21 71 36 54 -8 11 0 0.00 0.0 0 4.7 14 160 M M 1 18 180
22 75 52 64 2 1 0 0.04 0.0 0 10.1 25 130 M M 7 1 34 140
23 82 48 65 3 0 0 0.28 0.0 0 5.4 22 200 M M 3 138 29 180
24 70 47 59 -3 6 0 0.01 0.0 0 6.3 15 120 M M 9 18 26 130
25 79 47 63 1 2 0 T 0.0 0 6.8 18 340 M M 4 1 25 300
26 85 44 65 2 0 0 0.00 0.0 0 6.4 17 150 M M 1 18 21 160
27 82 71 77 14 0 12 T 0.0 0 9.2 17 160 M M 9 18 22 150
28 72 43 58 -5 7 0 0.02 0.0 0 7.0 20 360 M M 4 12 30 10
29 76 38 57 -6 8 0 0.00 0.0 0 4.5 12 150 M M 1 18 170
30 85 59 72 9 0 7 0.00 0.0 0 9.9 23 180 M M 8 1 29 180
31 75 57 66 2 0 1 0.01 0.0 0 6.7 18 10 M M 10 18 29 20
================================================================================
SM 2327 1506 151 61 1.59 0.0 232.0 M 154
================================================================================
AV 75.1 48.6 7.5 FASTST M M 5 MAX(MPH)
MISC ----> 28 310 38 330
================================================================================
NOTES:
# LAST OF SEVERAL OCCURRENCES
COLUMN 17 PEAK WIND IN M.P.H.
PRELIMINARY LOCAL CLIMATOLOGICAL DATA (WS FORM: F-6) , PAGE 2
STATION: CONROE
MONTH: MARCH
YEAR: 2021
LATITUDE: 30 21 N
LONGITUDE: 95 25 W
[TEMPERATURE DATA] [PRECIPITATION DATA] SYMBOLS USED IN COLUMN 16
AVERAGE MONTHLY: 61.8 TOTAL FOR MONTH: 1.59 1 = FOG OR MIST
DPTR FM NORMAL: 1.5 DPTR FM NORMAL: -1.60 2 = FOG REDUCING VISIBILITY
HIGHEST: 85 ON 30,26 GRTST 24HR 0.66 ON 1- 2 TO 1/4 MILE OR LESS
LOWEST: 33 ON 7, 3 3 = THUNDER
SNOW, ICE PELLETS, HAIL 4 = ICE PELLETS
TOTAL MONTH: 0.0 INCH 5 = HAIL
GRTST 24HR 0.0 6 = FREEZING RAIN OR DRIZZLE
GRTST DEPTH: 0 7 = DUSTSTORM OR SANDSTORM:
VSBY 1/2 MILE OR LESS
8 = SMOKE OR HAZE
[NO. OF DAYS WITH] [WEATHER - DAYS WITH] 9 = BLOWING SNOW
X = TORNADO
MAX 32 OR BELOW: 0 0.01 INCH OR MORE: 9
MAX 90 OR ABOVE: 0 0.10 INCH OR MORE: 3
MIN 32 OR BELOW: 0 0.50 INCH OR MORE: 2
MIN 0 OR BELOW: 0 1.00 INCH OR MORE: 0
[HDD (BASE 65) ]
TOTAL THIS MO. 151 CLEAR (SCALE 0-3) 12
DPTR FM NORMAL -42 PTCLDY (SCALE 4-7) 9
TOTAL FM JUL 1 1581 CLOUDY (SCALE 8-10) 10
DPTR FM NORMAL -91
[CDD (BASE 65) ]
TOTAL THIS MO. 61
DPTR FM NORMAL 16 [PRESSURE DATA]
TOTAL FM JAN 1 97 HIGHEST SLP 30.48 ON 8
DPTR FM NORMAL 29 LOWEST SLP 29.55 ON 25
[REMARKS]
#FINAL-03-21#