000
CXUS56 KSGX 011245
CF6CZZ
PRELIMINARY LOCAL CLIMATOLOGICAL DATA (WS FORM: F-6)
STATION: CAMPO ASOS CA
MONTH: APRIL
YEAR: 2020
LATITUDE: 32 37 N
LONGITUDE: 116 28 W
TEMPERATURE IN F: :PCPN: SNOW: WIND :SUNSHINE: SKY :PK WND
================================================================================
1 2 3 4 5 6A 6B 7 8 9 10 11 12 13 14 15 16 17 18
12Z AVG MX 2MIN
DY MAX MIN AVG DEP HDD CDD WTR SNW DPTH SPD SPD DIR MIN PSBL S-S WX SPD DR
================================================================================
1 70 42 56 3 9 0 0.00 0.0 0 8.0 20 220 M M 0 24 200
2 63 36 50 -3 15 0 0.00 0.0 0 8.8 21 220 M M 0 25 210
3 64 30 47 -6 18 0 0.00 0.0 0 6.3 21 200 M M 0 24 230
4 62 41 52 -1 13 0 0.00 0.0 0 8.7 20 240 M M 0 25 220
5 61 46 54 1 11 0 0.00 0.0 0 10.9 20 250 M M 0 24 260
6 57 46 52 -1 13 0 0.03 M 0 12.1 22 190 M M 0 25 200
7 60 46 53 -1 12 0 0.26 M 0 6.0 25 210 M M 0 32 230
8 51 40 46 -8 19 0 0.54 M 0 9.0 23 220 M M 0 29 210
9 54 39 47 -7 18 0 0.24 M 0 5.6 16 230 M M 0 19 220
10 49 41 45 -9 20 0 1.16 M 0 7.3 22 200 M M 0 26 180
11 59 43 51 -3 14 0 0.00 0.0 0 7.0 17 220 M M 0 21 230
12 52 47 50 -4 15 0 0.00 0.0 0 9.0 15 240 M M 0 19 230
13 54 45 50 -4 15 0 0.02 M 0 6.8 14 230 M M 0 17 220
14 69 40 55 0 10 0 0.00 0.0 0 9.9 33 60 M M 0 40 60
15 76 34 55 0 10 0 0.00 0.0 0 6.5 16 260 M M 0 21 260
16 70 33 52 -3 13 0 0.00 0.0 0 7.8 21 220 M M 0 26 220
17 62 33 48 -7 17 0 0.00 M 0 8.3 20 240 M M 0 27 240
18 59 47 53 -2 12 0 0.04 M 0 7.6 15 290 M M 0 20 290
19 63 48 56 0 9 0 0.00 0.0 0 7.6 21 220 M M 0 24 210
20 66 50 58 2 7 0 0.00 0.0 0 10.4 20 220 M M 0 26 230
21 66 49 58 2 7 0 0.00 0.0 0 8.8 18 230 M M 0 25 220
22 84 43 64 8 1 0 0.00 0.0 0 6.7 18 290 M M 0 25 40
23 83 43 63 7 2 0 0.00 0.0 0 7.6 16 220 M M 0 20 220
24 88 47 68 11 0 3 0.00 0.0 0 9.6 28 50 M M 0 33 50
25 93 50 72 15 0 7 0.00 0.0 0 5.8 16 290 M M 0 21 290
26 86 45 66 9 0 1 0.00 0.0 0 8.3 21 240 M M 0 25 270
27 82 41 62 5 3 0 0.00 0.0 0 8.1 20 220 M M 0 24 230
28 91 41 66 8 0 1 0.00 0.0 0 8.6 21 60 M M 0 26 50
29 88 47 68 10 0 3 0.00 0.0 0 7.5 18 200 M M 0 21 200
30 80 48 64 6 1 0 0.00 0.0 0 6.7 20 200 M M 0 22 200
================================================================================
SM 2062 1281 284 15 2.29 0.0 241.3 M 0
================================================================================
AV 68.7 42.7 8.0 FASTST M M 0 MAX(MPH)
MISC ----> # 33 60 # 40 60
================================================================================
NOTES:
# LAST OF SEVERAL OCCURRENCES
COLUMN 17 PEAK WIND IN M.P.H.
PRELIMINARY LOCAL CLIMATOLOGICAL DATA (WS FORM: F-6) , PAGE 2
STATION: CAMPO ASOS CA
MONTH: APRIL
YEAR: 2020
LATITUDE: 32 37 N
LONGITUDE: 116 28 W
[TEMPERATURE DATA] [PRECIPITATION DATA] SYMBOLS USED IN COLUMN 16
AVERAGE MONTHLY: 55.7 TOTAL FOR MONTH: 2.29 1 = FOG OR MIST
DPTR FM NORMAL: 0.6 DPTR FM NORMAL: 1.33 2 = FOG REDUCING VISIBILITY
HIGHEST: 93 ON 25 GRTST 24HR 1.16 ON 10-10 TO 1/4 MILE OR LESS
LOWEST: 30 ON 3 3 = THUNDER
SNOW, ICE PELLETS, HAIL 4 = ICE PELLETS
TOTAL MONTH: 0.0 INCH 5 = HAIL
GRTST 24HR 0.0 6 = FREEZING RAIN OR DRIZZLE
GRTST DEPTH: 0 7 = DUSTSTORM OR SANDSTORM:
VSBY 1/2 MILE OR LESS
8 = SMOKE OR HAZE
[NO. OF DAYS WITH] [WEATHER - DAYS WITH] 9 = BLOWING SNOW
X = TORNADO
MAX 32 OR BELOW: 0 0.01 INCH OR MORE: 7
MAX 90 OR ABOVE: 2 0.10 INCH OR MORE: 4
MIN 32 OR BELOW: 1 0.50 INCH OR MORE: 2
MIN 0 OR BELOW: 0 1.00 INCH OR MORE: 1
[HDD (BASE 65) ]
TOTAL THIS MO. 284 CLEAR (SCALE 0-3) 30
DPTR FM NORMAL -16 PTCLDY (SCALE 4-7) 0
TOTAL FM JUL 1 2716 CLOUDY (SCALE 8-10) 0
DPTR FM NORMAL -52
[CDD (BASE 65) ]
TOTAL THIS MO. 15
DPTR FM NORMAL 12 [PRESSURE DATA]
TOTAL FM JAN 1 15 HIGHEST SLP 30.08 ON 14
DPTR FM NORMAL 12 LOWEST SLP 29.75 ON 1
[REMARKS]
#FINAL-04-20#