000
CXUS51 KILN 010545
CF6DAY
PRELIMINARY LOCAL CLIMATOLOGICAL DATA (WS FORM: F-6)
STATION: DAYTON OH
MONTH: JULY
YEAR: 2022
LATITUDE: 39 54 N
LONGITUDE: 84 12 W
TEMPERATURE IN F: :PCPN: SNOW: WIND :SUNSHINE: SKY :PK WND
================================================================================
1 2 3 4 5 6A 6B 7 8 9 10 11 12 13 14 15 16 17 18
12Z AVG MX 2MIN
DY MAX MIN AVG DEP HDD CDD WTR SNW DPTH SPD SPD DIR MIN PSBL S-S WX SPD DR
================================================================================
1 95 71 83 7 0 18 0.27 0.0 0 10.5 22 260 M M 5 13 32 250
2 87 71 79 3 0 14 0.00 0.0 0 6.3 14 330 M M 8 1 18 280
3 88 65 77 1 0 12 T 0.0 0 5.4 12 100 M M 3 14 50
4 90 68 79 3 0 14 0.00 0.0 0 7.8 16 130 M M 4 26 140
5 91 70 81 5 0 16 0.82 0.0 0 10.9 23 300 M M 6 13 32 310
6 80 70 75 -1 0 10 1.47 0.0 0 6.6 28 340 M M 9 13 35 350
7 85 67 76 0 0 11 0.00 0.0 0 5.5 10 70 M M 7 16 70
8 75 68 72 -4 0 7 0.23 0.0 0 8.4 17 50 M M 10 1 22 70
9 84 62 73 -3 0 8 T 0.0 0 10.6 21 20 M M 7 26 20
10 86 59 73 -3 0 8 0.00 0.0 0 5.5 10 360 M M 1 20 30
11 87 66 77 1 0 12 0.00 0.0 0 9.5 21 220 M M 4 26 240
12 87 69 78 2 0 13 T 0.0 0 11.0 23 270 M M 4 28 270
13 87 64 76 0 0 11 0.00 0.0 0 7.6 23 360 M M 3 29 350
14 84 63 74 -2 0 9 0.00 0.0 0 5.6 13 20 M M 3 18 15 10
15 86 63 75 -1 0 10 0.07 0.0 0 6.3 13 280 M M 6 1 17 290
16 88 68 78 2 0 13 0.08 0.0 0 6.2 14 230 M M 9 1 17 230
17 79 68 74 -2 0 9 2.64 0.0 0 10.2 22 230 M M 10 13 28 210
18 85 68 77 1 0 12 0.02 0.0 0 5.6 10 310 M M 8 18 13 310
19 88 67 78 2 0 13 0.00 0.0 0 5.6 10 230 M M 2 18 15 270
20 92 73 83 7 0 18 T 0.0 0 12.6 24 240 M M 3 29 210
21 89 70 80 4 0 15 0.00 0.0 0 10.5 21 260 M M 1 28 290
22 89 71 80 4 0 15 0.00 0.0 0 8.6 20 300 M M 2 23 300
23 87 69 78 2 0 13 0.06 0.0 0 10.4 30 300 M M 6 13 42 320
24 87 76 82 6 0 17 T 0.0 0 12.7 22 220 M M 9 28 220
25 82 71 77 1 0 12 T 0.0 0 7.4 20 20 M M 8 33 20
26 73 67 70 -6 0 5 0.05 0.0 0 4.1 10 120 M M 9 18 13 130
27 84 70 77 1 0 12 0.25 0.0 0 7.5 17 230 M M 8 13 20 240
28 86 72 79 3 0 14 0.01 0.0 0 9.5 16 270 M M 7 1 20 240
29 82 66 74 -2 0 9 0.06 0.0 0 7.2 18 280 M M 6 24 280
30 82 60 71 -5 0 6 0.00 0.0 0 4.9 9 30 M M 4 8 15 330
31 80 65 73 -3 0 8 T 0.0 0 6.0 14 250 M M 6 19 200
================================================================================
SM 2645 2097 0 364 6.03 0.0 246.5 M 178
================================================================================
AV 85.3 67.6 8.0 FASTST M M 6 MAX(MPH)
MISC ----> 30 300 42 320
================================================================================
NOTES:
# LAST OF SEVERAL OCCURRENCES
COLUMN 17 PEAK WIND IN M.P.H.
PRELIMINARY LOCAL CLIMATOLOGICAL DATA (WS FORM: F-6) , PAGE 2
STATION: DAYTON OH
MONTH: JULY
YEAR: 2022
LATITUDE: 39 54 N
LONGITUDE: 84 12 W
[TEMPERATURE DATA] [PRECIPITATION DATA] SYMBOLS USED IN COLUMN 16
AVERAGE MONTHLY: 76.5 TOTAL FOR MONTH: 6.03 1 = FOG OR MIST
DPTR FM NORMAL: 0.5 DPTR FM NORMAL: 2.08 2 = FOG REDUCING VISIBILITY
HIGHEST: 95 ON 1 GRTST 24HR 2.64 ON 17-17 TO 1/4 MILE OR LESS
LOWEST: 59 ON 10 3 = THUNDER
SNOW, ICE PELLETS, HAIL 4 = ICE PELLETS
TOTAL MONTH: 0.0 INCH 5 = HAIL
GRTST 24HR 0.0 6 = FREEZING RAIN OR DRIZZLE
GRTST DEPTH: 0 7 = DUSTSTORM OR SANDSTORM:
VSBY 1/2 MILE OR LESS
8 = SMOKE OR HAZE
[NO. OF DAYS WITH] [WEATHER - DAYS WITH] 9 = BLOWING SNOW
X = TORNADO
MAX 32 OR BELOW: 0 0.01 INCH OR MORE: 13
MAX 90 OR ABOVE: 4 0.10 INCH OR MORE: 6
MIN 32 OR BELOW: 0 0.50 INCH OR MORE: 3
MIN 0 OR BELOW: 0 1.00 INCH OR MORE: 2
[HDD (BASE 65) ]
TOTAL THIS MO. 0 CLEAR (SCALE 0-3) 7
DPTR FM NORMAL 0 PTCLDY (SCALE 4-7) 17
TOTAL FM JUL 1 0 CLOUDY (SCALE 8-10) 7
DPTR FM NORMAL 0
[CDD (BASE 65) ]
TOTAL THIS MO. 364
DPTR FM NORMAL 23 [PRESSURE DATA]
TOTAL FM JAN 1 759 HIGHEST SLP 30.24 ON 30
DPTR FM NORMAL 65 LOWEST SLP 29.62 ON 20
[REMARKS]
#FINAL-07-22#