000
CXUS53 KDDC 021718 CCA
CLSDDC
CLIMATE REPORT
NATIONAL WEATHER SERVICE DODGE CITY KS
1050 AM CST MON MAR 2 2020
...................................
...THE DODGE CITY KS CLIMATE SUMMARY FOR THE SEASON, FROM
12/1/2019 TO 2/29/2020...
CLIMATE NORMAL PERIOD 1981 TO 2010
CLIMATE RECORD PERIOD 1875 TO 2020
WEATHER OBSERVED NORMAL DEPART LAST YEAR`S
VALUE DATE(S) VALUE FROM VALUE DATE(S)
NORMAL
................................................................
TEMPERATURE (F)
RECORD
HIGH 88 02/18/2016
LOW -26 02/12/1899
HIGHEST 74 02/02 MM MM 70 02/02
LOWEST 8 02/13 MM MM 1 02/08
02/07
AVG. MAXIMUM 48.6 45.6 3.0 43.9
AVG. MINIMUM 24.3 21.5 2.8 20.7
MEAN 36.5 33.6 2.9 32.3
DAYS MAX >= 90 0 0.0 0.0 0
DAYS MAX <= 32 5 15.6 -10.6 18
DAYS MIN <= 32 84 80.0 4.0 84
DAYS MIN <= 0 0 2.6 -2.6 0
PRECIPITATION (INCHES)
RECORD
MAXIMUM 5.70 1877
MINIMUM 0.06 1922
TOTALS 3.27 2.10 1.17 2.81
DAILY AVG. 0.03 0.02 0.01 0.03
DAYS >= .01 16 12.9 3.1 13
DAYS >= .10 8 5.6 2.4 5
DAYS >= .50 2 0.9 1.1 3
DAYS >= 1.00 0 0.1 -0.1 1
GREATEST
24 HR. TOTAL 1.27 12/27 TO 12/28 12/26 TO 12/26
SNOWFALL (INCHES)
RECORDS
TOTAL 38.4 1896-97
24 HR TOTAL 15.0 02/25/1912
SNOW DEPTH 13 02/18/1993
TOTALS 11.7 12.9 -1.2 13.3
SINCE 7/1 13.2 15.1 -1.9 18.1
SNOWDEPTH AVG. 0 MM MM 0
DAYS >= TRACE 15 9.4 5.6 24
DAYS >= 1.0 3 3.6 -0.6 3
GREATEST
SNOW DEPTH 5 01/29 5 02/24
24 HR TOTAL 5.4 01/28 TO 01/28 02/23 TO 02/23
DEGREE_DAYS
HEATING TOTAL 2569 2858 -289 2904
SINCE 7/1 3683 3872 -189 4083
COOLING TOTAL 0 0 0 0
SINCE 1/1 0 0 0 0
.................................................................
WIND (MPH)
AVERAGE WIND SPEED 12.1
RESULTANT WIND SPEED/DIRECTION 2/286
HIGHEST WIND SPEED/DIRECTION 38/350 DATE 12/09
HIGHEST GUST SPEED/DIRECTION 56/340 DATE 12/09
SKY COVER
POSSIBLE SUNSHINE (PERCENT) MM
AVERAGE SKY COVER 0.30
NUMBER OF DAYS FAIR 60
NUMBER OF DAYS PC 23
NUMBER OF DAYS CLOUDY 8
AVERAGE RH (PERCENT) 63
WEATHER CONDITIONS. NUMBER OF DAYS WITH
THUNDERSTORM 2 MIXED PRECIP 0
HEAVY RAIN 3 RAIN 4
LIGHT RAIN 8 FREEZING RAIN 2
LT FREEZING RAIN 3 HAIL 0
HEAVY SNOW 1 SNOW 4
LIGHT SNOW 12 SLEET 0
FOG 33 FOG W/VIS <= 1/4 MILE 10
HAZE 23 BLOWING SNOW 0
TORNADO 0
- INDICATES NEGATIVE NUMBERS.
R INDICATES RECORD WAS SET OR TIED.
MM INDICATES DATA IS MISSING.
T INDICATES TRACE AMOUNT.
$$