000
CXUS55 KALY 010710
CF6DDH
PRELIMINARY LOCAL CLIMATOLOGICAL DATA (WS FORM: F-6)
STATION: BENNINGTON VT
MONTH: JULY
YEAR: 2023
LATITUDE: 42 53 N
LONGITUDE: 73 15 W
TEMPERATURE IN F: :PCPN: SNOW: WIND :SUNSHINE: SKY :PK WND
================================================================================
1 2 3 4 5 6A 6B 7 8 9 10 11 12 13 14 15 16 17 18
12Z AVG MX 2MIN
DY MAX MIN AVG DEP HDD CDD WTR SNW DPTH SPD SPD DIR MIN PSBL S-S WX SPD DR
================================================================================
1 84 60 72 4 0 7 0.00 M M 5.0 15 180 M M 2 18 20 170
2 72 62 67 -1 0 2 1.78 M M 1.8 13 190 M M 9 18 19 190
3 83 66 75 7 0 10 0.66 M M 1.4 8 330 M M 7 1 14 310
4 85 64 75 7 0 10 0.27 M M 1.1 13 100 M M 6 1238 17 90
5 88 62 75 7 0 10 0.00 M M 1.6 8 280 M M 5 128 11 300
6 91 65 78 10 0 13 T M M 1.9 13 130 M M 2 13 16 140
7 88 67 78 9 0 13 T M M 1.7 13 320 M M 2 13 20 330
8 84 67 76 7 0 11 0.00 M M 2.0 9 280 M M 6 1 12 290
9 84 66 75 6 0 10 0.31 M M 2.4 18 150 M M 5 13 23 150
10 70 64 67 -2 0 2 1.96 M M 4.0 14 260 M M 10 1 20 260
11 84 61 73 4 0 8 0.03 M M 2.3 12 230 M M 4 1 16 220
12 84 61 73 4 0 8 0.30 M M 1.9 35 160 M M 3 123 46 150
13 88 61 75 6 0 10 0.03 M M 7.0 22 180 M M 3 123 31 180
14 84 64 74 5 0 9 0.57 M M 4.1 15 140 M M 5 13 21 130
15 87 64 76 7 0 11 0.00 M M 1.5 8 170 M M 3 12 11 180
16 83 70 77 8 0 12 0.63 M M 3.4 17 180 M M 7 1 24 200
17 85 63 74 5 0 9 0.00 M M 2.4 12 270 M M 1 128 16 280
18 86 64 75 6 0 10 M M M 2.9 15 310 M M 5 138 23 300
19 81 59 70 1 0 5 0.00 M M 2.9 12 230 M M 5 128 19 210
20 84 54 69 0 0 4 0.00 M M 1.6 8 260 M M 0 18 13 270
21 79 64 72 3 0 7 0.37 M M 5.0 18 170 M M 7 138 24 170
22 80 56 68 -1 0 3 0.00 M M 4.0 14 270 M M 4 19 270
23 83 52 68 -1 0 3 0.00 M M 1.9 9 270 M M 0 18 17 350
24 84 56 70 1 0 5 0.50 M M 2.4 25 260 M M 3 13 33 260
25 82 61 72 3 0 7 0.00 M M 1.7 8 220 M M 3 12 13 250
26 85 57 71 2 0 6 0.00 M M 3.7 12 180 M M 1 12 16 190
27 84 71 78 9 0 13 0.90 M M 5.5 15 200 M M 5 123 21 200
28 87 68 78 9 0 13 0.00 M M 2.6 10 230 M M 3 18 15 340
29 84 59 72 3 0 7 M M M 2.7 20 360 M M 5 123 35 360
30 74 55 65 -4 0 0 0.00 M M 4.4 14 360 M M 3 19 340
31 74 51 63 -6 2 0 M M M 2.5 14 270 M M 6 1238 17 350
================================================================================
SM 2571 1914 2 238 8.31 M 89.3 M 130
================================================================================
AV 82.9 61.7 2.9 FASTST M M 4 MAX(MPH)
MISC ----> 35 160 46 150
================================================================================
NOTES:
# LAST OF SEVERAL OCCURRENCES
COLUMN 17 PEAK WIND IN M.P.H.
PRELIMINARY LOCAL CLIMATOLOGICAL DATA (WS FORM: F-6) , PAGE 2
STATION: BENNINGTON VT
MONTH: JULY
YEAR: 2023
LATITUDE: 42 53 N
LONGITUDE: 73 15 W
[TEMPERATURE DATA] [PRECIPITATION DATA] SYMBOLS USED IN COLUMN 16
AVERAGE MONTHLY: 72.3 TOTAL FOR MONTH: 8.31 1 = FOG OR MIST
DPTR FM NORMAL: 3.4 DPTR FM NORMAL: 3.66 2 = FOG REDUCING VISIBILITY
HIGHEST: 91 ON 6 GRTST 24HR 2.36 ON 2- 3 TO 1/4 MILE OR LESS
LOWEST: 51 ON 31 3 = THUNDER
SNOW, ICE PELLETS, HAIL 4 = ICE PELLETS
TOTAL MONTH: M 5 = HAIL
GRTST 24HR M ON M 6 = FREEZING RAIN OR DRIZZLE
GRTST DEPTH: M ON M 7 = DUSTSTORM OR SANDSTORM:
VSBY 1/2 MILE OR LESS
8 = SMOKE OR HAZE
[NO. OF DAYS WITH] [WEATHER - DAYS WITH] 9 = BLOWING SNOW
X = TORNADO
MAX 32 OR BELOW: 0 0.01 INCH OR MORE: 13
MAX 90 OR ABOVE: 1 0.10 INCH OR MORE: 11
MIN 32 OR BELOW: 0 0.50 INCH OR MORE: 7
MIN 0 OR BELOW: 0 1.00 INCH OR MORE: 2
[HDD (BASE 65) ]
TOTAL THIS MO. 2 CLEAR (SCALE 0-3) 13
DPTR FM NORMAL -18 PTCLDY (SCALE 4-7) 16
TOTAL FM JUL 1 2 CLOUDY (SCALE 8-10) 2
DPTR FM NORMAL -17
[CDD (BASE 65) ]
TOTAL THIS MO. 238
DPTR FM NORMAL 97 [PRESSURE DATA]
TOTAL FM JAN 1 321 HIGHEST SLP M ON M
DPTR FM NORMAL 96 LOWEST SLP 29.64 ON 29
[REMARKS]
#FINAL-07-23#