000
CXUS55 KALY 010710
CF6DDH
PRELIMINARY LOCAL CLIMATOLOGICAL DATA (WS FORM: F-6)
STATION: BENNINGTON VT
MONTH: JUNE
YEAR: 2021
LATITUDE: 42 53 N
LONGITUDE: 73 15 W
TEMPERATURE IN F: :PCPN: SNOW: WIND :SUNSHINE: SKY :PK WND
================================================================================
1 2 3 4 5 6A 6B 7 8 9 10 11 12 13 14 15 16 17 18
12Z AVG MX 2MIN
DY MAX MIN AVG DEP HDD CDD WTR SNW DPTH SPD SPD DIR MIN PSBL S-S WX SPD DR
================================================================================
1 73 41 57 -4 8 0 0.00 M M 3.2 13 240 M M 1 12 25 240
2 78 44 61 0 4 0 0.13 M M 1.6 12 260 M M 4 1 16 250
3 76 58 67 6 0 2 0.18 M M 5.5 15 190 M M 7 1 21 200
4 78 58 68 7 0 3 0.34 M M 2.8 9 260 M M 5 1 16 210
5 87 53 70 8 0 5 0.00 M M 4.6 16 270 M M 2 12 25 220
6 88 57 73 11 0 8 0.00 M M 4.1 14 230 M M 0 23 230
7 89 57 73 11 0 8 0.00 M M 2.5 13 280 M M 1 1 19 320
8 87 66 77 15 0 12 0.28 M M 1.5 10 200 M M 4 13 14 260
9 84 57 71 8 0 6 0.00 M M 2.6 12 340 M M 5 1 17 330
10 77 50 64 1 1 0 0.00 M M 3.2 9 110 M M 0 1 16 240
11 70 57 64 1 1 0 0.01 M M 2.6 13 110 M M 8 17 90
12 77 55 66 2 0 1 0.04 M M 2.4 9 250 M M 6 1 12 270
13 81 50 66 2 0 1 0.00 M M 2.7 9 260 M M 0 128 16 250
14 67 61 64 0 1 0 M M M 5.2 16 140 M M 9 13 23 230
15 73 57 65 1 0 0 T M M 4.8 14 240 M M 8 12 22 240
16 70 46 58 -6 7 0 0.00 M M 5.4 14 260 M M 3 1 21 250
17 74 41 58 -7 7 0 0.00 M M 4.2 14 270 M M 0 22 240
18 81 43 62 -3 3 0 0.00 M M 5.3 17 200 M M 2 27 200
19 81 66 74 9 0 9 T M M 6.2 15 260 M M 4 23 220
20 83 56 70 4 0 5 0.00 M M 2.5 12 250 M M 2 18 230
21 89 62 76 10 0 11 M M M 8.3 22 190 M M 3 13 34 230
22 70 53 62 -4 3 0 M M M 5.3 15 260 M M 10 1 19 240
23 70 43 57 -9 8 0 0.00 M M 4.3 13 240 M M 2 1 21 280
24 77 42 60 -6 5 0 0.00 M M 6.3 16 160 M M 0 22 160
25 80 48 64 -3 1 0 0.00 M M 3.4 13 190 M M 2 15 190
26 82 60 71 4 0 6 0.00 M M 9.7 20 180 M M 1 30 180
27 88 70 79 12 0 14 0.00 M M 8.4 16 200 M M 2 24 220
28 91 70 81 14 0 16 0.06 M M 3.3 15 220 M M 4 13 21 220
29 91 67 79 12 0 14 0.01 M M 3.3 13 210 M M 2 123 18 310
30 88 70 79 11 0 14 1.35 M M 3.3 22 320 M M 3 1238 32 320
================================================================================
SM 2400 1658 49 135 2.40 M 128.5 M 100
================================================================================
AV 80.0 55.3 4.3 FASTST M M 3 MAX(MPH)
MISC ----> # 22 190 34 230
================================================================================
NOTES:
# LAST OF SEVERAL OCCURRENCES
COLUMN 17 PEAK WIND IN M.P.H.
PRELIMINARY LOCAL CLIMATOLOGICAL DATA (WS FORM: F-6) , PAGE 2
STATION: BENNINGTON VT
MONTH: JUNE
YEAR: 2021
LATITUDE: 42 53 N
LONGITUDE: 73 15 W
[TEMPERATURE DATA] [PRECIPITATION DATA] SYMBOLS USED IN COLUMN 16
AVERAGE MONTHLY: 67.6 TOTAL FOR MONTH: 2.40 1 = FOG OR MIST
DPTR FM NORMAL: 3.3 DPTR FM NORMAL: -1.65 2 = FOG REDUCING VISIBILITY
HIGHEST: 91 ON 29,28 GRTST 24HR 1.35 ON 30-30 TO 1/4 MILE OR LESS
LOWEST: 41 ON 17, 1 3 = THUNDER
SNOW, ICE PELLETS, HAIL 4 = ICE PELLETS
TOTAL MONTH: M 5 = HAIL
GRTST 24HR M ON M 6 = FREEZING RAIN OR DRIZZLE
GRTST DEPTH: M ON M 7 = DUSTSTORM OR SANDSTORM:
VSBY 1/2 MILE OR LESS
8 = SMOKE OR HAZE
[NO. OF DAYS WITH] [WEATHER - DAYS WITH] 9 = BLOWING SNOW
X = TORNADO
MAX 32 OR BELOW: 0 0.01 INCH OR MORE: 9
MAX 90 OR ABOVE: 2 0.10 INCH OR MORE: 5
MIN 32 OR BELOW: 0 0.50 INCH OR MORE: 1
MIN 0 OR BELOW: 0 1.00 INCH OR MORE: 1
[HDD (BASE 65) ]
TOTAL THIS MO. 49 CLEAR (SCALE 0-3) 17
DPTR FM NORMAL -37 PTCLDY (SCALE 4-7) 10
TOTAL FM JUL 1 6535 CLOUDY (SCALE 8-10) 3
DPTR FM NORMAL -483
[CDD (BASE 65) ]
TOTAL THIS MO. 135
DPTR FM NORMAL 70 [PRESSURE DATA]
TOTAL FM JAN 1 161 HIGHEST SLP M ON M
DPTR FM NORMAL 77 LOWEST SLP 29.52 ON 21
[REMARKS]
#FINAL-06-21#