000
CXUS51 KALY 021354
CLSDDH
CLIMATE REPORT
NATIONAL WEATHER SERVICE ALBANY NY
854 AM EST SAT DEC 02 2023
...................................
...THE BENNINGTON VT CLIMATE SUMMARY FOR THE SEASON, FROM
9/1/2023 TO 11/30/2023...
CLIMATE NORMAL PERIOD: 1991 TO 2020
CLIMATE RECORD PERIOD: 9999 TO 9999
WEATHER OBSERVED NORMAL DEPART LAST YEAR`S
VALUE DATE(S) VALUE FROM VALUE DATE(S)
NORMAL
................................................................
TEMPERATURE (F)
HIGHEST 89 09/09 86 09/04
LOWEST 14 11/21 15 11/21
AVG. MAXIMUM 60.7 60.2 0.5 62.7
AVG. MINIMUM 40.6 38.4 2.2 39.3
MEAN 50.7 49.3 1.4 51.0
DAYS MAX >= 90 0 0.4 -0.4 0
DAYS MAX <= 32 2 1.8 0.2 1
DAYS MIN <= 32 27 28.3 -1.3 30
DAYS MIN <= 0 0 0.0 0.0 0
PRECIPITATION (INCHES)
TOTALS 10.55 10.20 0.35 10.72
DAILY AVG. 0.12 0.12
DAYS >= .01 32 33
DAYS >= .10 20 18
DAYS >= .50 5 6
DAYS >= 1.00 3 4
GREATEST
24 HR. TOTAL 2.07 10/20 TO 10/21
DEGREE DAYS
HEATING TOTAL 1336 1468 -132 1292
SINCE 7/1 1368 1525 -157 1304
COOLING TOTAL 63 39 24 42
SINCE 1/1 472 371 101 539
................................................................
WIND (MPH)
AVERAGE WIND SPEED 3.6
HIGHEST WIND SPEED/DIRECTION 32/140 DATE 11/22
HIGHEST GUST SPEED/DIRECTION 47/140 DATE 11/22
WEATHER CONDITIONS. NUMBER OF DAYS WITH
THUNDERSTORM 1 MIXED PRECIP 0
HEAVY RAIN 4 RAIN 13
LIGHT RAIN 38 FREEZING RAIN 1
LT FREEZING RAIN 1 HAIL 0
HEAVY SNOW 0 SNOW 1
LIGHT SNOW 7 SLEET 1
FOG 56 FOG W/VIS <= 1/4 MILE 17
HAZE 17
- INDICATES NEGATIVE NUMBERS.
R INDICATES RECORD WAS SET OR TIED.
MM INDICATES DATA IS MISSING.
T INDICATES TRACE AMOUNT.
$$