000
CXUS53 KILX 011000
CF6DEC
PRELIMINARY LOCAL CLIMATOLOGICAL DATA (WS FORM: F-6)
STATION: DECATUR IL AIRPORT
MONTH: DECEMBER
YEAR: 2022
LATITUDE: 39 49 N
LONGITUDE: 88 51 W
TEMPERATURE IN F: :PCPN: SNOW: WIND :SUNSHINE: SKY :PK WND
================================================================================
1 2 3 4 5 6A 6B 7 8 9 10 11 12 13 14 15 16 17 18
12Z AVG MX 2MIN
DY MAX MIN AVG DEP HDD CDD WTR SNW DPTH SPD SPD DIR MIN PSBL S-S WX SPD DR
================================================================================
1 38 18 28 -9 37 0 0.00 M M 10.4 20 170 M M 3 29 170
2 54 37 46 10 19 0 0.01 M M 21.4 32 190 M M 10 48 200
3 54 21 38 2 27 0 0.01 M M 10.9 30 300 M M 1 1 48 320
4 41 18 30 -6 35 0 0.00 M M 8.1 18 200 M M 0 24 190
5 43 28 36 0 29 0 0.00 M M 6.9 14 210 M M 8 1 19 220
6 46 39 43 8 22 0 0.00 M M 5.1 9 40 M M 10 12 12 50
7 47 34 41 6 24 0 0.00 M M 4.4 9 360 M M 6 128 12 360
8 46 37 42 8 23 0 T M M 10.8 17 80 M M 9 18 22 70
9 52 40 46 12 19 0 0.21 M M 10.2 18 110 M M 10 12 25 310
10 45 40 43 9 22 0 0.02 M M 4.0 12 230 M M 10 12 14 230
11 42 33 38 4 27 0 0.00 M M 6.3 12 320 M M 10 18 15 320
12 41 31 36 3 29 0 0.00 M M 8.1 15 110 M M 7 1 20 120
13 44 30 37 4 28 0 0.25 M M 16.8 25 120 M M 5 1 34 130
14 54 37 46 13 19 0 1.09 M M 12.0 30 270 M M 10 1 43 270
15 38 33 36 4 29 0 T M M 12.8 22 240 M M 9 1 31 230
16 34 28 31 -1 34 0 T M M 14.1 24 240 M M 10 33 240
17 29 22 26 -6 39 0 T M M 12.7 21 270 M M 7 30 280
18 28 16 22 -10 43 0 T M M 9.6 18 280 M M 2 28 300
19 32 17 25 -7 40 0 0.00 M M 5.0 13 100 M M 4 17 90
20 41 26 34 3 31 0 0.00 M M 5.6 13 350 M M 7 1 17 360
21 34 25 30 -1 35 0 0.00 M M 6.8 12 120 M M 7 18 15 110
22 36 -8 14 -17 51 0 M M M 15.7 33 290 M M 10 18 49 300
23 2 -9 -3 -33 68 0 T M M 21.9 33 290 M M 10 89 49 290
24 18 1 10 -20 55 0 0.00 M M 19.5 29 280 M M 2 43 290
25 21 6 14 -16 51 0 0.00 M M 12.9 23 290 M M 1 35 270
26 27 16 22 -8 43 0 T M M 7.6 16 350 M M 10 18 21 350
27 27 8 18 -12 47 0 0.00 M M 11.5 24 180 M M 0 36 200
28 50 27 39 10 26 0 0.00 M M 20.9 33 180 M M 0 48 170
29 61 47 54 25 11 0 0.00 M M 19.7 30 190 M M 7 1 48 210
30 59 33 46 17 19 0 0.41 M M 6.9 20 200 M M 10 13 30 210
31 45 29 37 8 28 0 0.00 M M 6.2 16 200 M M 2 18 22 180
================================================================================
SM 1229 760 1010 0 2.00 M 344.8 M 197
================================================================================
AV 39.6 24.5 11.1 FASTST M M 6 MAX(MPH)
MISC ----> # 33 290 # 49 300
================================================================================
NOTES:
# LAST OF SEVERAL OCCURRENCES
COLUMN 17 PEAK WIND IN M.P.H.
PRELIMINARY LOCAL CLIMATOLOGICAL DATA (WS FORM: F-6) , PAGE 2
STATION: DECATUR IL AIRPORT
MONTH: DECEMBER
YEAR: 2022
LATITUDE: 39 49 N
LONGITUDE: 88 51 W
[TEMPERATURE DATA] [PRECIPITATION DATA] SYMBOLS USED IN COLUMN 16
AVERAGE MONTHLY: 32.1 TOTAL FOR MONTH: 2.00 1 = FOG OR MIST
DPTR FM NORMAL: -0.3 DPTR FM NORMAL: -0.12 2 = FOG REDUCING VISIBILITY
HIGHEST: 61 ON 29 GRTST 24HR 1.10 ON 13-14 TO 1/4 MILE OR LESS
LOWEST: -9 ON 23 3 = THUNDER
SNOW, ICE PELLETS, HAIL 4 = ICE PELLETS
TOTAL MONTH: M 5 = HAIL
GRTST 24HR M ON M 6 = FREEZING RAIN OR DRIZZLE
GRTST DEPTH: M ON M 7 = DUSTSTORM OR SANDSTORM:
VSBY 1/2 MILE OR LESS
8 = SMOKE OR HAZE
[NO. OF DAYS WITH] [WEATHER - DAYS WITH] 9 = BLOWING SNOW
X = TORNADO
MAX 32 OR BELOW: 8 0.01 INCH OR MORE: 7
MAX 90 OR ABOVE: 0 0.10 INCH OR MORE: 4
MIN 32 OR BELOW: 20 0.50 INCH OR MORE: 1
MIN 0 OR BELOW: 2 1.00 INCH OR MORE: 1
[HDD (BASE 65) ]
TOTAL THIS MO. 1010 CLEAR (SCALE 0-3) 9
DPTR FM NORMAL 1 PTCLDY (SCALE 4-7) 9
TOTAL FM JUL 1 2087 CLOUDY (SCALE 8-10) 13
DPTR FM NORMAL 15
[CDD (BASE 65) ]
TOTAL THIS MO. 0
DPTR FM NORMAL 0 [PRESSURE DATA]
TOTAL FM JAN 1 1231 HIGHEST SLP 30.57 ON 1
DPTR FM NORMAL 126 LOWEST SLP 29.51 ON 14
[REMARKS]
#FINAL-12-22#