000
CXUS53 KARX 041457
CF6DEH
PRELIMINARY LOCAL CLIMATOLOGICAL DATA (WS FORM: F-6)
STATION: DECORAH IA
MONTH: DECEMBER
YEAR: 2021
LATITUDE: 43 16 N
LONGITUDE: 91 44 W
TEMPERATURE IN F: :PCPN: SNOW: WIND :SUNSHINE: SKY :PK WND
================================================================================
1 2 3 4 5 6A 6B 7 8 9 10 11 12 13 14 15 16 17 18
12Z AVG MX 2MIN
DY MAX MIN AVG DEP HDD CDD WTR SNW DPTH SPD SPD DIR MIN PSBL S-S WX SPD DR
================================================================================
1 50 36 43 M 22 0 0.04 0.0 0 8.4 13 210 M M 4 21 210
2 50 39 45 M 20 0 0.01 0.0 0 7.5 16 340 M M 5 23 320
3 46 34 40 M 25 0 0.00 0.0 0 6.0 10 350 M M 4 15 350
4 36 28 32 M 33 0 0.00 0.0 0 5.5 9 340 M M 8 1 15 320
5 36 30 33 M 32 0 0.00 0.0 0 9.0 17 280 M M 10 1 30 290
6 30 5 18 M 47 0 T T 0 13.1 21 300 M M 3 37 310
7 25 5 15 M 50 0 M M 0 6.9 13 170 M M 8 20 150
8 27 10 19 M 46 0 0.00 0.0 0 5.1 12 320 M M 3 17 150
9 41 25 33 M 32 0 0.00 0.0 0 9.2 17 150 M M 6 28 150
10 34 28 31 M 34 0 M M 0 9.3 20 60 M M 8 1 28 60
11 30 25 28 M 37 0 M M M 10.0 20 330 M M 3 30 330
12 41 25 33 M 32 0 0.00 0.0 M 9.8 15 220 M M 1 25 220
13 46 32 39 M 26 0 0.00 0.0 M 4.7 14 210 M M 0 25 200
14 45 32 39 M 26 0 0.00 0.0 0 8.7 13 150 M M 3 22 120
15 68 43 56 M 9 0 0.37 0.0 0 14.3 27 170 M M 9 18 44 170
16 48 21 35 M 30 0 0.00 0.0 0 16.0 96 127 M M 5 44 240
17 27 18 23 M 42 0 0.00 0.0 0 4.5 8 50 M M 3 13 50
18 27 18 23 M 42 0 0.00 0.0 0 8.6 14 330 M M 9 20 350
19 27 18 23 M 42 0 0.00 0.0 0 8.0 14 170 M M 6 24 180
20 36 14 25 M 40 0 0.00 0.0 0 8.8 17 330 M M 0 20 190
21 28 10 19 M 46 0 0.00 0.0 0 8.7 18 300 M M 5 28 300
22 27 9 18 M 47 0 0.00 0.0 0 5.4 10 170 M M 4 16 160
23 39 25 32 M 33 0 0.00 0.0 0 5.8 9 130 M M 2 17 150
24 48 30 39 M 26 0 0.00 0.0 0 7.1 13 140 M M 7 12 20 150
25 39 27 33 M 32 0 0.00 0.0 0 5.6 12 360 M M 5 18 340
26 36 18 27 M 38 0 M M 0 7.8 22 M M M 3 1 32 110
27 34 18 26 M 39 0 0.03 0.0 M 7.6 15 110 M M 5 16 25 290
28 28 16 22 M 43 0 M M M 5.9 16 100 M M 9 1 22 60
29 18 -4 7 M 58 0 0.00 0.0 M 4.4 10 310 M M 3 18 310
30 27 12 20 M 45 0 M M M 5.1 9 160 M M 10 1 16 160
31 28 12 20 M 45 0 0.00 0.0 M 6.4 16 10 M M 9 1 24 10
================================================================================
SM 1122 659 1119 0 0.45 T 243.2 M 160
================================================================================
AV 36.2 21.3 7.8 FASTST M M 5 MAX(MPH)
MISC ----> 96 127 # 44 170
================================================================================
NOTES:
# LAST OF SEVERAL OCCURRENCES
COLUMN 17 PEAK WIND IN M.P.H.
PRELIMINARY LOCAL CLIMATOLOGICAL DATA (WS FORM: F-6) , PAGE 2
STATION: DECORAH IA
MONTH: DECEMBER
YEAR: 2021
LATITUDE: 43 16 N
LONGITUDE: 91 44 W
[TEMPERATURE DATA] [PRECIPITATION DATA] SYMBOLS USED IN COLUMN 16
AVERAGE MONTHLY: 28.7 TOTAL FOR MONTH: 0.45 1 = FOG OR MIST
DPTR FM NORMAL: 0.0 DPTR FM NORMAL: M 2 = FOG REDUCING VISIBILITY
HIGHEST: 68 ON 15 GRTST 24HR 0.37 ON 15-15 TO 1/4 MILE OR LESS
LOWEST: -4 ON 29 3 = THUNDER
SNOW, ICE PELLETS, HAIL 4 = ICE PELLETS
TOTAL MONTH: T 5 = HAIL
GRTST 24HR T ON 6- 6 6 = FREEZING RAIN OR DRIZZLE
GRTST DEPTH: 0 7 = DUSTSTORM OR SANDSTORM:
VSBY 1/2 MILE OR LESS
8 = SMOKE OR HAZE
[NO. OF DAYS WITH] [WEATHER - DAYS WITH] 9 = BLOWING SNOW
X = TORNADO
MAX 32 OR BELOW: 13 0.01 INCH OR MORE: 4
MAX 90 OR ABOVE: 0 0.10 INCH OR MORE: 1
MIN 32 OR BELOW: 27 0.50 INCH OR MORE: 0
MIN 0 OR BELOW: 1 1.00 INCH OR MORE: 0
[HDD (BASE 65) ]
TOTAL THIS MO. 1119 CLEAR (SCALE 0-3) 8
DPTR FM NORMAL M PTCLDY (SCALE 4-7) 16
TOTAL FM JUL 1 2294 CLOUDY (SCALE 8-10) 7
DPTR FM NORMAL M
[CDD (BASE 65) ]
TOTAL THIS MO. 0
DPTR FM NORMAL M [PRESSURE DATA]
TOTAL FM JAN 1 700 HIGHEST SLP M ON M
DPTR FM NORMAL M LOWEST SLP M ON M
[REMARKS]
#FINAL-12-21#