000
CXUS53 KBIS 010830
CF6DIK
PRELIMINARY LOCAL CLIMATOLOGICAL DATA (WS FORM: F-6)
STATION: DICKINSON ND
MONTH: APRIL
YEAR: 2020
LATITUDE: 46 47 N
LONGITUDE: 102 48 W
TEMPERATURE IN F: :PCPN: SNOW: WIND :SUNSHINE: SKY :PK WND
================================================================================
1 2 3 4 5 6A 6B 7 8 9 10 11 12 13 14 15 16 17 18
12Z AVG MX 2MIN
DY MAX MIN AVG DEP HDD CDD WTR SNW DPTH SPD SPD DIR MIN PSBL S-S WX SPD DR
================================================================================
1 34 12 23 -13 42 0 0.02 M M 18.0 28 320 M M 10 126 36 320
2 15 7 11 -26 54 0 M M M 19.3 29 320 M M 10 8 39 330
3 31 2 17 -20 48 0 0.00 M M 9.5 21 160 M M 1 26 160
4 52 14 33 -5 32 0 0.00 M M 12.2 22 150 M M 1 30 260
5 49 21 35 -3 30 0 0.00 M M 11.5 26 110 M M 1 1 33 120
6 69 24 47 9 18 0 T M M 8.4 24 280 M M 4 128 30 270
7 63 31 47 8 18 0 T M M 10.9 28 290 M M 3 39 270
8 46 28 37 -2 28 0 T M M 22.6 40 300 M M 5 8 52 320
9 40 20 30 -10 35 0 T M M 12.1 31 330 M M 1 42 330
10 56 25 41 1 24 0 T M M 8.4 17 180 M M 4 24 300
11 40 24 32 -9 33 0 M M M 13.9 23 30 M M 9 1 29 40
12 33 15 24 -17 41 0 0.01 M M 15.4 25 290 M M 8 18 40 290
13 24 5 15 -26 50 0 T M M 14.4 29 300 M M 6 18 36 290
14 34 6 20 -22 45 0 T M M 7.5 16 350 M M 4 22 330
15 40 16 28 -14 37 0 0.00 M M 8.5 18 330 M M 3 25 330
16 40 18 29 -14 36 0 0.00 M M 9.4 21 330 M M 2 31 340
17 58 20 39 -4 26 0 0.00 M M 16.1 29 260 M M 0 40 220
18 55 26 41 -2 24 0 0.00 M M 12.7 25 320 M M 7 35 320
19 55 17 36 -8 29 0 0.00 M M 11.3 28 300 M M 0 38 300
20 61 36 49 5 16 0 0.00 M M 17.4 35 320 M M 6 8 46 320
21 74 31 53 9 12 0 0.00 M M 15.4 30 300 M M 3 42 270
22 74 40 57 12 8 0 T M M 11.5 23 320 M M 2 8 33 280
23 64 38 51 6 14 0 T M M 6.1 22 30 M M 7 28 60
24 65 33 49 3 16 0 0.10 M M 11.6 28 270 M M 4 1 37 270
25 63 34 49 3 16 0 0.03 M M 10.9 22 330 M M 1 32 320
26 69 36 53 7 12 0 0.00 M M 10.9 26 180 M M 3 33 180
27 72 30 51 4 14 0 T M M 9.7 24 290 M M 4 34 220
28 59 35 47 0 18 0 T M M 22.1 41 330 M M 6 8 55 330
29 71 26 49 1 16 0 0.00 M M 7.0 16 180 M M 1 12 21 170
30 83 47 65 17 0 0 0.00 M M 14.4 22 170 M M 3 22 190
================================================================================
SM 1589 717 792 0 0.16 M 379.1 M 119
================================================================================
AV 53.0 23.9 12.6 FASTST M M 4 MAX(MPH)
MISC ----> # 41 330 # 55 330
================================================================================
NOTES:
# LAST OF SEVERAL OCCURRENCES
COLUMN 17 PEAK WIND IN M.P.H.
PRELIMINARY LOCAL CLIMATOLOGICAL DATA (WS FORM: F-6) , PAGE 2
STATION: DICKINSON ND
MONTH: APRIL
YEAR: 2020
LATITUDE: 46 47 N
LONGITUDE: 102 48 W
[TEMPERATURE DATA] [PRECIPITATION DATA] SYMBOLS USED IN COLUMN 16
AVERAGE MONTHLY: 38.4 TOTAL FOR MONTH: 0.16 1 = FOG OR MIST
DPTR FM NORMAL: -3.9 DPTR FM NORMAL: -1.31 2 = FOG REDUCING VISIBILITY
HIGHEST: 83 ON 30 GRTST 24HR 0.10 ON 24-24 TO 1/4 MILE OR LESS
LOWEST: 2 ON 3 3 = THUNDER
SNOW, ICE PELLETS, HAIL 4 = ICE PELLETS
TOTAL MONTH: M 5 = HAIL
GRTST 24HR M ON M 6 = FREEZING RAIN OR DRIZZLE
GRTST DEPTH: M ON M 7 = DUSTSTORM OR SANDSTORM:
VSBY 1/2 MILE OR LESS
8 = SMOKE OR HAZE
[NO. OF DAYS WITH] [WEATHER - DAYS WITH] 9 = BLOWING SNOW
X = TORNADO
MAX 32 OR BELOW: 3 0.01 INCH OR MORE: 4
MAX 90 OR ABOVE: 0 0.10 INCH OR MORE: 1
MIN 32 OR BELOW: 22 0.50 INCH OR MORE: 0
MIN 0 OR BELOW: 0 1.00 INCH OR MORE: 0
[HDD (BASE 65) ]
TOTAL THIS MO. 792 CLEAR (SCALE 0-3) 11
DPTR FM NORMAL 110 PTCLDY (SCALE 4-7) 16
TOTAL FM JUL 1 7964 CLOUDY (SCALE 8-10) 3
DPTR FM NORMAL -98
[CDD (BASE 65) ]
TOTAL THIS MO. 0
DPTR FM NORMAL -1 [PRESSURE DATA]
TOTAL FM JAN 1 0 HIGHEST SLP 30.41 ON 3
DPTR FM NORMAL -1 LOWEST SLP 29.60 ON 6
[REMARKS]
#FINAL-04-20#