000
CXUS53 KEAX 010836
CF6DMO
PRELIMINARY LOCAL CLIMATOLOGICAL DATA (WS FORM: F-6)
STATION: SEDALIA MO
MONTH: FEBRUARY
YEAR: 2022
LATITUDE: 38 42 N
LONGITUDE: 93 6 W
TEMPERATURE IN F: :PCPN: SNOW: WIND :SUNSHINE: SKY :PK WND
================================================================================
1 2 3 4 5 6A 6B 7 8 9 10 11 12 13 14 15 16 17 18
12Z AVG MX 2MIN
DY MAX MIN AVG DEP HDD CDD WTR SNW DPTH SPD SPD DIR MIN PSBL S-S WX SPD DR
================================================================================
1 54 27 41 10 24 0 0.46 M M 14.0 31 20 M M 8 16 43 10
2 27 14 21 -10 44 0 0.03 M M 19.3 28 10 M M 10 128 39 20
3 17 10 14 -17 51 0 T M M 15.3 24 10 M M 8 18 30 10
4 29 3 16 -16 49 0 0.00 M M 7.8 17 240 M M 2 24 230
5 42 8 25 -7 40 0 0.00 M M 10.8 22 190 M M 0 27 190
6 41 26 34 2 31 0 0.00 M M 10.0 20 220 M M 2 8 26 210
7 44 20 32 0 33 0 0.00 M M 11.3 22 220 M M 3 30 230
8 55 37 46 14 19 0 0.00 M M 14.3 23 220 M M 0 34 220
9 54 38 46 13 19 0 0.00 M M 9.2 21 290 M M 2 32 280
10 49 31 40 7 25 0 0.00 M M 10.4 20 210 M M 0 30 210
11 53 25 39 6 26 0 0.05 M M 15.3 26 330 M M 6 41 310
12 28 14 21 -13 44 0 0.00 M M 10.1 24 330 M M 1 32 330
13 32 20 26 -8 39 0 0.00 M M 9.7 23 360 M M 1 8 28 360
14 50 21 36 2 29 0 0.00 M M 5.5 12 340 M M 1 14 330
15 67 28 48 14 17 0 0.00 M M 15.2 31 180 M M 0 8 43 180
16 67 39 53 18 12 0 0.01 M M 19.7 33 210 M M 7 18 49 220
17 39 11 25 -10 40 0 0.29 M M 16.8 30 350 M M 8 1268 41 350
18 37 8 23 -12 42 0 0.00 M M 15.0 28 220 M M 0 37 210
19 40 20 30 -6 35 0 0.00 M M 8.8 23 360 M M 0 29 350
20 63 39 51 15 14 0 0.00 M M 16.4 30 210 M M 0 42 210
21 73 44 59 23 6 0 0.00 M M 14.3 25 190 M M 0 37 190
22 61 15 38 1 27 0 0.06 M M 16.1 25 290 M M 9 13 32 290
23 18 10 14 -23 51 0 T M M 12.0 17 330 M M 8 23 350
24 24 17 21 -17 44 0 0.05 M M 8.7 20 300 M M 10 128 29 300
25 25 11 18 -20 47 0 T M M 7.3 15 310 M M 3 1 21 290
26 39 13 26 -12 39 0 0.00 M M 3.2 9 70 M M 0 13 60
27 51 24 38 -1 27 0 0.00 M M 6.5 12 220 M M 0 16 290
28 62 34 48 9 17 0 0.00 M M 10.8 17 220 M M 0 24 230
================================================================================
SM 1241 607 891 0 0.95 M 333.8 M 89
================================================================================
AV 44.3 21.7 11.9 FASTST M M 3 MAX(MPH)
MISC ----> 33 210 49 220
================================================================================
NOTES:
# LAST OF SEVERAL OCCURRENCES
COLUMN 17 PEAK WIND IN M.P.H.
PRELIMINARY LOCAL CLIMATOLOGICAL DATA (WS FORM: F-6) , PAGE 2
STATION: SEDALIA MO
MONTH: FEBRUARY
YEAR: 2022
LATITUDE: 38 42 N
LONGITUDE: 93 6 W
[TEMPERATURE DATA] [PRECIPITATION DATA] SYMBOLS USED IN COLUMN 16
AVERAGE MONTHLY: 33.0 TOTAL FOR MONTH: 0.95 1 = FOG OR MIST
DPTR FM NORMAL: -1.5 DPTR FM NORMAL: -0.73 2 = FOG REDUCING VISIBILITY
HIGHEST: 73 ON 21 GRTST 24HR 0.49 ON 1- 2 TO 1/4 MILE OR LESS
LOWEST: 3 ON 4 3 = THUNDER
SNOW, ICE PELLETS, HAIL 4 = ICE PELLETS
TOTAL MONTH: M 5 = HAIL
GRTST 24HR M ON M 6 = FREEZING RAIN OR DRIZZLE
GRTST DEPTH: M ON M 7 = DUSTSTORM OR SANDSTORM:
VSBY 1/2 MILE OR LESS
8 = SMOKE OR HAZE
[NO. OF DAYS WITH] [WEATHER - DAYS WITH] 9 = BLOWING SNOW
X = TORNADO
MAX 32 OR BELOW: 8 0.01 INCH OR MORE: 7
MAX 90 OR ABOVE: 0 0.10 INCH OR MORE: 2
MIN 32 OR BELOW: 22 0.50 INCH OR MORE: 0
MIN 0 OR BELOW: 0 1.00 INCH OR MORE: 0
[HDD (BASE 65) ]
TOTAL THIS MO. 891 CLEAR (SCALE 0-3) 18
DPTR FM NORMAL 37 PTCLDY (SCALE 4-7) 7
TOTAL FM JUL 1 3253 CLOUDY (SCALE 8-10) 3
DPTR FM NORMAL -619
[CDD (BASE 65) ]
TOTAL THIS MO. 0
DPTR FM NORMAL 0 [PRESSURE DATA]
TOTAL FM JAN 1 0 HIGHEST SLP 30.68 ON 25
DPTR FM NORMAL 0 LOWEST SLP 29.61 ON 21
[REMARKS]
#FINAL-02-22#