000
CXUS52 KCAE 011400
CF6DNL
PRELIMINARY LOCAL CLIMATOLOGICAL DATA (WS FORM: F-6)
STATION: AUGUSTA DANIEL FIELD GA
MONTH: MARCH
YEAR: 2022
LATITUDE: 33 28 N
LONGITUDE: 82 2 W
TEMPERATURE IN F: :PCPN: SNOW: WIND :SUNSHINE: SKY :PK WND
================================================================================
1 2 3 4 5 6A 6B 7 8 9 10 11 12 13 14 15 16 17 18
12Z AVG MX 2MIN
DY MAX MIN AVG DEP HDD CDD WTR SNW DPTH SPD SPD DIR MIN PSBL S-S WX SPD DR
================================================================================
1 70 42 56 0 9 0 0.00 M M 2.8 9 340 M M 0 12 320
2 80 46 63 7 2 0 0.00 M M 3.9 10 280 M M 0 17 260
3 85 56 71 15 0 6 0.00 M M 4.7 14 310 M M 0 21 320
4 73 55 64 8 1 0 0.00 M M 8.5 17 60 M M 0 25 70
5 77 55 66 10 0 1 0.00 M M 5.6 14 180 M M 5 18 17 170
6 83 58 71 14 0 6 0.00 M M 6.5 16 190 M M 3 12 22 180
7 84 65 75 18 0 10 0.13 M M 10.5 23 210 M M 5 13 33 200
8 69 58 64 7 1 0 T M M 5.3 14 360 M M 7 3 20 350
9 68 58 63 6 2 0 0.34 M M 4.2 12 330 M M 9 13 17 330
10 62 52 57 -1 8 0 0.01 M M 6.1 15 70 M M 9 18 18 70
11 57 51 54 -4 11 0 0.08 M M 5.1 10 60 M M 10 18 13 80
12 67 32 50 -8 15 0 0.66 M M 13.1 32 310 M M 5 123 48 310
13 56 28 42 -16 23 0 0.00 M M 3.7 10 200 M M 0 15 310
14 69 37 53 -6 12 0 0.00 M M 4.0 14 190 M M 0 19 110
15 73 49 61 2 4 0 T M M 5.8 13 170 M M 4 18 150
16 67 58 63 4 2 0 1.51 M M 7.0 17 20 M M 9 123 21 310
17 72 53 63 4 2 0 T M M 3.9 10 330 M M 6 12 18 300
18 74 54 64 4 1 0 0.29 M M 5.6 21 150 M M 2 138 30 290
19 78 58 68 8 0 3 T M M 10.3 22 200 M M 5 1 29 190
20 72 47 60 0 5 0 0.00 M M 8.6 20 320 M M 0 25 310
21 75 46 61 1 4 0 0.00 M M 6.1 13 150 M M 0 17 80
22 77 54 66 5 0 1 0.00 M M 8.2 16 120 M M 3 24 200
23 78 64 71 10 0 6 0.03 M M 12.4 24 190 M M 7 1 34 190
24 71 58 65 4 0 0 0.00 M M 5.6 12 300 M M 3 17 280
25 69 50 60 -1 5 0 0.00 M M 6.5 22 310 M M 1 31 310
26 68 48 58 -4 7 0 0.00 M M 9.4 22 280 M M 0 35 280
27 70 46 58 -4 7 0 0.00 M M 9.7 21 310 M M 0 30 270
28 75 50 63 1 2 0 0.00 M M 6.4 18 300 M M 1 24 300
29 72 50 61 -1 4 0 0.00 M M 7.4 14 100 M M 2 19 100
30 87 55 71 8 0 6 0.00 M M 11.2 24 160 M M 4 8 34 150
31 78 66 72 9 0 7 0.71 M M 11.2 22 180 M M 5 1 32 170
================================================================================
SM 2256 1599 127 46 3.76 M 219.3 M 105
================================================================================
AV 72.8 51.6 7.1 FASTST M M 3 MAX(MPH)
MISC ----> 32 310 48 310
================================================================================
NOTES:
# LAST OF SEVERAL OCCURRENCES
COLUMN 17 PEAK WIND IN M.P.H.
PRELIMINARY LOCAL CLIMATOLOGICAL DATA (WS FORM: F-6) , PAGE 2
STATION: AUGUSTA DANIEL FIELD GA
MONTH: MARCH
YEAR: 2022
LATITUDE: 33 28 N
LONGITUDE: 82 2 W
[TEMPERATURE DATA] [PRECIPITATION DATA] SYMBOLS USED IN COLUMN 16
AVERAGE MONTHLY: 62.2 TOTAL FOR MONTH: 3.76 1 = FOG OR MIST
DPTR FM NORMAL: 3.0 DPTR FM NORMAL: -0.22 2 = FOG REDUCING VISIBILITY
HIGHEST: 87 ON 30 GRTST 24HR 1.51 ON 16-16 TO 1/4 MILE OR LESS
LOWEST: 28 ON 13 3 = THUNDER
SNOW, ICE PELLETS, HAIL 4 = ICE PELLETS
TOTAL MONTH: M 5 = HAIL
GRTST 24HR M ON M 6 = FREEZING RAIN OR DRIZZLE
GRTST DEPTH: M ON M 7 = DUSTSTORM OR SANDSTORM:
VSBY 1/2 MILE OR LESS
8 = SMOKE OR HAZE
[NO. OF DAYS WITH] [WEATHER - DAYS WITH] 9 = BLOWING SNOW
X = TORNADO
MAX 32 OR BELOW: 0 0.01 INCH OR MORE: 9
MAX 90 OR ABOVE: 0 0.10 INCH OR MORE: 6
MIN 32 OR BELOW: 2 0.50 INCH OR MORE: 3
MIN 0 OR BELOW: 0 1.00 INCH OR MORE: 1
[HDD (BASE 65) ]
TOTAL THIS MO. 127 CLEAR (SCALE 0-3) 15
DPTR FM NORMAL -91 PTCLDY (SCALE 4-7) 12
TOTAL FM JUL 1 1435 CLOUDY (SCALE 8-10) 4
DPTR FM NORMAL -379
[CDD (BASE 65) ]
TOTAL THIS MO. 46
DPTR FM NORMAL 8 [PRESSURE DATA]
TOTAL FM JAN 1 87 HIGHEST SLP 30.50 ON 14
DPTR FM NORMAL 36 LOWEST SLP 29.43 ON 12
[REMARKS]
#FINAL-03-22#