000
CXUS55 KVEF 032025
CF6DRA
PRELIMINARY LOCAL CLIMATOLOGICAL DATA (WS FORM: F-6)
STATION: DESERT ROCK-MERCURY NV
MONTH: MARCH
YEAR: 2023
LATITUDE: 36 37 N
LONGITUDE: 116 1 W
TEMPERATURE IN F: :PCPN: SNOW: WIND :SUNSHINE: SKY :PK WND
================================================================================
1 2 3 4 5 6A 6B 7 8 9 10 11 12 13 14 15 16 17 18
12Z AVG MX 2MIN
DY MAX MIN AVG DEP HDD CDD WTR SNW DPTH SPD SPD DIR MIN PSBL S-S WX SPD DR
================================================================================
1 46 34 40 -11 25 0 0.01 0.0 0 15.9 32 200 M M 5 51 200
2 53 32 43 -8 22 0 0.00 0.0 0 10.0 18 30 M M 1 30 30
3 57 26 42 -9 23 0 0.00 0.0 0 3.3 12 200 M M 0 18 210
4 58 31 45 -6 20 0 0.00 0.0 0 14.5 39 180 M M 1 57 190
5 53 41 47 -5 18 0 0.00 0.0 0 M 33 190 M M M 45 220
6 54 38 46 -6 19 0 0.00 0.0 0 12.5 21 230 M M 3 35 230
7 53 30 42 -10 23 0 0.00 0.0 0 5.9 18 220 M M 1 24 220
8 56 29 43 -9 22 0 0.00 0.0 0 7.5 21 210 M M 0 33 240
9 66 29 48 -5 17 0 0.00 0.0 0 9.0 23 190 M M 2 46 170
10 68 55 62 9 3 0 0.09 0.0 0 23.1 36 200 M M 5 54 190
11 70 50 60 7 5 0 0.00 0.0 0 12.1 22 260 M M 5 31 190
12 67 45 56 3 9 0 0.00 0.0 0 7.5 14 240 M M 0 22 220
13 67 40 54 0 11 0 0.00 0.0 0 6.0 13 220 M M 0 21 260
14 59 45 52 -2 13 0 0.12 0.0 0 13.2 28 200 M M 5 48 190
15 61 45 53 -1 12 0 0.53 0.0 0 15.1 33 200 M M 8 1 50 210
16 58 40 49 -5 16 0 0.00 0.0 0 11.6 20 30 M M 0 25 30
17 61 37 49 -5 16 0 0.00 0.0 0 9.4 15 40 M M 0 21 99
18 62 39 51 -4 14 0 0.00 0.0 0 8.3 15 40 M M 0 21 120
19 53 42 48 -7 17 0 T 0.0 0 6.6 21 180 M M 7 35 200
20 61 43 52 -3 13 0 0.00 0.0 0 10.6 22 220 M M 5 33 230
21 51 39 45 -10 20 0 0.48 0.0 0 11.9 22 190 M M 8 1 40 180
22 53 40 47 -9 18 0 0.00 0.0 0 16.7 33 190 M M 5 47 200
23 55 34 45 -11 20 0 0.08 0.0 0 7.1 21 330 M M 2 1 31 310
24 57 32 45 -11 20 0 0.00 0.0 0 6.6 20 40 M M 2 36 30
25 54 39 47 -9 18 0 0.00 0.0 0 8.7 14 10 M M 6 18 130
26 53 34 44 -12 21 0 0.00 0.0 0 9.5 24 30 M M 5 33 30
27 53 31 42 -14 23 0 0.00 0.0 0 10.2 17 30 M M 0 27 130
28 67 33 50 -7 15 0 0.00 0.0 0 12.7 27 190 M M 0 47 200
29 56 45 51 -6 14 0 0.05 0.0 0 21.7 29 190 M M 5 53 180
30 53 38 46 -11 19 0 T 0.0 0 11.0 18 190 M M 4 35 180
31 61 31 46 -11 19 0 0.00 0.0 0 6.7 21 230 M M 0 36 210
================================================================================
SM 1796 1167 525 0 1.36 0.0 324.9 M 85
================================================================================
AV 57.9 37.6 10.8 FASTST M M 3 MAX(MPH)
MISC ----> 39 180 57 190
================================================================================
NOTES:
# LAST OF SEVERAL OCCURRENCES
COLUMN 17 PEAK WIND IN M.P.H.
PRELIMINARY LOCAL CLIMATOLOGICAL DATA (WS FORM: F-6) , PAGE 2
STATION: DESERT ROCK-MERCURY NV
MONTH: MARCH
YEAR: 2023
LATITUDE: 36 37 N
LONGITUDE: 116 1 W
[TEMPERATURE DATA] [PRECIPITATION DATA] SYMBOLS USED IN COLUMN 16
AVERAGE MONTHLY: 47.8 TOTAL FOR MONTH: 1.36 1 = FOG OR MIST
DPTR FM NORMAL: -6.3 DPTR FM NORMAL: 0.78 2 = FOG REDUCING VISIBILITY
HIGHEST: 70 ON 11 GRTST 24HR 0.53 ON 15-15 TO 1/4 MILE OR LESS
LOWEST: 26 ON 3 3 = THUNDER
SNOW, ICE PELLETS, HAIL 4 = ICE PELLETS
TOTAL MONTH: 0.0 INCH 5 = HAIL
GRTST 24HR 0.0 6 = FREEZING RAIN OR DRIZZLE
GRTST DEPTH: 0 7 = DUSTSTORM OR SANDSTORM:
VSBY 1/2 MILE OR LESS
8 = SMOKE OR HAZE
[NO. OF DAYS WITH] [WEATHER - DAYS WITH] 9 = BLOWING SNOW
X = TORNADO
MAX 32 OR BELOW: 0 0.01 INCH OR MORE: 7
MAX 90 OR ABOVE: 0 0.10 INCH OR MORE: 3
MIN 32 OR BELOW: 9 0.50 INCH OR MORE: 1
MIN 0 OR BELOW: 0 1.00 INCH OR MORE: 0
[HDD (BASE 65) ]
TOTAL THIS MO. 525 CLEAR (SCALE 0-3) 16
DPTR FM NORMAL 186 PTCLDY (SCALE 4-7) 12
TOTAL FM JUL 1 3064 CLOUDY (SCALE 8-10) 3
DPTR FM NORMAL 448
[CDD (BASE 65) ]
TOTAL THIS MO. 0
DPTR FM NORMAL -3 [PRESSURE DATA]
TOTAL FM JAN 1 0 HIGHEST SLP M ON M
DPTR FM NORMAL -3 LOWEST SLP M ON M
[REMARKS]
#FINAL-03-23#