000
CXUS55 KGJT 011812
CF6DRO
PRELIMINARY LOCAL CLIMATOLOGICAL DATA (WS FORM: F-6)
STATION: DURANGO AIRPORT CO
MONTH: MARCH
YEAR: 2022
LATITUDE: 37 9 N
LONGITUDE: 107 45 W
TEMPERATURE IN F: :PCPN: SNOW: WIND :SUNSHINE: SKY :PK WND
================================================================================
1 2 3 4 5 6A 6B 7 8 9 10 11 12 13 14 15 16 17 18
12Z AVG MX 2MIN
DY MAX MIN AVG DEP HDD CDD WTR SNW DPTH SPD SPD DIR MIN PSBL S-S WX SPD DR
================================================================================
1 61 19 40 6 25 0 0.00 M M 3.7 12 10 M M 0 16 210
2 64 23 44 10 21 0 0.00 M M 3.9 14 10 M M 0 17 250
3 65 24 45 11 20 0 0.00 M M 4.5 13 10 M M 0 18 160
4 58 28 43 8 22 0 0.00 M M 9.5 31 270 M M 5 44 250
5 42 23 33 -2 32 0 0.10 M M 6.0 17 260 M M 9 128 22 180
6 32 5 19 -16 46 0 0.41 M M 10.3 28 270 M M 7 128 36 250
7 32 5 19 -17 46 0 T M M 4.9 14 260 M M 6 1 18 210
8 35 10 23 -13 42 0 0.00 M M 2.7 10 70 M M 2 15 180
9 39 17 28 -8 37 0 0.00 M M 4.4 21 280 M M 8 29 270
10 36 20 28 -8 37 0 0.23 M M 4.0 13 250 M M 6 128 18 250
11 39 -1 19 -18 46 0 0.00 M M 5.7 16 200 M M 1 28 200
12 45 11 28 -9 37 0 0.00 M M 4.2 9 10 M M 0 14 260
13 50 21 36 -1 29 0 0.00 M M 5.7 21 270 M M 1 26 270
14 52 29 41 3 24 0 0.00 M M 6.3 17 330 M M 0 23 330
15 58 24 41 3 24 0 0.00 M M 4.0 13 250 M M 0 19 250
16 59 28 44 6 21 0 0.00 M M 5.8 24 310 M M 1 34 310
17 51 29 40 2 25 0 T M M 7.6 25 350 M M 4 34 350
18 54 20 37 -1 28 0 0.00 M M 7.3 24 270 M M 0 42 290
19 55 20 38 -1 27 0 0.00 M M 3.0 13 210 M M 0 17 210
20 57 27 42 3 23 0 T M M 7.9 30 270 M M 5 40 270
21 53 27 40 1 25 0 T M M 4.6 23 10 M M 5 3 46 360
22 52 22 37 -3 28 0 0.00 M M 11.5 29 350 M M 2 128 40 350
23 57 16 37 -3 28 0 0.00 M M 6.8 24 330 M M 0 33 320
24 68 20 44 4 21 0 0.00 M M 5.5 18 320 M M 0 28 330
25 70 25 48 8 17 0 0.00 M M 6.6 28 290 M M 0 38 310
26 73 27 50 10 15 0 0.00 M M 5.3 22 270 M M 0 29 270
27 73 27 50 9 15 0 0.00 M M 6.5 23 260 M M 0 31 260
28 65 27 46 5 19 0 0.03 M M 6.9 26 210 M M 3 38 210
29 47 32 40 -1 25 0 0.37 M M 7.8 23 260 M M 6 13 30 230
30 54 29 42 1 23 0 0.00 M M 8.2 29 330 M M 2 39 340
31 57 25 41 0 24 0 T M M 7.1 21 230 M M 2 27 230
================================================================================
SM 1653 659 852 0 1.14 M 188.2 M 75
================================================================================
AV 53.3 21.3 6.1 FASTST M M 2 MAX(MPH)
MISC ----> 31 270 46 360
================================================================================
NOTES:
# LAST OF SEVERAL OCCURRENCES
COLUMN 17 PEAK WIND IN M.P.H.
PRELIMINARY LOCAL CLIMATOLOGICAL DATA (WS FORM: F-6) , PAGE 2
STATION: DURANGO AIRPORT CO
MONTH: MARCH
YEAR: 2022
LATITUDE: 37 9 N
LONGITUDE: 107 45 W
[TEMPERATURE DATA] [PRECIPITATION DATA] SYMBOLS USED IN COLUMN 16
AVERAGE MONTHLY: 37.3 TOTAL FOR MONTH: 1.14 1 = FOG OR MIST
DPTR FM NORMAL: -0.6 DPTR FM NORMAL: 0.27 2 = FOG REDUCING VISIBILITY
HIGHEST: 73 ON 27,26 GRTST 24HR 0.51 ON 5- 6 TO 1/4 MILE OR LESS
LOWEST: -1 ON 11 3 = THUNDER
SNOW, ICE PELLETS, HAIL 4 = ICE PELLETS
TOTAL MONTH: M 5 = HAIL
GRTST 24HR M ON M 6 = FREEZING RAIN OR DRIZZLE
GRTST DEPTH: M ON M 7 = DUSTSTORM OR SANDSTORM:
VSBY 1/2 MILE OR LESS
8 = SMOKE OR HAZE
[NO. OF DAYS WITH] [WEATHER - DAYS WITH] 9 = BLOWING SNOW
X = TORNADO
MAX 32 OR BELOW: 2 0.01 INCH OR MORE: 5
MAX 90 OR ABOVE: 0 0.10 INCH OR MORE: 4
MIN 32 OR BELOW: 31 0.50 INCH OR MORE: 0
MIN 0 OR BELOW: 1 1.00 INCH OR MORE: 0
[HDD (BASE 65) ]
TOTAL THIS MO. 852 CLEAR (SCALE 0-3) 20
DPTR FM NORMAL 12 PTCLDY (SCALE 4-7) 10
TOTAL FM JUL 1 5595 CLOUDY (SCALE 8-10) 1
DPTR FM NORMAL -343
[CDD (BASE 65) ]
TOTAL THIS MO. 0
DPTR FM NORMAL 0 [PRESSURE DATA]
TOTAL FM JAN 1 0 HIGHEST SLP 30.51 ON 12
DPTR FM NORMAL 0 LOWEST SLP 29.58 ON 29
[REMARKS]
#FINAL-03-22#