000
CXUS53 KFGF 010815
CF6DVL
PRELIMINARY LOCAL CLIMATOLOGICAL DATA (WS FORM: F-6)
STATION: DEVILS LAKE ND
MONTH: JUNE
YEAR: 2020
LATITUDE: 48 7 N
LONGITUDE: 98 54 W
TEMPERATURE IN F: :PCPN: SNOW: WIND :SUNSHINE: SKY :PK WND
================================================================================
1 2 3 4 5 6A 6B 7 8 9 10 11 12 13 14 15 16 17 18
12Z AVG MX 2MIN
DY MAX MIN AVG DEP HDD CDD WTR SNW DPTH SPD SPD DIR MIN PSBL S-S WX SPD DR
================================================================================
1 85 62 74 13 0 9 M M M 11.6 20 280 M M 0 24 290
2 81 54 68 7 0 3 T M M 9.0 20 250 M M 2 25 260
3 82 47 65 3 0 0 0.01 M M 8.2 14 180 M M 2 M M
4 76 50 63 1 2 0 T M M 11.4 18 270 M M 3 23 270
5 75 47 61 -1 4 0 M M M 11.7 18 310 M M 0 25 340
6 69 50 60 -2 5 0 0.02 M M 18.8 28 110 M M 4 39 110
7 89 57 73 10 0 8 0.55 M M 12.8 31 190 M M 3 13 44 160
8 79 64 72 9 0 7 0.29 M M 13.3 21 80 M M 4 13 31 90
9 67 54 61 -2 4 0 M M M 12.3 17 300 M M 7 23 300
10 71 48 60 -4 5 0 T M M 12.6 23 330 M M 4 1 30 310
11 78 51 65 1 0 0 0.00 M M 12.9 18 290 M M 2 27 300
12 68 46 57 -7 8 0 M M M 11.5 17 110 M M 2 24 110
13 76 52 64 0 1 0 M M M 17.0 24 120 M M 0 31 120
14 80 60 70 5 0 5 T M M 21.5 28 160 M M 0 40 150
15 82 58 70 5 0 5 0.00 M M 11.6 21 150 M M 0 30 150
16 91 56 74 9 0 9 M M M 15.0 25 180 M M 0 40 180
17 81 67 74 9 0 9 0.23 M M 9.6 25 200 M M 3 38 52 230
18 67 55 61 -5 4 0 M M M 14.2 24 280 M M 4 31 280
19 71 47 59 -7 6 0 T M M 11.1 20 260 M M 4 37 210
20 74 57 66 0 0 1 0.40 M M 10.6 28 240 M M 6 13 36 250
21 68 50 59 -7 6 0 M M M 10.2 16 310 M M 3 23 310
22 67 45 56 -11 9 0 M M M 9.6 17 360 M M 6 18 360
23 76 48 62 -5 3 0 T M M 4.5 10 270 M M 2 M M
24 81 51 66 -1 0 1 M M M 5.7 12 140 M M 0 M M
25 76 65 71 4 0 6 0.22 M M 9.2 16 190 M M 3 3 25 190
26 82 65 74 6 0 9 M M M 7.6 14 300 M M 0 M M
27 91 63 77 9 0 12 M M M 11.9 17 160 M M 0 25 180
28 89 68 79 11 0 14 M M M 14.9 23 140 M M 0 35 140
29 89 69 79 11 0 14 M M M 10.5 17 140 M M 0 24 140
30 84 64 74 6 0 9 2.13 M M 12.0 32 260 M M 9 13 41 250
================================================================================
SM 2345 1670 57 121 3.85 M 352.8 M 73
================================================================================
AV 78.2 55.7 11.8 FASTST M M 2 MAX(MPH)
MISC ----> 32 260 52 230
================================================================================
NOTES:
# LAST OF SEVERAL OCCURRENCES
COLUMN 17 PEAK WIND IN M.P.H.
PRELIMINARY LOCAL CLIMATOLOGICAL DATA (WS FORM: F-6) , PAGE 2
STATION: DEVILS LAKE ND
MONTH: JUNE
YEAR: 2020
LATITUDE: 48 7 N
LONGITUDE: 98 54 W
[TEMPERATURE DATA] [PRECIPITATION DATA] SYMBOLS USED IN COLUMN 16
AVERAGE MONTHLY: 66.9 TOTAL FOR MONTH: 3.85 1 = FOG OR MIST
DPTR FM NORMAL: 2.1 DPTR FM NORMAL: -0.16 2 = FOG REDUCING VISIBILITY
HIGHEST: 91 ON 27,16 GRTST 24HR 2.13 ON 30-30 TO 1/4 MILE OR LESS
LOWEST: 45 ON 22 3 = THUNDER
SNOW, ICE PELLETS, HAIL 4 = ICE PELLETS
TOTAL MONTH: 0.0 INCH 5 = HAIL
GRTST 24HR M ON M 6 = FREEZING RAIN OR DRIZZLE
GRTST DEPTH: 0 7 = DUSTSTORM OR SANDSTORM:
VSBY 1/2 MILE OR LESS
8 = SMOKE OR HAZE
[NO. OF DAYS WITH] [WEATHER - DAYS WITH] 9 = BLOWING SNOW
X = TORNADO
MAX 32 OR BELOW: 0 0.01 INCH OR MORE: 8
MAX 90 OR ABOVE: 2 0.10 INCH OR MORE: 6
MIN 32 OR BELOW: 0 0.50 INCH OR MORE: 2
MIN 0 OR BELOW: 0 1.00 INCH OR MORE: 1
[HDD (BASE 65) ]
TOTAL THIS MO. 57 CLEAR (SCALE 0-3) 18
DPTR FM NORMAL -35 PTCLDY (SCALE 4-7) 11
TOTAL FM JUL 1 9721 CLOUDY (SCALE 8-10) 1
DPTR FM NORMAL 483
[CDD (BASE 65) ]
TOTAL THIS MO. 121
DPTR FM NORMAL 34 [PRESSURE DATA]
TOTAL FM JAN 1 127 HIGHEST SLP M ON M
DPTR FM NORMAL 18 LOWEST SLP M ON M
[REMARKS]
#FINAL-06-20#