000
CXUS55 KDVN 011000
CF6DVN
PRELIMINARY LOCAL CLIMATOLOGICAL DATA (WS FORM: F-6)
STATION: DAVENPORT IA
MONTH: AUGUST
YEAR: 2023
LATITUDE: 41 37 N
LONGITUDE: 90 35 W
TEMPERATURE IN F: :PCPN: SNOW: WIND :SUNSHINE: SKY :PK WND
================================================================================
1 2 3 4 5 6A 6B 7 8 9 10 11 12 13 14 15 16 17 18
12Z AVG MX 2MIN
DY MAX MIN AVG DEP HDD CDD WTR SNW DPTH SPD SPD DIR MIN PSBL S-S WX SPD DR
================================================================================
1 85 61 73 0 0 8 0.00 0.0 0 6.9 14 170 M M 1 20 160
2 77 68 73 0 0 8 0.01 0.0 0 6.7 16 180 M M 5 18 23 190
3 80 64 72 -1 0 7 T 0.0 0 2.1 7 60 M M 7 12 10 350
4 88 60 74 1 0 9 0.00 0.0 0 6.7 15 90 M M 2 12 22 100
5 84 64 74 1 0 9 0.14 0.0 0 9.3 18 60 M M 2 1 26 60
6 78 61 70 -3 0 5 0.54 0.0 0 7.1 15 50 M M 5 18 23 40
7 80 63 72 -1 0 7 0.04 0.0 0 6.9 13 280 M M 5 1 18 280
8 82 59 71 -2 0 6 T 0.0 0 5.0 20 210 M M 1 138 26 220
9 75 59 67 -6 0 2 0.29 0.0 0 2.9 13 230 M M 5 12 18 240
10 85 64 75 2 0 10 0.00 0.0 0 6.9 14 250 M M 4 12 19 250
11 88 66 77 4 0 12 0.72 0.0 0 8.6 24 350 M M 2 13 32 350
12 85 63 74 2 0 9 0.00 0.0 0 7.2 14 320 M M 0 20 350
13 76 60 68 -4 0 3 T 0.0 0 3.0 13 200 M M 6 16 200
14 77 60 69 -3 0 4 0.16 0.0 0 8.3 21 280 M M 6 1 30 260
15 79 56 68 -4 0 3 0.00 0.0 0 6.9 16 350 M M 2 22 350
16 81 53 67 -5 0 2 0.00 0.0 0 9.0 20 190 M M 0 27 190
17 80 54 67 -5 0 2 0.00 0.0 0 11.0 23 300 M M 2 3 31 320
18 79 50 65 -7 0 0 0.00 0.0 0 4.8 12 160 M M 0 1 17 150
19 87 63 75 3 0 10 0.00 0.0 0 10.2 21 180 M M 0 30 180
20 93 71 82 11 0 17 0.00 0.0 0 6.0 13 50 M M 1 1 17 50
21 89 69 79 8 0 14 0.00 0.0 0 8.0 12 90 M M 1 17 100
22 92 64 78 7 0 13 0.00 0.0 0 7.1 13 200 M M 1 19 220
23 98 80 89 18 0 24 0.00 0.0 0 10.8 18 220 M M 0 18 26 220
24 100 78 89 18 0 24 0.00 0.0 0 10.2 20 250 M M 0 29 240
25 91 72 82 11 0 17 0.00 0.0 0 5.5 14 10 M M 1 1 19 120
26 85 61 73 3 0 8 0.00 0.0 0 10.1 22 40 M M 2 1 29 30
27 80 54 67 -3 0 2 0.00 0.0 0 6.4 12 20 M M 4 17 30
28 82 53 68 -2 0 3 0.00 0.0 0 4.0 10 230 M M 1 14 220
29 88 63 76 6 0 11 0.00 0.0 0 8.2 15 340 M M 1 23 310
30 77 54 66 -4 0 1 0.00 0.0 0 7.0 14 60 M M 1 20 50
31 80 47 64 -5 1 0 0.00 0.0 0 5.6 13 110 M M 0 18 120
================================================================================
SM 2601 1914 1 250 1.90 0.0 218.4 M 68
================================================================================
AV 83.9 61.7 7.0 FASTST M M 2 MAX(MPH)
MISC ----> 24 350 32 350
================================================================================
NOTES:
# LAST OF SEVERAL OCCURRENCES
COLUMN 17 PEAK WIND IN M.P.H.
PRELIMINARY LOCAL CLIMATOLOGICAL DATA (WS FORM: F-6) , PAGE 2
STATION: DAVENPORT IA
MONTH: AUGUST
YEAR: 2023
LATITUDE: 41 37 N
LONGITUDE: 90 35 W
[TEMPERATURE DATA] [PRECIPITATION DATA] SYMBOLS USED IN COLUMN 16
AVERAGE MONTHLY: 72.8 TOTAL FOR MONTH: 1.90 1 = FOG OR MIST
DPTR FM NORMAL: 1.1 DPTR FM NORMAL: -2.06 2 = FOG REDUCING VISIBILITY
HIGHEST: 100 ON 24 GRTST 24HR 0.72 ON 11-11 TO 1/4 MILE OR LESS
LOWEST: 47 ON 31 3 = THUNDER
SNOW, ICE PELLETS, HAIL 4 = ICE PELLETS
TOTAL MONTH: 0.0 INCH 5 = HAIL
GRTST 24HR 0.0 6 = FREEZING RAIN OR DRIZZLE
GRTST DEPTH: 0 7 = DUSTSTORM OR SANDSTORM:
VSBY 1/2 MILE OR LESS
8 = SMOKE OR HAZE
[NO. OF DAYS WITH] [WEATHER - DAYS WITH] 9 = BLOWING SNOW
X = TORNADO
MAX 32 OR BELOW: 0 0.01 INCH OR MORE: 7
MAX 90 OR ABOVE: 5 0.10 INCH OR MORE: 5
MIN 32 OR BELOW: 0 0.50 INCH OR MORE: 2
MIN 0 OR BELOW: 0 1.00 INCH OR MORE: 0
[HDD (BASE 65) ]
TOTAL THIS MO. 1 CLEAR (SCALE 0-3) 22
DPTR FM NORMAL -7 PTCLDY (SCALE 4-7) 9
TOTAL FM JUL 1 1 CLOUDY (SCALE 8-10) 0
DPTR FM NORMAL -6
[CDD (BASE 65) ]
TOTAL THIS MO. 250
DPTR FM NORMAL 33 [PRESSURE DATA]
TOTAL FM JAN 1 844 HIGHEST SLP 30.20 ON 21
DPTR FM NORMAL 73 LOWEST SLP 29.68 ON 17
[REMARKS]
#FINAL-08-23#