000
CXUS53 KDVN 011510
CLMDVN
CLIMATE REPORT
NATIONAL WEATHER SERVICE QUAD CITIES IA IL
915 AM CST FRI DEC 01 2023
...................................
...THE DAVENPORT IA CLIMATE SUMMARY FOR THE MONTH OF NOVEMBER 2023...
CLIMATE NORMAL PERIOD 1991 TO 2020
CLIMATE RECORD PERIOD 9999 TO 9999
WEATHER OBSERVED NORMAL DEPART LAST YEAR`S
VALUE DATE(S) VALUE FROM VALUE
NORMAL
..............................................................
TEMPERATURE (F)
HIGHEST 71 11/06 56 15
LOWEST 4 11/28 23 -19
AVG. MAXIMUM 52.0 48.3 3.7
AVG. MINIMUM 30.3 30.0 0.3
MEAN 41.2 39.2 2.0
DAYS MAX >= 90 0
DAYS MAX <= 32 2
DAYS MIN <= 32 21
DAYS MIN <= 0 0
PRECIPITATION (INCHES)
TOTALS 0.62 2.25 -1.63
DAILY AVG. 0.02 0.08 -0.06
DAYS >= .01 4
DAYS >= .10 3
DAYS >= .50 0
DAYS >= 1.00 0
GREATEST
24 HR. TOTAL 0.32 11/20 TO 11/21
SNOWFALL (INCHES)
TOTALS 3.3
SINCE 7/1 3.3
SNOWDEPTH AVG. 0
DAYS >= TRACE 3
DAYS >= 1.0 1
GREATEST
SNOW DEPTH 2 11/26
11/27
11/28
24 HR TOTAL 3.3 11/26 TO 11/26
DEGREE DAYS
HEATING TOTAL 705 776 -71
SINCE 7/1 1084 1295 -211
COOLING TOTAL 0 0 0
SINCE 1/1 1029 879 150
..............................................................
WIND (MPH)
AVERAGE WIND SPEED 9.9
HIGHEST WIND SPEED/DIRECTION 28/100 DATE 11/07
HIGHEST GUST SPEED/DIRECTION 36/310 DATE 11/09
SKY COVER
POSSIBLE SUNSHINE (PERCENT) MM
AVERAGE SKY COVER 0.24
NUMBER OF DAYS FAIR 23
NUMBER OF DAYS PC 2
NUMBER OF DAYS CLOUDY 5
AVERAGE RH (PERCENT) 63
WEATHER CONDITIONS. NUMBER OF DAYS WITH
THUNDERSTORM 0 HAIL 0
SLEET 0 FOG 7
FOG W/VIS <= 1/4 MILE 0 HAZE 5
- INDICATES NEGATIVE NUMBERS.
R INDICATES RECORD WAS SET OR TIED.
MM INDICATES DATA IS MISSING.
T INDICATES TRACE AMOUNT.
$$
NOTE: SUPPLEMENTAL CLIMATE DATA WAS USED FROM A NEARBY
CLIMATOLOGICALLY REPRESENTATIVE STATION.