000
CXUS54 KMAF 011110
CF6E38
PRELIMINARY LOCAL CLIMATOLOGICAL DATA (WS FORM: F-6)
STATION: ALPINE-CASPARIS MUNICIPAL
MONTH: JULY
YEAR: 2020
LATITUDE: 30 23 N
LONGITUDE: 103 41 W
TEMPERATURE IN F: :PCPN: SNOW: WIND :SUNSHINE: SKY :PK WND
================================================================================
1 2 3 4 5 6A 6B 7 8 9 10 11 12 13 14 15 16 17 18
12Z AVG MX 2MIN
DY MAX MIN AVG DEP HDD CDD WTR SNW DPTH SPD SPD DIR MIN PSBL S-S WX SPD DR
================================================================================
1 94 73 84 M 0 19 M M M 6.0 13 120 M M 3 22 120
2 94 68 81 M 0 16 M M M 6.3 14 180 M M 1 22 170
3 94 69 82 M 0 17 M M M 4.3 12 240 M M 1 21 0
4 96 71 84 M 0 19 M M M 5.1 14 50 M M 2 20 50
5 97 71 84 M 0 19 0.14 M M 5.0 15 310 M M 3 3 23 0
6 93 62 78 M 0 13 M M M 3.7 10 40 M M 0 21 40
7 95 66 81 M 0 16 M M M 4.5 23 360 M M 1 31 360
8 97 67 82 M 0 17 M M M 5.8 15 260 M M 1 24 260
9 103 71 87 M 0 22 M M M 10.7 18 160 M M 0 26 130
10 101 70 86 M 0 21 M M M 7.1 16 130 M M 0 22 160
11 101 70 86 M 0 21 M M M 7.9 14 110 M M 0 22 110
12 100 71 86 M 0 21 M M M 7.1 15 180 M M 0 21 180
13 103 76 90 M 0 25 M M M 7.5 15 210 M M 0 21 210
14 103 80 92 M 0 27 M M M 8.6 15 230 M M 0 21 100
15 102 73 88 M 0 23 M M M 9.3 18 100 M M 0 29 100
16 93 65 79 M 0 14 M M M 5.7 16 110 M M 0 21 0
17 98 70 84 M 0 19 M M M 7.8 16 130 M M 1 25 130
18 96 70 83 M 0 18 M M M 8.0 21 270 M M 1 33 270
19 93 63 78 M 0 13 M M M 5.9 17 130 M M 0 24 130
20 94 67 81 M 0 16 M M M 6.2 18 130 M M 2 22 60
21 90 73 82 M 0 17 0.05 M M 6.1 14 150 M M 3 25 150
22 92 65 79 M 0 14 M M M 5.3 14 120 M M 2 21 130
23 93 68 81 M 0 16 M M M 7.4 17 130 M M 3 25 140
24 94 69 82 M 0 17 M M M 7.4 17 120 M M 2 21 120
25 89 66 78 M 0 13 M M M 6.0 22 100 M M 2 30 100
26 87 65 76 M 0 11 M M M 7.8 17 130 M M 3 21 100
27 89 62 76 M 0 11 M M M 6.8 16 120 M M 2 22 120
28 93 64 79 M 0 14 M M M 7.3 16 150 M M 1 23 130
29 97 67 82 M 0 17 M M M 7.0 16 130 M M 0 21 130
30 99 69 84 M 0 19 M M M 9.2 17 70 M M 0 25 70
31 89 69 79 M 0 14 M M M 9.4 18 50 M M 1 29 60
================================================================================
SM 2959 2130 0 539 0.19 M 212.4 M 35
================================================================================
AV 95.5 68.7 6.9 FASTST M M 1 MAX(MPH)
MISC ----> 23 360 33 270
================================================================================
NOTES:
# LAST OF SEVERAL OCCURRENCES
COLUMN 17 PEAK WIND IN M.P.H.
PRELIMINARY LOCAL CLIMATOLOGICAL DATA (WS FORM: F-6) , PAGE 2
STATION: ALPINE-CASPARIS MUNICIPAL
MONTH: JULY
YEAR: 2020
LATITUDE: 30 23 N
LONGITUDE: 103 41 W
[TEMPERATURE DATA] [PRECIPITATION DATA] SYMBOLS USED IN COLUMN 16
AVERAGE MONTHLY: 82.1 TOTAL FOR MONTH: 0.19 1 = FOG OR MIST
DPTR FM NORMAL: 0.0 DPTR FM NORMAL: M 2 = FOG REDUCING VISIBILITY
HIGHEST: 103 ON 14,13 GRTST 24HR 0.14 ON 5- 5 TO 1/4 MILE OR LESS
LOWEST: 62 ON 27, 6 3 = THUNDER
SNOW, ICE PELLETS, HAIL 4 = ICE PELLETS
TOTAL MONTH: M 5 = HAIL
GRTST 24HR M ON M 6 = FREEZING RAIN OR DRIZZLE
GRTST DEPTH: M ON M 7 = DUSTSTORM OR SANDSTORM:
VSBY 1/2 MILE OR LESS
8 = SMOKE OR HAZE
[NO. OF DAYS WITH] [WEATHER - DAYS WITH] 9 = BLOWING SNOW
X = TORNADO
MAX 32 OR BELOW: 0 0.01 INCH OR MORE: 2
MAX 90 OR ABOVE: 27 0.10 INCH OR MORE: 1
MIN 32 OR BELOW: 0 0.50 INCH OR MORE: 0
MIN 0 OR BELOW: 0 1.00 INCH OR MORE: 0
[HDD (BASE 65) ]
TOTAL THIS MO. 0 CLEAR (SCALE 0-3) 30
DPTR FM NORMAL M PTCLDY (SCALE 4-7) 1
TOTAL FM JUL 1 0 CLOUDY (SCALE 8-10) 0
DPTR FM NORMAL M
[CDD (BASE 65) ]
TOTAL THIS MO. 539
DPTR FM NORMAL M [PRESSURE DATA]
TOTAL FM JAN 1 1373 HIGHEST SLP M ON M
DPTR FM NORMAL M LOWEST SLP M ON M
[REMARKS]
#FINAL-07-20#