000
CXUS53 KMPX 052138
CLAEAU
CLIMATE REPORT
NATIONAL WEATHER SERVICE TWIN CITIES/CHANHASSEN MN
338 PM CST THU JAN 05 2023
...................................
...THE EAU CLAIRE WI CLIMATE SUMMARY FOR THE YEAR OF 2022...
CLIMATE NORMAL PERIOD 1991 TO 2020
CLIMATE RECORD PERIOD 1893 TO 2023
WEATHER OBSERVED NORMAL DEPART LAST YEAR`S
VALUE DATE(S) VALUE FROM VALUE
NORMAL
..............................................................
TEMPERATURE (F)
RECORD
HIGH 111 07/14/1936
07/13/1936
LOW -45 01/30/1951
HIGHEST 96 06/20 62 34
LOWEST -21 01/21 30 -51
MEAN 43.6 44.7 -1.1
DAYS MAX >= 90 11 10.3 0.7
DAYS MAX <= 32 81 73.3 7.7
DAYS MIN <= 32 176 162.8 13.2
DAYS MIN <= 0 44 27.5 16.5
PRECIPITATION (INCHES)
RECORD
MAXIMUM 53.28 1938
MINIMUM 16.71 1910
TOTALS 31.08 32.99 -1.91
DAYS >= .01 110 127.6 -17.6
DAYS >= .10 62 68.3 -6.3
DAYS >= .50 21 20.5 0.5
DAYS >= 1.00 4 6.5 -2.5
GREATEST
24 HR. TOTAL 2.66 04/12 TO 04/12
STORM TOTAL M
(MM/DD(HH))
SNOWFALL (INCHES)
RECORDS
TOTAL 97.2 2019
TOTALS 48.6 55.4 -6.8
SINCE 7/1 30.7 16.4 14.3
DAYS >= TRACE 73 42.4 30.6
DAYS >= 1.0 16 16.1 -0.1
GREATEST
SNOW DEPTH 16 12/22
24 HR TOTAL 7.4 12/15 TO 12/15
STORM TOTAL M
(MM/DD(HH))
DEGREE DAYS
HEATING TOTAL 8286 7923 363
SINCE 7/1 3042 3092 -50
COOLING TOTAL 636 567 69
SINCE 1/1 636 567 69
..............................................................
WIND (MPH)
HIGHEST WIND SPEED/DIRECTION 40/300 DATE 02/18
HIGHEST GUST SPEED/DIRECTION 67/260 DATE 07/11
- INDICATES NEGATIVE NUMBERS.
R INDICATES RECORD WAS SET OR TIED.
MM INDICATES DATA IS MISSING.
T INDICATES TRACE AMOUNT.
$$