000
CXUS53 KMPX 011916
CLMEAU
CLIMATE REPORT
NATIONAL WEATHER SERVICE TWIN CITIES/CHANHASSEN MN
216 PM CDT TUE AUG 01 2023
...................................
...THE EAU CLAIRE WI CLIMATE SUMMARY FOR THE MONTH OF JULY 2023...
CLIMATE NORMAL PERIOD 1991 TO 2020
CLIMATE RECORD PERIOD 1893 TO 2023
WEATHER OBSERVED NORMAL DEPART LAST YEAR`S
VALUE DATE(S) VALUE FROM VALUE DATE(S)
NORMAL
................................................................
TEMPERATURE (F)
RECORD
HIGH 111 07/14/1936
07/13/1936
LOW 41 07/09/1895
HIGHEST 95 07/03 95 0 92 07/18
07/22
LOWEST 47 07/07 55 -8 50 07/25
AVG. MAXIMUM 82.6 82.8 -0.2 83.5
AVG. MINIMUM 57.5 59.8 -2.3 60.1
MEAN 70.0 71.3 -1.3 71.8
DAYS MAX >= 90 4 4.2 -0.2 4
DAYS MAX <= 32 0 0.0 0.0 0
DAYS MIN <= 32 0 0.0 0.0 0
DAYS MIN <= 0 0 0.0 0.0 0
PRECIPITATION (INCHES)
RECORD
MAXIMUM 8.88 1900
MINIMUM 0.12 1936
TOTALS 4.56 3.61 0.95 1.37
DAILY AVG. 0.15 0.12 0.03 0.04
DAYS >= .01 13 11.3 1.7 9
DAYS >= .10 8 6.7 1.3 4
DAYS >= .50 3 2.4 0.6 1
DAYS >= 1.00 2 0.8 1.2 0
GREATEST
24 HR. TOTAL 1.54 07/27 TO 07/28
SNOWFALL (INCHES)
RECORDS
TOTAL 0.0 MM
TOTALS 0.0 0.0 0.0 0.0
SINCE 7/1 0.0 0.0 0.0 MM
SNOWDEPTH AVG. 0 0
DAYS >= 1.0 0 0.0 0.0 0
GREATEST
SNOW DEPTH 0 0 MM
24 HR TOTAL MM
DEGREE DAYS
HEATING TOTAL 12 12 0 1
SINCE 7/1 12 3 9 MM
COOLING TOTAL 175 207 -32 222
SINCE 1/1 415 357 58 MM
................................................................
WIND (MPH)
AVERAGE WIND SPEED 5.7
HIGHEST WIND SPEED/DIRECTION 37/300 DATE 07/19
HIGHEST GUST SPEED/DIRECTION 55/300 DATE 07/19
SKY COVER
POSSIBLE SUNSHINE (PERCENT) MM
AVERAGE SKY COVER 0.27
NUMBER OF DAYS FAIR 21
NUMBER OF DAYS PC 10
NUMBER OF DAYS CLOUDY 0
AVERAGE RH (PERCENT) 69
WEATHER CONDITIONS. NUMBER OF DAYS WITH
THUNDERSTORM 13 MIXED PRECIP 0
HEAVY RAIN 7 RAIN 5
LIGHT RAIN 13 FREEZING RAIN 0
LT FREEZING RAIN 0 HAIL 0
HEAVY SNOW 0 SNOW 0
LIGHT SNOW 0 SLEET 0
FOG 19 FOG W/VIS <= 1/4 MILE 4
HAZE 6
- INDICATES NEGATIVE NUMBERS.
R INDICATES RECORD WAS SET OR TIED.
MM INDICATES DATA IS MISSING.
T INDICATES TRACE AMOUNT.
$$