000
CXUS55 KGJT 011010
CF6EEO
PRELIMINARY LOCAL CLIMATOLOGICAL DATA (WS FORM: F-6)
STATION: MEEKER CO
MONTH: DECEMBER
YEAR: 2020
LATITUDE: 40 2 N
LONGITUDE: 107 53 W
TEMPERATURE IN F: :PCPN: SNOW: WIND :SUNSHINE: SKY :PK WND
================================================================================
1 2 3 4 5 6A 6B 7 8 9 10 11 12 13 14 15 16 17 18
12Z AVG MX 2MIN
DY MAX MIN AVG DEP HDD CDD WTR SNW DPTH SPD SPD DIR MIN PSBL S-S WX SPD DR
================================================================================
1 36 15 26 1 39 0 T M M 4.3 22 340 M M 8 18 34 340
2 30 5 18 -7 47 0 0.00 M M 6.4 18 30 M M 3 24 30
3 33 -2 16 -8 49 0 0.00 M M 2.3 10 100 M M 0 15 60
4 41 2 22 -2 43 0 0.00 M M 1.6 9 230 M M 0 12 210
5 44 4 24 0 41 0 0.00 M M 1.4 8 220 M M 0 9 210
6 49 4 27 4 38 0 0.00 M M 2.3 9 240 M M 0 11 230
7 45 3 24 1 41 0 0.00 M M 1.2 12 230 M M 0 13 230
8 47 2 25 2 40 0 0.00 M M 2.3 7 120 M M 0 11 130
9 53 2 28 6 37 0 0.00 M M 1.6 7 30 M M 0 10 40
10 42 11 27 5 38 0 0.00 M M 2.0 12 220 M M 3 14 120
11 35 15 25 3 40 0 T M M 2.8 15 330 M M 9 8 19 310
12 26 2 14 -8 51 0 0.08 M M 5.3 17 350 M M 9 12 24 360
13 22 -13 5 -16 60 0 0.00 M M 1.9 8 40 M M 1 10 40
14 25 10 18 -3 47 0 0.04 M M 3.3 9 230 M M 10 1 11 230
15 26 6 16 -5 49 0 T M M 3.2 10 230 M M 8 18 14 330
16 33 7 20 -1 45 0 T M M 1.7 12 40 M M 7 14 30
17 37 2 20 -1 45 0 0.01 M M 3.7 18 260 M M 5 1 28 260
18 31 8 20 0 45 0 0.23 M M 4.5 12 260 M M 10 18 14 230
19 30 3 17 -3 48 0 0.00 M M 2.3 8 120 M M 3 11 230
20 36 1 19 -1 46 0 0.00 M M 2.6 10 30 M M 6 12 30
21 43 14 29 9 36 0 0.00 M M 2.6 12 50 M M 2 13 40
22 45 12 29 9 36 0 0.04 M M 12.9 44 250 M M 5 128 60 240
23 19 -2 9 -11 56 0 T M M 6.0 16 320 M M 7 1 22 320
24 27 -4 12 -8 53 0 0.00 M M 3.7 10 130 M M 0 16 120
25 33 -2 16 -4 49 0 0.00 M M 2.0 8 20 M M 0 9 30
26 44 5 25 5 40 0 0.00 M M 5.4 23 250 M M 2 31 210
27 36 7 22 2 43 0 T M M 2.1 8 50 M M 5 9 40
28 24 9 17 -3 48 0 0.26 M M 1.9 8 240 M M 9 12 10 30
29 26 -8 9 -11 56 0 0.22 M M 2.9 9 340 M M 5 1 13 120
30 19 -15 2 -18 63 0 0.00 M M 1.2 7 50 M M 2 14 60
31 24 8 16 -4 49 0 0.00 M M 1.0 6 50 M M 7 8 30
================================================================================
SM 1061 111 1418 0 0.88 M 98.4 M 126
================================================================================
AV 34.2 3.6 3.2 FASTST M M 4 MAX(MPH)
MISC ----> 44 250 60 240
================================================================================
NOTES:
# LAST OF SEVERAL OCCURRENCES
COLUMN 17 PEAK WIND IN M.P.H.
PRELIMINARY LOCAL CLIMATOLOGICAL DATA (WS FORM: F-6) , PAGE 2
STATION: MEEKER CO
MONTH: DECEMBER
YEAR: 2020
LATITUDE: 40 2 N
LONGITUDE: 107 53 W
[TEMPERATURE DATA] [PRECIPITATION DATA] SYMBOLS USED IN COLUMN 16
AVERAGE MONTHLY: 18.9 TOTAL FOR MONTH: 0.88 1 = FOG OR MIST
DPTR FM NORMAL: -2.4 DPTR FM NORMAL: -0.23 2 = FOG REDUCING VISIBILITY
HIGHEST: 53 ON 9 GRTST 24HR 0.48 ON 28-29 TO 1/4 MILE OR LESS
LOWEST: -15 ON 30 3 = THUNDER
SNOW, ICE PELLETS, HAIL 4 = ICE PELLETS
TOTAL MONTH: M 5 = HAIL
GRTST 24HR M ON M 6 = FREEZING RAIN OR DRIZZLE
GRTST DEPTH: M ON M 7 = DUSTSTORM OR SANDSTORM:
VSBY 1/2 MILE OR LESS
8 = SMOKE OR HAZE
[NO. OF DAYS WITH] [WEATHER - DAYS WITH] 9 = BLOWING SNOW
X = TORNADO
MAX 32 OR BELOW: 13 0.01 INCH OR MORE: 7
MAX 90 OR ABOVE: 0 0.10 INCH OR MORE: 3
MIN 32 OR BELOW: 31 0.50 INCH OR MORE: 0
MIN 0 OR BELOW: 7 1.00 INCH OR MORE: 0
[HDD (BASE 65) ]
TOTAL THIS MO. 1418 CLEAR (SCALE 0-3) 15
DPTR FM NORMAL 65 PTCLDY (SCALE 4-7) 9
TOTAL FM JUL 1 3283 CLOUDY (SCALE 8-10) 7
DPTR FM NORMAL -6
[CDD (BASE 65) ]
TOTAL THIS MO. 0
DPTR FM NORMAL 0 [PRESSURE DATA]
TOTAL FM JAN 1 265 HIGHEST SLP 30.85 ON 24
DPTR FM NORMAL 93 LOWEST SLP 29.65 ON 22
[REMARKS]
#FINAL-12-20#