289
CXUS53 KGJT 011301
CLAEEO
CLIMATE REPORT
NATIONAL WEATHER SERVICE GRAND JUNCTION CO
530 AM MST FRI JAN 01 2021
...................................
...THE MEEKER CO CLIMATE SUMMARY FOR THE YEAR OF 2020...
CLIMATE NORMAL PERIOD 1981 TO 2010
CLIMATE RECORD PERIOD 9999 TO 9999
WEATHER OBSERVED NORMAL DEPART LAST YEAR`S
VALUE DATE(S) VALUE FROM VALUE DATE(S)
NORMAL
................................................................
TEMPERATURE (F)
RECORD
HIGH MM MM
LOW MM MM
HIGHEST 97 08/18 MM MM 93 09/02
LOWEST -17 10/27 MM MM -26 01/02
AVG. MAXIMUM 60.5 58.9 1.6 58.1
AVG. MINIMUM 26.2 28.3 -2.1 27.4
MEAN 43.4 43.6 -0.2 42.7
DAYS MAX >= 90 38 13.4 24.6 22
DAYS MAX <= 32 43 39.5 3.5 42
DAYS MIN <= 32 219 205.6 13.4 215
DAYS MIN <= 0 31 25.2 5.8 30
PRECIPITATION (INCHES)
RECORD
MAXIMUM MM MM
MINIMUM MM MM
TOTALS 10.63 16.06 -5.43 15.79
DAILY AVG. 0.03 0.04 -0.01 0.04
DAYS >= .01 87 MM MM 120
DAYS >= .10 35 MM MM 54
DAYS >= .50 2 MM MM 3
DAYS >= 1.00 1 MM MM 1
GREATEST
24 HR. TOTAL 1.03 09/08 TO 09/08 1.61
STORM TOTAL 0.28 MM
SNOWFALL (INCHES)
RECORDS
TOTAL MM MM
24 HR TOTAL MM
SNOW DEPTH MM MM
TOTALS MM MM MM MM
LIQUID EQUIV MM MM MM MM
SINCE 7/1 MM MM MM MM
LIQUID 7/1 MM MM MM MM
SNOWDEPTH AVG. MM MM
DAYS >= TRACE MM MM MM MM
DAYS >= 1.0 MM MM MM MM
GREATEST
SNOW DEPTH MM MM MM
24 HR TOTAL MM MM
STORM TOTAL MM MM
(MM/DD(HH)) MM
DEGREE DAYS
HEATING TOTAL 8059 7974 85 8221
SINCE 7/1 3283 3289 -6 3321
COOLING TOTAL 265 171 94 213
SINCE 1/1 265 172 93 213
FREEZE DATES
RECORD
EARLIEST MM
LATEST MM
EARLIEST 09/08
LATEST 05/26
................................................................
WIND (MPH)
AVERAGE WIND SPEED 5.5
RESULTANT WIND SPEED/DIRECTION 1/220
HIGHEST WIND SPEED/DIRECTION 53/190 DATE 06/05
HIGHEST GUST SPEED/DIRECTION 70/200 DATE 06/05
SKY COVER
POSSIBLE SUNSHINE (PERCENT) MM
AVERAGE SKY COVER 0.26
NUMBER OF DAYS FAIR 239
NUMBER OF DAYS PC 80
NUMBER OF DAYS CLOUDY 46
AVERAGE RH (PERCENT) 53
WEATHER CONDITIONS. NUMBER OF DAYS WITH
THUNDERSTORM 25 MIXED PRECIP 0
HEAVY RAIN 5 RAIN 18
LIGHT RAIN 73 FREEZING RAIN 0
LT FREEZING RAIN 0 HAIL 0
HEAVY SNOW 15 SNOW 28
LIGHT SNOW 74 SLEET 0
FOG 79 FOG W/VIS <= 1/4 MILE 23
HAZE 37
- INDICATES NEGATIVE NUMBERS.
R INDICATES RECORD WAS SET OR TIED.
MM INDICATES DATA IS MISSING.
T INDICATES TRACE AMOUNT.
$$