000
CXUS55 KGJT 011151
CLMEEO
CLIMATE REPORT
NATIONAL WEATHER SERVICE GRAND JUNCTION CO
551 AM MDT SAT APR 01 2023
...................................
...THE MEEKER CO CLIMATE SUMMARY FOR THE MONTH OF MARCH 2023...
CLIMATE NORMAL PERIOD 1991 TO 2020
CLIMATE RECORD PERIOD 9999 TO 9999
WEATHER OBSERVED NORMAL DEPART LAST YEAR`S
VALUE DATE(S) VALUE FROM VALUE DATE(S)
NORMAL
................................................................
TEMPERATURE (F)
HIGHEST 53 03/29 MM MM 71 03/27
LOWEST 1 03/04 MM MM -10 03/11
03/18
AVG. MAXIMUM 38.3 50.2 -11.9 46.0
AVG. MINIMUM 14.0 22.7 -8.7 18.5
MEAN 26.1 36.5 -10.4 32.3
DAYS MAX >= 90 0 0.0 0.0 0
DAYS MAX <= 32 7 1.5 5.5 4
DAYS MIN <= 32 31 28.6 2.4 31
DAYS MIN <= 0 0 0.7 -0.7 2
PRECIPITATION (INCHES)
TOTALS 1.65 1.07 0.58 1.75
DAILY AVG. 0.05 0.03 0.02 0.06
DAYS >= .01 10 10.0 0.0 8
DAYS >= .10 5 4.4 0.6 5
DAYS >= .50 0 0.1 -0.1 1
DAYS >= 1.00 0 0.0 0.0 0
GREATEST
24 HR. TOTAL 0.41 03/20 TO 03/20 0.58
SNOWFALL (INCHES)
TOTALS MM MM MM MM
SINCE 7/1 MM MM MM MM
SNOWDEPTH AVG. MM MM
DAYS >= 1.0 MM MM MM MM
GREATEST
SNOW DEPTH MM MM MM
24 HR TOTAL MM MM
DEGREE DAYS
HEATING TOTAL 1199 885 314 1008
SINCE 7/1 7360 6435 925 MM
COOLING TOTAL 0 0 0 0
SINCE 1/1 0 0 0 MM
................................................................
WIND (MPH)
AVERAGE WIND SPEED 5.9
HIGHEST WIND SPEED/DIRECTION 35/240 DATE 03/11
HIGHEST GUST SPEED/DIRECTION 56/240 DATE 03/11
SKY COVER
POSSIBLE SUNSHINE (PERCENT) MM
AVERAGE SKY COVER 0.57
NUMBER OF DAYS FAIR 8
NUMBER OF DAYS PC 12
NUMBER OF DAYS CLOUDY 11
AVERAGE RH (PERCENT) 69
WEATHER CONDITIONS. NUMBER OF DAYS WITH
THUNDERSTORM 0 MIXED PRECIP 0
HEAVY RAIN 0 RAIN 2
LIGHT RAIN 5 FREEZING RAIN 1
LT FREEZING RAIN 0 HAIL 0
HEAVY SNOW 3 SNOW 6
LIGHT SNOW 20 SLEET 0
FOG 16 FOG W/VIS <= 1/4 MILE 5
HAZE 3
- INDICATES NEGATIVE NUMBERS.
R INDICATES RECORD WAS SET OR TIED.
MM INDICATES DATA IS MISSING.
T INDICATES TRACE AMOUNT.
$$