000
CXUS55 KGJT 012007
CLMEEO
CLIMATE REPORT
NATIONAL WEATHER SERVICE GRAND JUNCTION CO
107 PM MST FRI DEC 01 2023
...................................
...THE MEEKER CO CLIMATE SUMMARY FOR THE MONTH OF NOVEMBER 2023...
CLIMATE NORMAL PERIOD 1991 TO 2020
CLIMATE RECORD PERIOD 9999 TO 9999
WEATHER OBSERVED NORMAL DEPART LAST YEAR`S
VALUE DATE(S) VALUE FROM VALUE DATE(S)
NORMAL
................................................................
TEMPERATURE (F)
HIGHEST 65 11/05 MM MM 60 11/07
11/08
LOWEST -10 11/26 MM MM -9 11/30
AVG. MAXIMUM 47.0 47.3 -0.3 39.3
AVG. MINIMUM 16.1 19.8 -3.7 13.7
MEAN 31.5 33.6 -2.1 26.5
DAYS MAX >= 90 0 0.0 0.0 0
DAYS MAX <= 32 6 3.5 2.5 10
DAYS MIN <= 32 30 28.2 1.8 28
DAYS MIN <= 0 4 1.5 2.5 2
PRECIPITATION (INCHES)
TOTALS 1.17 1.14 0.03 1.68
DAILY AVG. 0.04 0.04 0.00 0.06
DAYS >= .01 6 8.6 -2.6 11
DAYS >= .10 4 4.2 -0.2 5
DAYS >= .50 1 0.3 0.7 0
DAYS >= 1.00 0 0.0 0.0 0
GREATEST
24 HR. TOTAL 0.51 11/16 TO 11/16 0.52
SNOWFALL (INCHES)
TOTALS MM MM MM MM
SINCE 7/1 MM MM MM MM
SNOWDEPTH AVG. MM MM
DAYS >= 1.0 MM MM MM MM
GREATEST
SNOW DEPTH MM MM MM
24 HR TOTAL MM MM
DEGREE DAYS
HEATING TOTAL 997 944 53 1146
SINCE 7/1 1872 1781 91 1941
COOLING TOTAL 0 0 0 0
SINCE 1/1 187 244 -57 293
................................................................
WIND (MPH)
AVERAGE WIND SPEED 3.5
HIGHEST WIND SPEED/DIRECTION 26/220 DATE 11/16
HIGHEST GUST SPEED/DIRECTION 36/230 DATE 11/16
SKY COVER
POSSIBLE SUNSHINE (PERCENT) MM
AVERAGE SKY COVER 0.32
NUMBER OF DAYS FAIR 17
NUMBER OF DAYS PC 8
NUMBER OF DAYS CLOUDY 5
AVERAGE RH (PERCENT) 66
WEATHER CONDITIONS. NUMBER OF DAYS WITH
THUNDERSTORM 2 MIXED PRECIP 0
HEAVY RAIN 2 RAIN 2
LIGHT RAIN 3 FREEZING RAIN 0
LT FREEZING RAIN 0 HAIL 0
HEAVY SNOW 2 SNOW 2
LIGHT SNOW 6 SLEET 0
FOG 11 FOG W/VIS <= 1/4 MILE 6
HAZE 2
- INDICATES NEGATIVE NUMBERS.
R INDICATES RECORD WAS SET OR TIED.
MM INDICATES DATA IS MISSING.
T INDICATES TRACE AMOUNT.
$$